{"id":720870,"date":"2025-08-27T18:42:17","date_gmt":"2025-08-27T15:42:17","guid":{"rendered":"https:\/\/roveyayinevi.com.tr\/index.php\/urun\/bab-i-esrar\/"},"modified":"2026-04-16T02:28:46","modified_gmt":"2026-04-15T23:28:46","slug":"bab-i-esrar","status":"publish","type":"product","link":"https:\/\/roveyayinevi.com.tr\/index.php\/urun\/bab-i-esrar\/","title":{"rendered":"Bab-\u0131 Esrar"},"content":{"rendered":"<p>Senin olan\u0131 sana getirdim. \u0130ngiltere\u2019de ya\u015fayan, \u0130ngiliz bir anne ve T\u00fcrk bir baban\u0131n \u00e7ocu\u011fu Karen Kimya\u2019n\u0131n yolu bir i\u015f seyahati sebebiyle Konya\u2019ya d\u00fc\u015fer. Hem i\u015finde hem de \u00f6zel hayat\u0131nda \u00e7\u00f6zmesi gereken d\u00fcnyevi sorunlar\u0131yla bo\u011fu\u015fan Karen, Konya\u2019da uhrevi gizemlerin de ortas\u0131nda bulur kendini. Bir \u0131rmak gibi akan do\u011frusal zamandan t\u00fcm zamanlar\u0131n i\u00e7 i\u00e7e ge\u00e7ti\u011fi bir okyanusa yuvarlanan Karen\u2019in elinden b\u00fcy\u00fck bir dervi\u015f tutar. Bu dervi\u015f \u015eems-i Tebrizi\u2019dir. &#8220;Ta\u015fta kan vard\u0131. \u0130nsanlar\u0131n y\u00fcreklerinde nefret, dolunayda derin bir s\u00fck\u00fbnet&#8230;\u201d Bab-\u0131 Esrar\u2019da Ahmet \u00dcmit\u2019ten beklenen al\u0131\u015f\u0131lagelmi\u015f polisiye yaz\u0131m etkisini yitirmiyorsa da bilin\u00e7li bir kararla bir ad\u0131m geriye \u00e7ekiliyor ve roman s\u0131rlarla dolu mistik bir d\u00fcnyaya a\u00e7\u0131l\u0131yor. Din ile a\u015fk, inan\u00e7 ile sevda aras\u0131ndaki ili\u015fkiyi bamba\u015fka bir a\u00e7\u0131dan g\u00f6zlerimizin \u00f6n\u00fcne seren Bab-\u0131 EsrarAhmet \u00dcmit eserlerinin i\u00e7inde farkl\u0131 bir noktada duran parlak, derin bir roman. \u00c7o\u011fu zaman mesele, Tanr\u0131\u2019n\u0131n ne oldu\u011fu de\u011fil, bizim onda ne g\u00f6rd\u00fc\u011f\u00fcm\u00fczd\u00fcr. Sevgi dolu olanlar merhameti g\u00f6r\u00fcr, zalim olanlar \u015fiddeti. Zeki olanlar akl\u0131 g\u00f6r\u00fcr, aptal olanlar k\u00f6r inanc\u0131, \u00e2limler bilimi g\u00f6r\u00fcr, cahiller mucizeyi. <\/p>\n","protected":false},"excerpt":{"rendered":"<p>Senin olan\u0131 sana getirdim. \u0130ngiltere\u2019de ya\u015fayan, \u0130ngiliz bir anne ve T\u00fcrk bir baban\u0131n \u00e7ocu\u011fu Karen Kimya\u2019n\u0131n yolu bir i\u015f seyahati sebebiyle Konya\u2019ya d\u00fc\u015fer. Hem i\u015finde hem<span class=\"excerpt-hellip\"> [\u2026]<\/span><\/p>\n","protected":false},"featured_media":0,"template":"","meta":{"_monsterinsights_skip_tracking":false,"_monsterinsights_sitenote_active":false,"_monsterinsights_sitenote_note":"","_monsterinsights_sitenote_category":0},"product_brand":[],"product_cat":[12291,12711],"product_tag":[],"class_list":{"0":"post-720870","1":"product","2":"type-product","3":"status-publish","5":"product_cat-edebiyat","6":"product_cat-roman-oyku","7":"pa_cilt-ciltsiz","8":"pa_tur-kitap","9":"pa_yayinevi-yapi-kredi-yayinlari","10":"pa_yazar-ahmet-umit","12":"first","13":"instock","14":"sale","15":"shipping-taxable","16":"purchasable","17":"product-type-simple"},"_links":{"self":[{"href":"https:\/\/roveyayinevi.com.tr\/index.php\/wp-json\/wp\/v2\/product\/720870","targetHints":{"allow":["GET"]}}],"collection":[{"href":"https:\/\/roveyayinevi.com.tr\/index.php\/wp-json\/wp\/v2\/product"}],"about":[{"href":"https:\/\/roveyayinevi.com.tr\/index.php\/wp-json\/wp\/v2\/types\/product"}],"wp:attachment":[{"href":"https:\/\/roveyayinevi.com.tr\/index.php\/wp-json\/wp\/v2\/media?parent=720870"}],"wp:term":[{"taxonomy":"product_brand","embeddable":true,"href":"https:\/\/roveyayinevi.com.tr\/index.php\/wp-json\/wp\/v2\/product_brand?post=720870"},{"taxonomy":"product_cat","embeddable":true,"href":"https:\/\/roveyayinevi.com.tr\/index.php\/wp-json\/wp\/v2\/product_cat?post=720870"},{"taxonomy":"product_tag","embeddable":true,"href":"https:\/\/roveyayinevi.com.tr\/index.php\/wp-json\/wp\/v2\/product_tag?post=720870"}],"curies":[{"name":"wp","href":"https:\/\/api.w.org\/{rel}","templated":true}]}}