{"id":720860,"date":"2025-08-27T18:42:10","date_gmt":"2025-08-27T15:42:10","guid":{"rendered":"https:\/\/roveyayinevi.com.tr\/index.php\/urun\/modanin-tum-oykusu\/"},"modified":"2026-03-12T02:37:59","modified_gmt":"2026-03-11T23:37:59","slug":"modanin-tum-oykusu","status":"publish","type":"product","link":"https:\/\/roveyayinevi.com.tr\/index.php\/urun\/modanin-tum-oykusu\/","title":{"rendered":"Modan\u0131n T\u00fcm \u00d6yk\u00fcs\u00fc"},"content":{"rendered":"<p>\u0130nsanlar d\u0131\u015f d\u00fcnyaya kendilerini daima \u015f\u0131k, g\u00fczel ve kendinden emin bir bi\u00e7imde g\u00f6stermek ister. Kendini ifade etmenin yollar\u0131 olan ki\u015fisel bak\u0131m ve s\u00fcslenme, insanlar i\u00e7in nefes almak kadar do\u011fal etkinliklerdir. Bu noktadan hareket eden Modan\u0131n T\u00fcm \u00d6yk\u00fcs\u00fc, kapsaml\u0131, etkileyici ve ill\u00fcstrasyonlarla dolu olan yap\u0131s\u0131yla moday\u0131 seven herkes i\u00e7in vazge\u00e7ilmez bir kaynakt\u0131r.Bu b\u00fcy\u00fcleyici kitap moda tarihinin t\u00fcm \u00f6nemli alanlar\u0131nda gezinmektedir: Klasik Yunan ve Roma d\u00f6nemi, \u00c7in-Tang Hanedanl\u0131\u011f\u0131n\u0131n saray k\u0131yafetleri, Japon kimonolar\u0131n\u0131n ortaya \u00e7\u0131k\u0131\u015f\u0131, Kolomb \u00f6ncesi Amerika kuma\u015flar\u0131, R\u00f6nesans, Restorasyon ve Romantik \u00c7a\u011f kost\u00fcmleri, Belle Epoque ve Art Deco, spor giyim, haz\u0131r giyim, haute couture, \u0130ngiliz erkek giyim devrimi, Japon sokak modas\u0131 ve daha nicesi. M.\u00d6. 500\u2019l\u00fc y\u0131llardan g\u00fcn\u00fcm\u00fcze modan\u0131n ald\u0131\u011f\u0131 t\u00fcm g\u00f6r\u00fcn\u00fcmlerle ilgili \u00e7ok \u00f6nemli bilgiler i\u00e7eren bu ansiklopedik referans kayna\u011f\u0131, belli stillere ait \u00f6nemli giysilere detayl\u0131 bir \u015fekilde \u0131\u015f\u0131k tutmaktad\u0131r. Ayr\u0131ca bir tasar\u0131mc\u0131n\u0131n veya bir stilin moda tarihini nas\u0131l etkiledi\u011fini g\u00f6steren moda ikonlar\u0131n\u0131n profilini \u00e7izmekte; g\u00fcndelik giyim \u00fczerine etkide bulunan k\u00fclt\u00fcrel ve tarihsel olaylar\u0131 a\u00e7\u0131klamakta ve teknik geli\u015fmelerin modaya nas\u0131l y\u00f6n verdi\u011fini g\u00f6stermektedir.Modan\u0131n T\u00fcm \u00d6yk\u00fcs\u00fc, \u00f6zg\u00fcn malzeme tercihlerinden a\u015f\u0131r\u0131l\u0131k ve sava\u015f y\u0131llar\u0131nda yarat\u0131lan tasar\u0131mlar\u0131n \u00f6nemine kadar, her \u015feyi a\u00e7\u0131klamaktad\u0131r. Bab\u00fcr \u0130mparatorlu\u011funun saray k\u0131yafetleri ve 19. y\u00fczy\u0131l\u0131n \u00e7emberli krinolin ete\u011fi kar\u015f\u0131s\u0131nda \u015fa\u015f\u0131racak, klasik tak\u0131m\u0131n kesimini ve mini ete\u011fin politik sonu\u00e7lar\u0131n\u0131 ke\u015ffedecek, vatkan\u0131n neden bu kadar \u00f6nemli hale geldi\u011fini \u00f6\u011frenecek ve son teknoloji dokuma malzemelerinin arkas\u0131ndaki inan\u0131lmaz bilimi anlayacaks\u0131n\u0131z.Ba\u015f\u0131ndan sonuna Modan\u0131n T\u00fcm \u00d6yk\u00fcs\u00fc, d\u00fcnyan\u0131n en etkili tasar\u0131mc\u0131lar\u0131na oldu\u011fu kadar al\u0131\u015f\u0131lmad\u0131k fikirlere ve moday\u0131 yeni mecralara y\u00f6nlendiren eksantrik hamlelere de yer vermektedir. En eski zamanlardan beri erkekler ve kad\u0131nlar giysi denemeye \u00e7ok heveslidir. Bug\u00fcn moda eskiye nazaran \u00e7ok daha heyecanl\u0131 ve ula\u015f\u0131labilir olmu\u015ftur. Moday\u0131 seviyor ve hakk\u0131nda daha \u00e7ok \u015fey \u00f6\u011frenmek istiyorsan\u0131z Modan\u0131n T\u00fcm \u00d6yk\u00fcs\u00fc\u2019nden ba\u015fka bir yere bakmay\u0131n.<\/p>\n","protected":false},"excerpt":{"rendered":"<p>\u0130nsanlar d\u0131\u015f d\u00fcnyaya kendilerini daima \u015f\u0131k, g\u00fczel ve kendinden emin bir bi\u00e7imde g\u00f6stermek ister. Kendini ifade etmenin yollar\u0131 olan ki\u015fisel bak\u0131m ve s\u00fcslenme, insanlar i\u00e7in nefes<span class=\"excerpt-hellip\"> [\u2026]<\/span><\/p>\n","protected":false},"featured_media":0,"template":"","meta":{"_monsterinsights_skip_tracking":false,"_monsterinsights_sitenote_active":false,"_monsterinsights_sitenote_note":"","_monsterinsights_sitenote_category":0},"product_brand":[],"product_cat":[15563,31980],"product_tag":[],"class_list":{"0":"post-720860","1":"product","2":"type-product","3":"status-publish","5":"product_cat-hobi","6":"product_cat-moda","7":"pa_cilt-ciltsiz","8":"pa_tur-kitap","9":"pa_yayinevi-hayalperest-yayinlari","10":"pa_yazar-marnie-fogg","12":"first","13":"instock","14":"sale","15":"shipping-taxable","16":"purchasable","17":"product-type-simple"},"_links":{"self":[{"href":"https:\/\/roveyayinevi.com.tr\/index.php\/wp-json\/wp\/v2\/product\/720860","targetHints":{"allow":["GET"]}}],"collection":[{"href":"https:\/\/roveyayinevi.com.tr\/index.php\/wp-json\/wp\/v2\/product"}],"about":[{"href":"https:\/\/roveyayinevi.com.tr\/index.php\/wp-json\/wp\/v2\/types\/product"}],"wp:attachment":[{"href":"https:\/\/roveyayinevi.com.tr\/index.php\/wp-json\/wp\/v2\/media?parent=720860"}],"wp:term":[{"taxonomy":"product_brand","embeddable":true,"href":"https:\/\/roveyayinevi.com.tr\/index.php\/wp-json\/wp\/v2\/product_brand?post=720860"},{"taxonomy":"product_cat","embeddable":true,"href":"https:\/\/roveyayinevi.com.tr\/index.php\/wp-json\/wp\/v2\/product_cat?post=720860"},{"taxonomy":"product_tag","embeddable":true,"href":"https:\/\/roveyayinevi.com.tr\/index.php\/wp-json\/wp\/v2\/product_tag?post=720860"}],"curies":[{"name":"wp","href":"https:\/\/api.w.org\/{rel}","templated":true}]}}