{"id":720857,"date":"2025-08-27T18:42:09","date_gmt":"2025-08-27T15:42:09","guid":{"rendered":"https:\/\/roveyayinevi.com.tr\/index.php\/urun\/dram-sanati-ve-sinema\/"},"modified":"2026-03-12T02:37:59","modified_gmt":"2026-03-11T23:37:59","slug":"dram-sanati-ve-sinema","status":"publish","type":"product","link":"https:\/\/roveyayinevi.com.tr\/index.php\/urun\/dram-sanati-ve-sinema\/","title":{"rendered":"Dram Sanat\u0131 ve Sinema"},"content":{"rendered":"<p>Anlat\u0131m formlar\u0131n\u0131n do\u011fu\u015funu haz\u0131rlayan nedenleri, yap\u0131lar\u0131n\u0131, geli\u015fim evrelerini ve toplumsal ya\u015famla olan ili\u015fkisini ayr\u0131nt\u0131l\u0131 ve \u00f6rneklemlerle destekleyerek ortaya koyan kaynak niteli\u011finde bir yap\u0131t.Epos-Drama \u00e7atal\u0131nda y\u00f6n\u00fcn\u00fc dramaya \u00e7eviren, yarat\u0131c\u0131 ve do\u011fa\u00e7 bir s\u00f6ylemden mekanik ve kuralc\u0131 bir yap\u0131ya evrili\u015fin gereklerini ortaya koyan \u00e7al\u0131\u015fma, dram sanat\u0131n\u0131 \u00f6nce DNA\u2019lar\u0131na ay\u0131r\u0131yor, sonra da t\u0131pk\u0131 dram\u0131n yap\u0131s\u0131na uygun olarak diki\u015f izlerini g\u00f6r\u00fcnmez k\u0131l\u0131yor. Sinema drama ile tan\u0131\u015f\u0131nca ne olmu\u015f, tan\u0131\u015fm\u0131\u015f da iyi mi olmu\u015f sorular\u0131na yan\u0131t arayanlar veya yan\u0131tlar\u0131na \u00e7e\u015fni katmak isteyenler i\u00e7in sa\u011flam bir kitap. <\/p>\n","protected":false},"excerpt":{"rendered":"<p>Anlat\u0131m formlar\u0131n\u0131n do\u011fu\u015funu haz\u0131rlayan nedenleri, yap\u0131lar\u0131n\u0131, geli\u015fim evrelerini ve toplumsal ya\u015famla olan ili\u015fkisini ayr\u0131nt\u0131l\u0131 ve \u00f6rneklemlerle destekleyerek ortaya koyan kaynak niteli\u011finde bir yap\u0131t.Epos-Drama \u00e7atal\u0131nda y\u00f6n\u00fcn\u00fc dramaya<span class=\"excerpt-hellip\"> [\u2026]<\/span><\/p>\n","protected":false},"featured_media":0,"template":"","meta":{"_monsterinsights_skip_tracking":false,"_monsterinsights_sitenote_active":false,"_monsterinsights_sitenote_note":"","_monsterinsights_sitenote_category":0},"product_brand":[],"product_cat":[12409,12408],"product_tag":[],"class_list":{"0":"post-720857","1":"product","2":"type-product","3":"status-publish","5":"product_cat-fotograf-sinema-tiyatro","6":"product_cat-sanat","7":"pa_cilt-ciltsiz","8":"pa_tur-kitap","9":"pa_yayinevi-hayalperest-yayinlari","10":"pa_yazar-yorukhan-unal","12":"first","13":"instock","14":"sale","15":"shipping-taxable","16":"purchasable","17":"product-type-simple"},"_links":{"self":[{"href":"https:\/\/roveyayinevi.com.tr\/index.php\/wp-json\/wp\/v2\/product\/720857","targetHints":{"allow":["GET"]}}],"collection":[{"href":"https:\/\/roveyayinevi.com.tr\/index.php\/wp-json\/wp\/v2\/product"}],"about":[{"href":"https:\/\/roveyayinevi.com.tr\/index.php\/wp-json\/wp\/v2\/types\/product"}],"wp:attachment":[{"href":"https:\/\/roveyayinevi.com.tr\/index.php\/wp-json\/wp\/v2\/media?parent=720857"}],"wp:term":[{"taxonomy":"product_brand","embeddable":true,"href":"https:\/\/roveyayinevi.com.tr\/index.php\/wp-json\/wp\/v2\/product_brand?post=720857"},{"taxonomy":"product_cat","embeddable":true,"href":"https:\/\/roveyayinevi.com.tr\/index.php\/wp-json\/wp\/v2\/product_cat?post=720857"},{"taxonomy":"product_tag","embeddable":true,"href":"https:\/\/roveyayinevi.com.tr\/index.php\/wp-json\/wp\/v2\/product_tag?post=720857"}],"curies":[{"name":"wp","href":"https:\/\/api.w.org\/{rel}","templated":true}]}}