{"id":720841,"date":"2025-08-27T18:41:59","date_gmt":"2025-08-27T15:41:59","guid":{"rendered":"https:\/\/roveyayinevi.com.tr\/index.php\/urun\/gulmenin-sinemasi\/"},"modified":"2026-03-12T02:37:59","modified_gmt":"2026-03-11T23:37:59","slug":"gulmenin-sinemasi","status":"publish","type":"product","link":"https:\/\/roveyayinevi.com.tr\/index.php\/urun\/gulmenin-sinemasi\/","title":{"rendered":"G\u00fclmenin Sinemas\u0131"},"content":{"rendered":"<p>Sinema tarih\u00e7isi, yazar O\u011fuz Makal\u2019\u0131n d\u00fcnya ve T\u00fcrk sinemas\u0131 tarihinde yapt\u0131\u011f\u0131 ara\u015ft\u0131rmalar ile haz\u0131rlanan Y\u00f6netmenleri ve Filmleriyle G\u00fclmenin Sinemas\u0131, beyaz perdede g\u00fclmenin ve g\u00fcld\u00fcrmenin ge\u00e7mi\u015fiyle ilgilenen herkes i\u00e7in son derece kapsaml\u0131 bir i\u00e7erik sunuyor. Antik k\u00fclt\u00fcrlerden yola \u00e7\u0131karak yirmi birinci y\u00fczy\u0131la dek uzanan \u201cg\u00fcld\u00fcr\u00fc\u201d k\u00fclt\u00fcr\u00fcn\u00fc t\u00fcm y\u00f6nleriyle ele alan Makal, T\u00fcrk g\u00fcld\u00fcr\u00fcs\u00fcn\u00fcn k\u00f6kenlerini ve d\u00fcnyayla kurdu\u011fu ili\u015fkiyi de inceliyor.Farkl\u0131 mizah t\u00fcrlerini de g\u00f6zeterek yaz\u0131lan Y\u00f6netmenleri ve Filmleriyle G\u00fclmenin Sinemas\u0131\u2019nda d\u00fcnya genelinde hemen her sinema tutkununun zihninde yer etmi\u015f akt\u00f6rlere ve y\u00f6netmenlere yer veriliyor. Marx Linder\u2019dan Buster Keaton\u2019a, bir neslin \u00e7ocuklu\u011funa damgas\u0131n\u0131 vurmu\u015f Laurel ile Hardy\u2019ye, b\u00fcy\u00fck komedyen Louis de Funes\u2019e; Charlie Chaplin gibi \u201cpolitik ve toplumsal\u201d g\u00fcld\u00fcr\u00fc ustas\u0131ndan sarkastik ve erotik g\u00fcld\u00fcr\u00fcn\u00fcn krali\u00e7esi Mae West\u2019e; mimik komedisiyle \u00f6ne \u00e7\u0131kan Jerry Lewis\u2019ten durum komedisi \u00fcstad\u0131 Peter Sellers\u2019a, Woody Allen\u2019a kadar pek \u00e7ok isim ve filmleri kitapta yer al\u0131yor.200\u2019e yak\u0131n g\u00fcld\u00fcr\u00fc filminin tek tek ele al\u0131nd\u0131\u011f\u0131 kitapta Makal, T\u00fcrk sinema tarihinin ilk g\u00fcld\u00fcr\u00fc kahramanlar\u0131ndan Bican Efendi\u2019yi, Na\u015fit\u2019i, D\u00fcmb\u00fcll\u00fc\u2019y\u00fc de unutmuyor. G\u00f6n\u00fcllere taht kuran Cilal\u0131 \u0130bo, Turist \u00d6mer, \u015eaban gibi karakterlerin yan\u0131 s\u0131ra onlara hayat veren Feridun Karakaya, Sadri Al\u0131\u015f\u0131k, \u00d6zt\u00fcrk Serengil, Vahi \u00d6z, Suphi Kaner, Necdet Tosun, Kemal Sunal gibi ustalar\u0131n izinden gelen ku\u015fa\u011f\u0131n \u00e7ekti\u011fi yeni d\u00f6nem filmleri ve karakterleri de inceliyor. O\u011fuz Makal, b\u00f6ylece, beyaz perdeye bakarak g\u00fclmenin ve g\u00fcld\u00fcr\u00fc sinemas\u0131n\u0131n tarihini ara\u015ft\u0131rmak isteyen okurlara ihtiya\u00e7 duyacaklar\u0131 bilgiye ula\u015fmalar\u0131n\u0131 sa\u011flayacak kapsaml\u0131 bir kaynak sunuyor.<\/p>\n","protected":false},"excerpt":{"rendered":"<p>Sinema tarih\u00e7isi, yazar O\u011fuz Makal\u2019\u0131n d\u00fcnya ve T\u00fcrk sinemas\u0131 tarihinde yapt\u0131\u011f\u0131 ara\u015ft\u0131rmalar ile haz\u0131rlanan Y\u00f6netmenleri ve Filmleriyle G\u00fclmenin Sinemas\u0131, beyaz perdede g\u00fclmenin ve g\u00fcld\u00fcrmenin ge\u00e7mi\u015fiyle ilgilenen<span class=\"excerpt-hellip\"> [\u2026]<\/span><\/p>\n","protected":false},"featured_media":0,"template":"","meta":{"_monsterinsights_skip_tracking":false,"_monsterinsights_sitenote_active":false,"_monsterinsights_sitenote_note":"","_monsterinsights_sitenote_category":0},"product_brand":[],"product_cat":[12409,12408],"product_tag":[],"class_list":{"0":"post-720841","1":"product","2":"type-product","3":"status-publish","5":"product_cat-fotograf-sinema-tiyatro","6":"product_cat-sanat","7":"pa_cilt-ciltsiz","8":"pa_tur-kitap","9":"pa_yayinevi-hayalperest-yayinlari","10":"pa_yazar-oguz-makal","12":"first","13":"instock","14":"sale","15":"shipping-taxable","16":"purchasable","17":"product-type-simple"},"_links":{"self":[{"href":"https:\/\/roveyayinevi.com.tr\/index.php\/wp-json\/wp\/v2\/product\/720841","targetHints":{"allow":["GET"]}}],"collection":[{"href":"https:\/\/roveyayinevi.com.tr\/index.php\/wp-json\/wp\/v2\/product"}],"about":[{"href":"https:\/\/roveyayinevi.com.tr\/index.php\/wp-json\/wp\/v2\/types\/product"}],"wp:attachment":[{"href":"https:\/\/roveyayinevi.com.tr\/index.php\/wp-json\/wp\/v2\/media?parent=720841"}],"wp:term":[{"taxonomy":"product_brand","embeddable":true,"href":"https:\/\/roveyayinevi.com.tr\/index.php\/wp-json\/wp\/v2\/product_brand?post=720841"},{"taxonomy":"product_cat","embeddable":true,"href":"https:\/\/roveyayinevi.com.tr\/index.php\/wp-json\/wp\/v2\/product_cat?post=720841"},{"taxonomy":"product_tag","embeddable":true,"href":"https:\/\/roveyayinevi.com.tr\/index.php\/wp-json\/wp\/v2\/product_tag?post=720841"}],"curies":[{"name":"wp","href":"https:\/\/api.w.org\/{rel}","templated":true}]}}