{"id":720839,"date":"2025-08-27T18:41:58","date_gmt":"2025-08-27T15:41:58","guid":{"rendered":"https:\/\/roveyayinevi.com.tr\/index.php\/urun\/caravaggio\/"},"modified":"2026-03-12T02:37:58","modified_gmt":"2026-03-11T23:37:58","slug":"caravaggio","status":"publish","type":"product","link":"https:\/\/roveyayinevi.com.tr\/index.php\/urun\/caravaggio\/","title":{"rendered":"Caravaggio"},"content":{"rendered":"<p>Bat\u0131 sanat\u0131 tarihinde Barok d\u00f6nemin en \u00fcnl\u00fc ressamlar\u0131ndan Caravaggio, resimlerinde \u0131\u015f\u0131\u011fa verdi\u011fi \u00f6nemle, kulland\u0131\u011f\u0131 renklerle, kompozisyonlar\u0131yla bir ekol olu\u015fturan usta bir sanat\u00e7\u0131. Tutkulu bir tenis oyuncusu. Korkmadan ve umut etmeden ya\u015fayan \u00f6zg\u00fcr bir ruh.On yedinci y\u00fczy\u0131l \u0130talyan sanat\u0131na damgas\u0131n\u0131 vuran bu \u00f6nemli ki\u015filik, g\u00fcnl\u00fck ya\u015fam\u0131ndaki agresif tepkileriyle \u00e7evresindekileri belki de \u00e7ileden \u00e7\u0131kar\u0131yordu ama yetene\u011fiyle, \u00e7al\u0131\u015fkanl\u0131\u011f\u0131yla, d\u00fcnyay\u0131 alg\u0131lama ve bu alg\u0131s\u0131n\u0131 tuvale aktarma bi\u00e7imiyle, tekni\u011finin, \u00fcslubunun geli\u015fmesinde ona yol g\u00f6steren entelekt\u00fcel birikimiyle, e\u011flenceli sohbetleriyle herkesi kolayl\u0131kla etkilemeyi de ba\u015far\u0131yordu. Ressam, eserleriyle bug\u00fcn bile herkesi etkilemeye devam ediyor.Hayalperest Yay\u0131nlar\u0131\u2019n\u0131n haz\u0131rlad\u0131\u011f\u0131 \u201cSanat\u0131n B\u00fcy\u00fck Ustalar\u0131\u201d serisinde yer alan bu kitap, okurlar\u0131n onun \u00fcretkenli\u011fi, d\u00fcnya g\u00f6r\u00fc\u015f\u00fc ve eserleri hakk\u0131nda derin bir fikir sahibi olmas\u0131n\u0131 sa\u011fl\u0131yor. Eserlerini mercek alt\u0131na alarak ressam\u0131n hem ki\u015fisel ve mesleki ili\u015fkilerinin hem g\u00fcn\u00fcm\u00fczde, sanat tarihinde bulundu\u011fu mertebenin hem de kendisinden sonraki ressamlar \u00fczerinde b\u0131rakt\u0131\u011f\u0131 etkinin kavranmas\u0131na yard\u0131mc\u0131 oluyor.Doksan alt\u0131 sayfadan olu\u015fan kitap, i\u00e7erdi\u011fi g\u00f6rsellerle birlikte metnin i\u00e7eri\u011fini zenginle\u015ftiren notlar b\u00f6l\u00fcm\u00fcyle okura katmanl\u0131 bir okuma imk\u00e2n\u0131 sa\u011fl\u0131yor. Bu kitap, \u201ckaranl\u0131klar prensi\u201d olarak da an\u0131lan Caravaggio\u2019nun lo\u015f d\u00fcnyas\u0131na a\u00e7\u0131lan kap\u0131n\u0131n anahtar\u0131n\u0131 veriyor ve i\u015fin geri kalan k\u0131sm\u0131n\u0131 okura b\u0131rak\u0131yor.<\/p>\n","protected":false},"excerpt":{"rendered":"<p>Bat\u0131 sanat\u0131 tarihinde Barok d\u00f6nemin en \u00fcnl\u00fc ressamlar\u0131ndan Caravaggio, resimlerinde \u0131\u015f\u0131\u011fa verdi\u011fi \u00f6nemle, kulland\u0131\u011f\u0131 renklerle, kompozisyonlar\u0131yla bir ekol olu\u015fturan usta bir sanat\u00e7\u0131. Tutkulu bir tenis oyuncusu.<span class=\"excerpt-hellip\"> [\u2026]<\/span><\/p>\n","protected":false},"featured_media":0,"template":"","meta":{"_monsterinsights_skip_tracking":false,"_monsterinsights_sitenote_active":false,"_monsterinsights_sitenote_note":"","_monsterinsights_sitenote_category":0},"product_brand":[],"product_cat":[40414,12408],"product_tag":[],"class_list":{"0":"post-720839","1":"product","2":"type-product","3":"status-publish","5":"product_cat-referans-kitaplar-sanat","6":"product_cat-sanat","7":"pa_cilt-ciltsiz","8":"pa_tur-kitap","9":"pa_yayinevi-hayalperest-yayinlari","10":"pa_yazar-firdevs-candil-erdogan","12":"first","13":"instock","14":"sale","15":"shipping-taxable","16":"purchasable","17":"product-type-simple"},"_links":{"self":[{"href":"https:\/\/roveyayinevi.com.tr\/index.php\/wp-json\/wp\/v2\/product\/720839","targetHints":{"allow":["GET"]}}],"collection":[{"href":"https:\/\/roveyayinevi.com.tr\/index.php\/wp-json\/wp\/v2\/product"}],"about":[{"href":"https:\/\/roveyayinevi.com.tr\/index.php\/wp-json\/wp\/v2\/types\/product"}],"wp:attachment":[{"href":"https:\/\/roveyayinevi.com.tr\/index.php\/wp-json\/wp\/v2\/media?parent=720839"}],"wp:term":[{"taxonomy":"product_brand","embeddable":true,"href":"https:\/\/roveyayinevi.com.tr\/index.php\/wp-json\/wp\/v2\/product_brand?post=720839"},{"taxonomy":"product_cat","embeddable":true,"href":"https:\/\/roveyayinevi.com.tr\/index.php\/wp-json\/wp\/v2\/product_cat?post=720839"},{"taxonomy":"product_tag","embeddable":true,"href":"https:\/\/roveyayinevi.com.tr\/index.php\/wp-json\/wp\/v2\/product_tag?post=720839"}],"curies":[{"name":"wp","href":"https:\/\/api.w.org\/{rel}","templated":true}]}}