{"id":720836,"date":"2025-08-27T18:41:56","date_gmt":"2025-08-27T15:41:56","guid":{"rendered":"https:\/\/roveyayinevi.com.tr\/index.php\/urun\/izlenimcilik-nasil-okunur\/"},"modified":"2026-03-12T02:37:58","modified_gmt":"2026-03-11T23:37:58","slug":"izlenimcilik-nasil-okunur","status":"publish","type":"product","link":"https:\/\/roveyayinevi.com.tr\/index.php\/urun\/izlenimcilik-nasil-okunur\/","title":{"rendered":"\u0130zlenimcilik Nas\u0131l Okunur"},"content":{"rendered":"<p>\u0130zlenimcilik Nas\u0131l Okunur, sanat\u0131 sonsuza dek de\u011fi\u015ftiren ve Monet, Renoir, Degas, Seurat, Cassatt gibi bir\u00e7ok ressam\u0131n tan\u0131nmas\u0131na neden olan on dokuzuncu y\u00fczy\u0131l ak\u0131m\u0131na ili\u015fkin yeni, \u00f6zg\u00fcn bir inceleme.James Rubin, bu kitab\u0131 sanat\u00e7\u0131lar \u00fczerinden ya da kronolojik olarak de\u011fil; \u015fehir manzaralar\u0131 ve ya\u015fam\u0131, i\u00e7 mekan ve nat\u00fcrmortlar, aile ve arkada\u015flar gibi farkl\u0131 ortak temalara g\u00f6re olu\u015fturuyor. B\u00f6ylece okurlar\u0131 \u0130zlenimci ak\u0131mla ilgili ele\u015ftirel ve analitik d\u00fc\u015f\u00fcnmeye sevk edecek ara\u00e7lar\u0131 sa\u011flam\u0131\u015f oluyor. Sanat\u00e7\u0131lar\u0131, modern temalar\u0131 ele almaya, \u00f6zg\u00fcnl\u00fc\u011fe ve ba\u011fl\u0131l\u0131kla \u00e7al\u0131\u015fmaya iten ortak hareketi (momentum) yeni bir anlay\u0131\u015fla incelemeyi \u00f6neriyor. Belliba\u015fl\u0131 eserleri kar\u015f\u0131la\u015ft\u0131rarak iyi bir resim okumas\u0131 yapan Rubin, canl\u0131 renklerle yap\u0131lm\u0131\u015f etkileyici resimleri se\u00e7erek d\u00f6nemin geni\u015f g\u00f6rsel k\u00fclt\u00fcr\u00fc, \u0130zlenimci sanat\u00e7\u0131lar ve bu sanat\u00e7\u0131lar\u0131n kendi kariyerleri aras\u0131nda ba\u011flar kuruyor; \u0130zlenimcilik tarihini, t\u00fcm\u00fcyle yeni bir bi\u00e7imde ele al\u0131yor.<\/p>\n","protected":false},"excerpt":{"rendered":"<p>\u0130zlenimcilik Nas\u0131l Okunur, sanat\u0131 sonsuza dek de\u011fi\u015ftiren ve Monet, Renoir, Degas, Seurat, Cassatt gibi bir\u00e7ok ressam\u0131n tan\u0131nmas\u0131na neden olan on dokuzuncu y\u00fczy\u0131l ak\u0131m\u0131na ili\u015fkin yeni, \u00f6zg\u00fcn<span class=\"excerpt-hellip\"> [\u2026]<\/span><\/p>\n","protected":false},"featured_media":0,"template":"","meta":{"_monsterinsights_skip_tracking":false,"_monsterinsights_sitenote_active":false,"_monsterinsights_sitenote_note":"","_monsterinsights_sitenote_category":0},"product_brand":[],"product_cat":[40414,12408],"product_tag":[],"class_list":{"0":"post-720836","1":"product","2":"type-product","3":"status-publish","5":"product_cat-referans-kitaplar-sanat","6":"product_cat-sanat","7":"pa_cilt-ciltsiz","8":"pa_tur-kitap","9":"pa_yayinevi-hayalperest-yayinlari","10":"pa_yazar-james-h-rubin","12":"first","13":"instock","14":"sale","15":"shipping-taxable","16":"purchasable","17":"product-type-simple"},"_links":{"self":[{"href":"https:\/\/roveyayinevi.com.tr\/index.php\/wp-json\/wp\/v2\/product\/720836","targetHints":{"allow":["GET"]}}],"collection":[{"href":"https:\/\/roveyayinevi.com.tr\/index.php\/wp-json\/wp\/v2\/product"}],"about":[{"href":"https:\/\/roveyayinevi.com.tr\/index.php\/wp-json\/wp\/v2\/types\/product"}],"wp:attachment":[{"href":"https:\/\/roveyayinevi.com.tr\/index.php\/wp-json\/wp\/v2\/media?parent=720836"}],"wp:term":[{"taxonomy":"product_brand","embeddable":true,"href":"https:\/\/roveyayinevi.com.tr\/index.php\/wp-json\/wp\/v2\/product_brand?post=720836"},{"taxonomy":"product_cat","embeddable":true,"href":"https:\/\/roveyayinevi.com.tr\/index.php\/wp-json\/wp\/v2\/product_cat?post=720836"},{"taxonomy":"product_tag","embeddable":true,"href":"https:\/\/roveyayinevi.com.tr\/index.php\/wp-json\/wp\/v2\/product_tag?post=720836"}],"curies":[{"name":"wp","href":"https:\/\/api.w.org\/{rel}","templated":true}]}}