{"id":720835,"date":"2025-08-27T18:41:55","date_gmt":"2025-08-27T15:41:55","guid":{"rendered":"https:\/\/roveyayinevi.com.tr\/index.php\/urun\/sinema-neyi-anlatir\/"},"modified":"2026-03-12T02:37:58","modified_gmt":"2026-03-11T23:37:58","slug":"sinema-neyi-anlatir","status":"publish","type":"product","link":"https:\/\/roveyayinevi.com.tr\/index.php\/urun\/sinema-neyi-anlatir\/","title":{"rendered":"Sinema Neyi Anlat\u0131r"},"content":{"rendered":"<p>Edebiyat &#8211; \u00dcmit \u00dcnal &#8211; Sineman\u0131n Dili\u0130nsan &#8211; Hakan Sava\u015f &#8211; Sinema \u0130nsan\u0131 Anlat\u0131rY\u00f6netmen &#8211; O\u011fuzhan Ers\u00fcmer &#8211; Sinema Kendini BilmektirZihniyet &#8211; O\u011fuz Adan\u0131r &#8211; \u00d6yk\u00fcl\u00fc Film Ve Toplumsal ZihniyetK\u00fclt\u00fcr &#8211; Dilek Tunal\u0131 &#8211; Sinema K\u00fclt\u00fcr\u00fc Anlat\u0131rSiyasal \u0130ktisat &#8211; Zahit Atam &#8211; T\u00fcrkiye&#8217;de Sans\u00fcr Yeni Bir \u015eey Midir?S\u0131n\u0131f &#8211; Hilmi Maktav &#8211; T\u00fcrk Sinemas\u0131nda Kahramandan Antik-Kahramana Metropol \u0130nsan\u0131Felsefe &#8211; Oktay Taftal\u0131 &#8211; Hareketli Resim De\u011fil Hareketin Resmi Olarak Sinema Ve \u0130fade\u0130zleyici &#8211; Serpil K\u0131rel &#8211; Seyir Ve Deneyim A\u00e7\u0131s\u0131ndan Sinema Salonu Nas\u0131l Bir Yerdir?\u0130zleyici &#8211; Serdar K\u00f6k\u00e7eo\u011flu &#8211; Sinema Birlikte \u0130zlemenin G\u00fczelli\u011fini Anlat\u0131rA\u015fk &#8211; P\u0131nar T\u0131naz G\u00fcrman &#8211; Sinema A\u015fk\u0131 Anlat\u0131rR\u00fcya &#8211; Y\u00f6r\u00fckhan \u00dcnal &#8211; Sinema R\u00fcyalar\u0131 Anlat\u0131rS\u0131rlar &#8211; Tan Tolga Demirci &#8211; &#8220;Inst\u0131tute Benjamenta&#8221; Filminde Sembol\u00fcn Postmodern \u00dcretimiKara Mizah &#8211; Ay\u015fen Oluk Ers\u00fcmer &#8211; Sinemada Kara Mizah<\/p>\n","protected":false},"excerpt":{"rendered":"<p>Edebiyat &#8211; \u00dcmit \u00dcnal &#8211; Sineman\u0131n Dili\u0130nsan &#8211; Hakan Sava\u015f &#8211; Sinema \u0130nsan\u0131 Anlat\u0131rY\u00f6netmen &#8211; O\u011fuzhan Ers\u00fcmer &#8211; Sinema Kendini BilmektirZihniyet &#8211; O\u011fuz Adan\u0131r &#8211; \u00d6yk\u00fcl\u00fc<span class=\"excerpt-hellip\"> [\u2026]<\/span><\/p>\n","protected":false},"featured_media":0,"template":"","meta":{"_monsterinsights_skip_tracking":false,"_monsterinsights_sitenote_active":false,"_monsterinsights_sitenote_note":"","_monsterinsights_sitenote_category":0},"product_brand":[],"product_cat":[12409,12408],"product_tag":[],"class_list":{"0":"post-720835","1":"product","2":"type-product","3":"status-publish","5":"product_cat-fotograf-sinema-tiyatro","6":"product_cat-sanat","7":"pa_cilt-ciltsiz","8":"pa_tur-kitap","9":"pa_yayinevi-hayalperest-yayinlari","10":"pa_yazar-kolektif","12":"first","13":"instock","14":"sale","15":"shipping-taxable","16":"purchasable","17":"product-type-simple"},"_links":{"self":[{"href":"https:\/\/roveyayinevi.com.tr\/index.php\/wp-json\/wp\/v2\/product\/720835","targetHints":{"allow":["GET"]}}],"collection":[{"href":"https:\/\/roveyayinevi.com.tr\/index.php\/wp-json\/wp\/v2\/product"}],"about":[{"href":"https:\/\/roveyayinevi.com.tr\/index.php\/wp-json\/wp\/v2\/types\/product"}],"wp:attachment":[{"href":"https:\/\/roveyayinevi.com.tr\/index.php\/wp-json\/wp\/v2\/media?parent=720835"}],"wp:term":[{"taxonomy":"product_brand","embeddable":true,"href":"https:\/\/roveyayinevi.com.tr\/index.php\/wp-json\/wp\/v2\/product_brand?post=720835"},{"taxonomy":"product_cat","embeddable":true,"href":"https:\/\/roveyayinevi.com.tr\/index.php\/wp-json\/wp\/v2\/product_cat?post=720835"},{"taxonomy":"product_tag","embeddable":true,"href":"https:\/\/roveyayinevi.com.tr\/index.php\/wp-json\/wp\/v2\/product_tag?post=720835"}],"curies":[{"name":"wp","href":"https:\/\/api.w.org\/{rel}","templated":true}]}}