{"id":720822,"date":"2025-08-27T18:41:12","date_gmt":"2025-08-27T15:41:12","guid":{"rendered":"https:\/\/roveyayinevi.com.tr\/index.php\/urun\/modern-sermaye-yapisi-teorileri-ve-sermaye-yapisini-etkileyen-faktorler\/"},"modified":"2026-04-16T02:28:45","modified_gmt":"2026-04-15T23:28:45","slug":"modern-sermaye-yapisi-teorileri-ve-sermaye-yapisini-etkileyen-faktorler","status":"publish","type":"product","link":"https:\/\/roveyayinevi.com.tr\/index.php\/urun\/modern-sermaye-yapisi-teorileri-ve-sermaye-yapisini-etkileyen-faktorler\/","title":{"rendered":"Modern Sermaye Yap\u0131s\u0131 Teorileri ve Sermaye Yap\u0131s\u0131n\u0131 Etkileyen Fakt\u00f6rler"},"content":{"rendered":"<p>\u0130\u00e7indekiler   B\u0130R\u0130NC\u0130 B\u00d6L\u00dcM SERMAYE YAPISI VE MODERN SERMAYE YAPISI TEOR\u0130LER\u0130 1.1.  SERMAYE YAPISI VE F\u0130RMALAR A\u00c7ISINDAN \u00d6NEM\u0130 1.2.  MODERN SERMAYE YAPISI TEOR\u0130LER\u0130   \u0130K\u0130NC\u0130 B\u00d6L\u00dcM SERMAYE YAPISINI ETK\u0130LEYEN FAKT\u00d6RLER 2.1. SERMAYE YAPISINI ETK\u0130LEYEN F\u0130RMAYA \u00d6ZG\u00dc FAKT\u00d6RLER 2.2. SERMAYE YAPISINI ETK\u0130LEYEN \u00dcLKEYE \u00d6ZG\u00dc FAKT\u00d6RLER 2.3. SERMAYE YAPISINI ETK\u0130LEYEN FAKT\u00d6RLERE \u0130L\u0130\u015eK\u0130N \u00c7ALI\u015eMALAR\u00dc\u00c7\u00dcNC\u00dc B\u00d6L\u00dcM T\u00dcRK\u0130YE\u2019DE SERMAYE YAPISINI ETK\u0130LEYEN FAKT\u00d6RLER \u00dcZER\u0130NE UYGULAMA 3.1. VER\u0130LER VE KISITLAR 3.2. DE\u011e\u0130\u015eKENLER VE MODEL 3.3. ARA\u015eTIRMA Y\u00d6NTEM\u0130 3.4. TEMEL G\u00d6STERGELER 3.5. PANEL VER\u0130 ANAL\u0130Z\u0130 3.6. DE\u011eERLEND\u0130RME <\/p>\n","protected":false},"excerpt":{"rendered":"<p>\u0130\u00e7indekiler B\u0130R\u0130NC\u0130 B\u00d6L\u00dcM SERMAYE YAPISI VE MODERN SERMAYE YAPISI TEOR\u0130LER\u0130 1.1. SERMAYE YAPISI VE F\u0130RMALAR A\u00c7ISINDAN \u00d6NEM\u0130 1.2. MODERN SERMAYE YAPISI TEOR\u0130LER\u0130 \u0130K\u0130NC\u0130 B\u00d6L\u00dcM SERMAYE YAPISINI<span class=\"excerpt-hellip\"> [\u2026]<\/span><\/p>\n","protected":false},"featured_media":0,"template":"","meta":{"_monsterinsights_skip_tracking":false,"_monsterinsights_sitenote_active":false,"_monsterinsights_sitenote_note":"","_monsterinsights_sitenote_category":0},"product_brand":[],"product_cat":[13043,14381],"product_tag":[],"class_list":{"0":"post-720822","1":"product","2":"type-product","3":"status-publish","5":"product_cat-ekonomi","6":"product_cat-isletme-muhasebe-maliye","7":"pa_cilt-ciltsiz","8":"pa_tur-kitap","9":"pa_yayinevi-gazi-kitabevi","10":"pa_yazar-burcu-dincergok","12":"first","13":"instock","14":"sale","15":"shipping-taxable","16":"purchasable","17":"product-type-simple"},"_links":{"self":[{"href":"https:\/\/roveyayinevi.com.tr\/index.php\/wp-json\/wp\/v2\/product\/720822","targetHints":{"allow":["GET"]}}],"collection":[{"href":"https:\/\/roveyayinevi.com.tr\/index.php\/wp-json\/wp\/v2\/product"}],"about":[{"href":"https:\/\/roveyayinevi.com.tr\/index.php\/wp-json\/wp\/v2\/types\/product"}],"wp:attachment":[{"href":"https:\/\/roveyayinevi.com.tr\/index.php\/wp-json\/wp\/v2\/media?parent=720822"}],"wp:term":[{"taxonomy":"product_brand","embeddable":true,"href":"https:\/\/roveyayinevi.com.tr\/index.php\/wp-json\/wp\/v2\/product_brand?post=720822"},{"taxonomy":"product_cat","embeddable":true,"href":"https:\/\/roveyayinevi.com.tr\/index.php\/wp-json\/wp\/v2\/product_cat?post=720822"},{"taxonomy":"product_tag","embeddable":true,"href":"https:\/\/roveyayinevi.com.tr\/index.php\/wp-json\/wp\/v2\/product_tag?post=720822"}],"curies":[{"name":"wp","href":"https:\/\/api.w.org\/{rel}","templated":true}]}}