{"id":720799,"date":"2025-08-27T18:40:55","date_gmt":"2025-08-27T15:40:55","guid":{"rendered":"https:\/\/roveyayinevi.com.tr\/index.php\/urun\/dusunen-turkce\/"},"modified":"2026-04-16T02:28:45","modified_gmt":"2026-04-15T23:28:45","slug":"dusunen-turkce","status":"publish","type":"product","link":"https:\/\/roveyayinevi.com.tr\/index.php\/urun\/dusunen-turkce\/","title":{"rendered":"D\u00fc\u015f\u00fcnen T\u00fcrk\u00e7e"},"content":{"rendered":"<p>Kelimelerle d\u00fc\u015f\u00fcnen insan\u0131n, diliyle zihni aras\u0131nda kuvvetli bir ba\u011f vard\u0131r. Zihnimizin kanavas\u0131na yerle\u015fen d\u00fc\u015f\u00fcnce, dil sayesinde hayat bulurken dil de insan\u0131n tarih\u00ee maceras\u0131 i\u00e7inde geli\u015ferek yeni d\u00fc\u015f\u00fcncelere yol almam\u0131z\u0131 sa\u011flar. Bu, bilhassa T\u00fcrk\u00e7e i\u00e7in her dilden fazla ge\u00e7erlidir. T\u00fcrk\u00e7e, kelimenin tam anlam\u0131yla d\u00fc\u015f\u00fcnen bir dildir. Ba\u015fl\u0131ba\u015f\u0131na bir duygu, mant\u0131k ve felsefe i\u00e7erisinde \u015fekillenen zihinsel bir birikimle d\u00fcnyay\u0131 tan\u0131mlar, anlamland\u0131r\u0131r. Bu ili\u015fkiler a\u011f\u0131 i\u00e7erisinde Mo\u011fol bozk\u0131rlar\u0131nda kuma anlam\u0131na gelen k\u00fcniden Anadolu\u2019da k\u0131skanmak anlam\u0131nda kullan\u0131lan g\u00fcn\u00fclemeke ula\u015f\u0131r, dilimizin arkaik unsurlar\u0131ndan bu\u00f1 sayesinde \u00e7a\u011fda\u015f bir dil temrini i\u00e7inde bunal\u0131r, uz sayesinde uzmanla\u015f\u0131r\u0131z. Prof. Dr. Ali Akar\u2019\u0131n kaleme ald\u0131\u011f\u0131 D\u00fc\u015f\u00fcnen T\u00fcrk\u00e7e, anadilimizin kaybolmu\u015f anlam derinlikleri ve s\u00f6z yapma mant\u0131\u011f\u0131 \u00fczerine T\u00fcrk\u00e7enin s\u00f6z ve eklerinden tad\u0131ml\u0131k denemeler sunuyor, bizi, derinlere k\u00f6k salm\u0131\u015f s\u00f6zlerin sihirli d\u00fcnyas\u0131na g\u00f6t\u00fcr\u00fcyor. <\/p>\n","protected":false},"excerpt":{"rendered":"<p>Kelimelerle d\u00fc\u015f\u00fcnen insan\u0131n, diliyle zihni aras\u0131nda kuvvetli bir ba\u011f vard\u0131r. Zihnimizin kanavas\u0131na yerle\u015fen d\u00fc\u015f\u00fcnce, dil sayesinde hayat bulurken dil de insan\u0131n tarih\u00ee maceras\u0131 i\u00e7inde geli\u015ferek yeni<span class=\"excerpt-hellip\"> [\u2026]<\/span><\/p>\n","protected":false},"featured_media":0,"template":"","meta":{"_monsterinsights_skip_tracking":false,"_monsterinsights_sitenote_active":false,"_monsterinsights_sitenote_note":"","_monsterinsights_sitenote_category":0},"product_brand":[],"product_cat":[13072,12291],"product_tag":[],"class_list":{"0":"post-720799","1":"product","2":"type-product","3":"status-publish","5":"product_cat-arastirma-inceleme-referans","6":"product_cat-edebiyat","7":"pa_cilt-ciltsiz","8":"pa_tur-kitap","9":"pa_yayinevi-otuken-nesriyat","10":"pa_yazar-ali-akar","12":"first","13":"instock","14":"sale","15":"shipping-taxable","16":"purchasable","17":"product-type-simple"},"_links":{"self":[{"href":"https:\/\/roveyayinevi.com.tr\/index.php\/wp-json\/wp\/v2\/product\/720799","targetHints":{"allow":["GET"]}}],"collection":[{"href":"https:\/\/roveyayinevi.com.tr\/index.php\/wp-json\/wp\/v2\/product"}],"about":[{"href":"https:\/\/roveyayinevi.com.tr\/index.php\/wp-json\/wp\/v2\/types\/product"}],"wp:attachment":[{"href":"https:\/\/roveyayinevi.com.tr\/index.php\/wp-json\/wp\/v2\/media?parent=720799"}],"wp:term":[{"taxonomy":"product_brand","embeddable":true,"href":"https:\/\/roveyayinevi.com.tr\/index.php\/wp-json\/wp\/v2\/product_brand?post=720799"},{"taxonomy":"product_cat","embeddable":true,"href":"https:\/\/roveyayinevi.com.tr\/index.php\/wp-json\/wp\/v2\/product_cat?post=720799"},{"taxonomy":"product_tag","embeddable":true,"href":"https:\/\/roveyayinevi.com.tr\/index.php\/wp-json\/wp\/v2\/product_tag?post=720799"}],"curies":[{"name":"wp","href":"https:\/\/api.w.org\/{rel}","templated":true}]}}