{"id":720797,"date":"2025-08-27T18:40:54","date_gmt":"2025-08-27T15:40:54","guid":{"rendered":"https:\/\/roveyayinevi.com.tr\/index.php\/urun\/kiyamet-mitolojileri\/"},"modified":"2026-04-16T02:28:45","modified_gmt":"2026-04-15T23:28:45","slug":"kiyamet-mitolojileri","status":"publish","type":"product","link":"https:\/\/roveyayinevi.com.tr\/index.php\/urun\/kiyamet-mitolojileri\/","title":{"rendered":"K\u0131yamet Mitolojileri"},"content":{"rendered":"<p>\u201cK\u0131yamet g\u00fcn\u00fc S\u00fbr\u2019a \u00fcflendi\u011finde, yery\u00fcz\u00fcndeki b\u00fct\u00fcn canl\u0131lar \u00f6lecek. B\u00fct\u00fcn da\u011flar yerle bir olacak. A\u011fa\u00e7lar k\u00f6klerinden s\u00f6k\u00fcl\u00fcp savrulacak. Korkun\u00e7 bir r\u00fczg\u00e2r \u00e2lemin alt\u0131n\u0131 \u00fcst\u00fcne getirecek. B\u00fct\u00fcn canl\u0131lar cans\u0131zlar yok olurken, bir bozkurt, ayakta kalmak i\u00e7in direnecek. O korkun\u00e7 r\u00fczg\u00e2rda, \u00f6nce t\u00fcyleri d\u00f6k\u00fclecek, sonra derisi soyulacak, etleri lime lime kopacak bedeninden. Ac\u0131 \u00e7ekecek, susacak&#8230; Ama son ana kadar ayakta kalacak.\u201d   Yarat\u0131l\u0131\u015f Mitolojileri adl\u0131 \u00e7al\u0131\u015fmas\u0131nda insanl\u0131\u011f\u0131n k\u00f6klerine, ba\u015flang\u0131\u00e7 hik\u00e2yelerine, farkl\u0131 medeniyetlerin ayn\u0131 \u00f6z etraf\u0131nda \u015fekillenen do\u011fu\u015f anlat\u0131lar\u0131na odaklanan G\u00f6n\u00fcl Yonar, K\u0131yamet Mitolojileri\u2019nde bak\u0131\u015f\u0131n\u0131 insano\u011flunun yok olu\u015f \u00f6yk\u00fclerine, y\u0131k\u0131m ve k\u0131yamet efsanelerine \u00e7eviriyor. Gog ve Magog\u2019danDeccal\u2019e kahredici d\u00fc\u015fmanlar\u0131n ve Mehdi\u2019den Mesih\u2019e beklenen kurtar\u0131c\u0131lar\u0131n da d\u00e2hil oldu\u011fu K\u0131yamet Mitolojileri, \u0130ran, \u0130brani, H\u0131ristiyan, \u0130slam ve T\u00fcrk mitolojilerinin temel eskatolojik doktrinlerini ele al\u0131rken \u015fu ger\u00e7e\u011fi de anlamam\u0131z\u0131 kolayla\u015ft\u0131r\u0131yor: Bilim kar\u015f\u0131s\u0131nda mitsel anlat\u0131, evrenin yarat\u0131l\u0131\u015f\u0131nda oldu\u011fu gibi onun sona ermesinde de bir s\u00f6z\u00fcn\u00fcn oldu\u011funu s\u00f6yler.Referans\u0131n\u0131n deneysel ve g\u00f6zleme dayal\u0131 bilgi olmad\u0131\u011f\u0131n\u0131 bilse de, bilimi \u00fcreten insanl\u0131\u011fa reddedemeyece\u011fi bir \u015feyi f\u0131s\u0131ldar: \u201cHer ne olursa olsun evrenin bir sonu var.\u201d <\/p>\n","protected":false},"excerpt":{"rendered":"<p>\u201cK\u0131yamet g\u00fcn\u00fc S\u00fbr\u2019a \u00fcflendi\u011finde, yery\u00fcz\u00fcndeki b\u00fct\u00fcn canl\u0131lar \u00f6lecek. B\u00fct\u00fcn da\u011flar yerle bir olacak. A\u011fa\u00e7lar k\u00f6klerinden s\u00f6k\u00fcl\u00fcp savrulacak. Korkun\u00e7 bir r\u00fczg\u00e2r \u00e2lemin alt\u0131n\u0131 \u00fcst\u00fcne getirecek. B\u00fct\u00fcn canl\u0131lar<span class=\"excerpt-hellip\"> [\u2026]<\/span><\/p>\n","protected":false},"featured_media":0,"template":"","meta":{"_monsterinsights_skip_tracking":false,"_monsterinsights_sitenote_active":false,"_monsterinsights_sitenote_note":"","_monsterinsights_sitenote_category":0},"product_brand":[],"product_cat":[12291,12711],"product_tag":[],"class_list":{"0":"post-720797","1":"product","2":"type-product","3":"status-publish","5":"product_cat-edebiyat","6":"product_cat-roman-oyku","7":"pa_cilt-ciltsiz","8":"pa_tur-kitap","9":"pa_yayinevi-otuken-nesriyat","10":"pa_yazar-gonul-yorar","12":"first","13":"instock","14":"sale","15":"shipping-taxable","16":"purchasable","17":"product-type-simple"},"_links":{"self":[{"href":"https:\/\/roveyayinevi.com.tr\/index.php\/wp-json\/wp\/v2\/product\/720797","targetHints":{"allow":["GET"]}}],"collection":[{"href":"https:\/\/roveyayinevi.com.tr\/index.php\/wp-json\/wp\/v2\/product"}],"about":[{"href":"https:\/\/roveyayinevi.com.tr\/index.php\/wp-json\/wp\/v2\/types\/product"}],"wp:attachment":[{"href":"https:\/\/roveyayinevi.com.tr\/index.php\/wp-json\/wp\/v2\/media?parent=720797"}],"wp:term":[{"taxonomy":"product_brand","embeddable":true,"href":"https:\/\/roveyayinevi.com.tr\/index.php\/wp-json\/wp\/v2\/product_brand?post=720797"},{"taxonomy":"product_cat","embeddable":true,"href":"https:\/\/roveyayinevi.com.tr\/index.php\/wp-json\/wp\/v2\/product_cat?post=720797"},{"taxonomy":"product_tag","embeddable":true,"href":"https:\/\/roveyayinevi.com.tr\/index.php\/wp-json\/wp\/v2\/product_tag?post=720797"}],"curies":[{"name":"wp","href":"https:\/\/api.w.org\/{rel}","templated":true}]}}