{"id":720795,"date":"2025-08-27T18:40:52","date_gmt":"2025-08-27T15:40:52","guid":{"rendered":"https:\/\/roveyayinevi.com.tr\/index.php\/urun\/zoraki-birliktelik\/"},"modified":"2026-04-16T02:28:45","modified_gmt":"2026-04-15T23:28:45","slug":"zoraki-birliktelik","status":"publish","type":"product","link":"https:\/\/roveyayinevi.com.tr\/index.php\/urun\/zoraki-birliktelik\/","title":{"rendered":"Zoraki Birliktelik"},"content":{"rendered":"<p>B\u0130R\u0130NC\u0130 B\u00d6L\u00dcM T\u00dcRK-AMER\u0130KAN \u0130L\u0130\u015eK\u0130LER\u0130N\u0130N \u00c7ALI\u015eMA EVREN\u0130   \u0130K\u0130NC\u0130 B\u00d6L\u00dcM KAVRAMSAL VE KURAMSAL \u00c7ER\u00c7EVE   \u00dc\u00c7\u00dcNC\u00dc B\u00d6L\u00dcM AMER\u0130KALI YETK\u0130L\u0130LER\u0130N T\u00dcRK-AMER\u0130KAN \u0130L\u0130\u015eK\u0130LER\u0130N\u0130N N\u0130TEL\u0130\u011e\u0130NE Y\u00d6NEL\u0130K G\u00d6R\u00dc\u015eLER\u0130N\u0130N ANAL\u0130Z\u0130   D\u00d6RD\u00dcNC\u00dc B\u00d6L\u00dcM T\u00dcRK YETK\u0130L\u0130LER\u0130N\u0130N T\u00dcRK-AMER\u0130KAN \u0130L\u0130\u015eK\u0130LER\u0130N\u0130N N\u0130TEL\u0130\u011e\u0130NE Y\u00d6NEL\u0130K G\u00d6R\u00dc\u015eLER\u0130N\u0130N ANAL\u0130Z\u0130   BE\u015e\u0130NC\u0130 B\u00d6L\u00dcM N\u0130CEL ANAL\u0130Z T\u00dcRK-AMER\u0130KAN \u0130L\u0130\u015eK\u0130LER\u0130N\u0130N <\/p>\n","protected":false},"excerpt":{"rendered":"<p>B\u0130R\u0130NC\u0130 B\u00d6L\u00dcM T\u00dcRK-AMER\u0130KAN \u0130L\u0130\u015eK\u0130LER\u0130N\u0130N \u00c7ALI\u015eMA EVREN\u0130 \u0130K\u0130NC\u0130 B\u00d6L\u00dcM KAVRAMSAL VE KURAMSAL \u00c7ER\u00c7EVE \u00dc\u00c7\u00dcNC\u00dc B\u00d6L\u00dcM AMER\u0130KALI YETK\u0130L\u0130LER\u0130N T\u00dcRK-AMER\u0130KAN \u0130L\u0130\u015eK\u0130LER\u0130N\u0130N N\u0130TEL\u0130\u011e\u0130NE Y\u00d6NEL\u0130K G\u00d6R\u00dc\u015eLER\u0130N\u0130N ANAL\u0130Z\u0130 D\u00d6RD\u00dcNC\u00dc B\u00d6L\u00dcM T\u00dcRK YETK\u0130L\u0130LER\u0130N\u0130N<span class=\"excerpt-hellip\"> [\u2026]<\/span><\/p>\n","protected":false},"featured_media":0,"template":"","meta":{"_monsterinsights_skip_tracking":false,"_monsterinsights_sitenote_active":false,"_monsterinsights_sitenote_note":"","_monsterinsights_sitenote_category":0},"product_brand":[],"product_cat":[12337,17225],"product_tag":[],"class_list":{"0":"post-720795","1":"product","2":"type-product","3":"status-publish","5":"product_cat-politika-siyaset","6":"product_cat-uluslararasi-iliskiler","7":"pa_cilt-ciltsiz","8":"pa_tur-kitap","9":"pa_yayinevi-gazi-kitabevi","10":"pa_yazar-kursat-korkmaz","12":"first","13":"instock","14":"sale","15":"shipping-taxable","16":"purchasable","17":"product-type-simple"},"_links":{"self":[{"href":"https:\/\/roveyayinevi.com.tr\/index.php\/wp-json\/wp\/v2\/product\/720795","targetHints":{"allow":["GET"]}}],"collection":[{"href":"https:\/\/roveyayinevi.com.tr\/index.php\/wp-json\/wp\/v2\/product"}],"about":[{"href":"https:\/\/roveyayinevi.com.tr\/index.php\/wp-json\/wp\/v2\/types\/product"}],"wp:attachment":[{"href":"https:\/\/roveyayinevi.com.tr\/index.php\/wp-json\/wp\/v2\/media?parent=720795"}],"wp:term":[{"taxonomy":"product_brand","embeddable":true,"href":"https:\/\/roveyayinevi.com.tr\/index.php\/wp-json\/wp\/v2\/product_brand?post=720795"},{"taxonomy":"product_cat","embeddable":true,"href":"https:\/\/roveyayinevi.com.tr\/index.php\/wp-json\/wp\/v2\/product_cat?post=720795"},{"taxonomy":"product_tag","embeddable":true,"href":"https:\/\/roveyayinevi.com.tr\/index.php\/wp-json\/wp\/v2\/product_tag?post=720795"}],"curies":[{"name":"wp","href":"https:\/\/api.w.org\/{rel}","templated":true}]}}