{"id":720765,"date":"2025-08-27T18:40:31","date_gmt":"2025-08-27T15:40:31","guid":{"rendered":"https:\/\/roveyayinevi.com.tr\/index.php\/urun\/cigirindan-cikmis-bir-dunya\/"},"modified":"2026-04-16T02:28:44","modified_gmt":"2026-04-15T23:28:44","slug":"cigirindan-cikmis-bir-dunya","status":"publish","type":"product","link":"https:\/\/roveyayinevi.com.tr\/index.php\/urun\/cigirindan-cikmis-bir-dunya\/","title":{"rendered":"\u00c7\u0131\u011f\u0131r\u0131ndan \u00c7\u0131km\u0131\u015f Bir D\u00fcnya"},"content":{"rendered":"<p>Bir yandan sosyal sefalet: Her ge\u00e7en g\u00fcn derinle\u015fen ve art\u0131k \u201cfark\u201d s\u00f6zc\u00fc\u011f\u00fcyle a\u00e7\u0131klanamayacak hale gelen u\u00e7urumlar, gelir adaletsizli\u011fi, toplumsal adaletsizlik, korkun\u00e7 bir yoksulla\u015fma, burjuva uygarl\u0131\u011f\u0131ndan farkl\u0131 sefalet g\u00f6r\u00fcnt\u00fcleri\u2026 ve g\u00f6r\u00fcnenlerin ard\u0131ndaki ger\u00e7ekler! Di\u011fer yandan ekolojik felaket: Eriyip giden buzullar, yan\u0131p k\u00fcl olan ormanlar, bozulan atmosfer, yok olma tehdidiyle y\u00fcz y\u00fcze ya\u015famsal kaynaklar, susuzluk sorunuyla bo\u011fu\u015fan milyonlar, mahvolmu\u015f bir do\u011fa, ekranlardan yans\u0131yan \u00e7e\u015fit \u00e7e\u015fit felaket g\u00f6r\u00fcnt\u00fcleri\u2026 ve g\u00f6r\u00fcnenlerin ard\u0131ndaki ger\u00e7ekler!  \u00d6b\u00fcr yandan etik yozla\u015fma: Piyasalar\u0131n ve metalar\u0131n buyru\u011funa giren insanlar, para ve senede tahvil edilip \u00e7\u00fcr\u00fcyen ili\u015fkiler, ekranlarla g\u00f6zetlenip denetlenen g\u00fcndelik ya\u015fam, hayat\u0131n her alan\u0131nda, her an\u0131nda kar\u015f\u0131m\u0131za \u00e7\u0131kan yozla\u015fma g\u00f6r\u00fcnt\u00fcleri\u2026 ve g\u00f6r\u00fcnenlerin ard\u0131ndaki ger\u00e7ekler! Ve sosyal sefaletin, ekolojik felaketin, etik yozla\u015fman\u0131n \u00fczerine \u00fczerine giden, k\u00f6kenlerine inen bir kitap: \u00c7\u0131\u011f\u0131r\u0131ndan \u00c7\u0131km\u0131\u015f Bir D\u00fcnya Fikret Ba\u015fkaya, can \u00e7eki\u015fen burjuva uygarl\u0131\u011f\u0131n\u0131n sorunlar\u0131 temelinde, yine g\u00f6r\u00fcnenlerin ard\u0131ndaki ger\u00e7ekleri yaz\u0131yor. <\/p>\n","protected":false},"excerpt":{"rendered":"<p>Bir yandan sosyal sefalet: Her ge\u00e7en g\u00fcn derinle\u015fen ve art\u0131k \u201cfark\u201d s\u00f6zc\u00fc\u011f\u00fcyle a\u00e7\u0131klanamayacak hale gelen u\u00e7urumlar, gelir adaletsizli\u011fi, toplumsal adaletsizlik, korkun\u00e7 bir yoksulla\u015fma, burjuva uygarl\u0131\u011f\u0131ndan farkl\u0131<span class=\"excerpt-hellip\"> [\u2026]<\/span><\/p>\n","protected":false},"featured_media":0,"template":"","meta":{"_monsterinsights_skip_tracking":false,"_monsterinsights_sitenote_active":false,"_monsterinsights_sitenote_note":"","_monsterinsights_sitenote_category":0},"product_brand":[],"product_cat":[13590,12337],"product_tag":[],"class_list":{"0":"post-720765","1":"product","2":"type-product","3":"status-publish","5":"product_cat-arastirma-inceleme-politika-siyaset","6":"product_cat-politika-siyaset","7":"pa_cilt-ciltsiz","8":"pa_tur-kitap","9":"pa_yayinevi-yordam-kitap","10":"pa_yazar-fikret-baskaya","12":"first","13":"instock","14":"sale","15":"shipping-taxable","16":"purchasable","17":"product-type-simple"},"_links":{"self":[{"href":"https:\/\/roveyayinevi.com.tr\/index.php\/wp-json\/wp\/v2\/product\/720765","targetHints":{"allow":["GET"]}}],"collection":[{"href":"https:\/\/roveyayinevi.com.tr\/index.php\/wp-json\/wp\/v2\/product"}],"about":[{"href":"https:\/\/roveyayinevi.com.tr\/index.php\/wp-json\/wp\/v2\/types\/product"}],"wp:attachment":[{"href":"https:\/\/roveyayinevi.com.tr\/index.php\/wp-json\/wp\/v2\/media?parent=720765"}],"wp:term":[{"taxonomy":"product_brand","embeddable":true,"href":"https:\/\/roveyayinevi.com.tr\/index.php\/wp-json\/wp\/v2\/product_brand?post=720765"},{"taxonomy":"product_cat","embeddable":true,"href":"https:\/\/roveyayinevi.com.tr\/index.php\/wp-json\/wp\/v2\/product_cat?post=720765"},{"taxonomy":"product_tag","embeddable":true,"href":"https:\/\/roveyayinevi.com.tr\/index.php\/wp-json\/wp\/v2\/product_tag?post=720765"}],"curies":[{"name":"wp","href":"https:\/\/api.w.org\/{rel}","templated":true}]}}