{"id":720755,"date":"2025-08-27T18:40:24","date_gmt":"2025-08-27T15:40:24","guid":{"rendered":"https:\/\/roveyayinevi.com.tr\/index.php\/urun\/aylak\/"},"modified":"2026-04-16T02:28:44","modified_gmt":"2026-04-15T23:28:44","slug":"aylak","status":"publish","type":"product","link":"https:\/\/roveyayinevi.com.tr\/index.php\/urun\/aylak\/","title":{"rendered":"Aylak"},"content":{"rendered":"<p>Cenevre G\u00f6l\u00fcndeki Olay &#8211; Unutulmu\u015f D\u00fc\u015fler &#8211; Orman\u0131n \u00dczerindeki Y\u0131ld\u0131z &#8211; M\u00fcrebbiye \u00f6yk\u00fcleriyleBirbirinden ba\u011f\u0131ms\u0131z bu be\u015f \u00f6yk\u00fcde, hayat\u0131n zorluklar\u0131yla y\u00fcz y\u00fcze gelen kahramanlar\u0131n ya\u015fad\u0131klar\u0131 hesapla\u015fmalar, girdikleri \u00e7\u0131kmazlar, ge\u00e7irdikleri d\u00f6n\u00fc\u015f\u00fcmler, bazen de kapanmayan defterler yer almaktad\u0131r. Kimi zaman tek bir insan kimi zaman da \u00fclkenin politik durumu, kahramanlar\u0131m\u0131z\u0131n hayatlar\u0131ndaki belki en zor ve en \u00f6nemli kararlar\u0131 almalar\u0131na sebep olacakt\u0131r.Hayatlar\u0131n\u0131n d\u00f6n\u00fcm noktalar\u0131nda \u00f6deyecekleri bedellerden korkmadan birbirinden cesur ad\u0131mlar atan karakterlerin sars\u0131c\u0131 \u00f6yk\u00fcleri bu derlemede sizleri bekliyor. Farkl\u0131 problemlerin aras\u0131nda gidip gelen hayatlarla birlikte \u00e7aresizli\u011fi ve h\u00fczn\u00fc hissedecek, y\u00fcreklere dokunan sessiz feryatlara tan\u0131k olacaks\u0131n\u0131z.<\/p>\n","protected":false},"excerpt":{"rendered":"<p>Cenevre G\u00f6l\u00fcndeki Olay &#8211; Unutulmu\u015f D\u00fc\u015fler &#8211; Orman\u0131n \u00dczerindeki Y\u0131ld\u0131z &#8211; M\u00fcrebbiye \u00f6yk\u00fcleriyleBirbirinden ba\u011f\u0131ms\u0131z bu be\u015f \u00f6yk\u00fcde, hayat\u0131n zorluklar\u0131yla y\u00fcz y\u00fcze gelen kahramanlar\u0131n ya\u015fad\u0131klar\u0131 hesapla\u015fmalar, girdikleri<span class=\"excerpt-hellip\"> [\u2026]<\/span><\/p>\n","protected":false},"featured_media":0,"template":"","meta":{"_monsterinsights_skip_tracking":false,"_monsterinsights_sitenote_active":false,"_monsterinsights_sitenote_note":"","_monsterinsights_sitenote_category":0},"product_brand":[],"product_cat":[12291,12711],"product_tag":[],"class_list":{"0":"post-720755","1":"product","2":"type-product","3":"status-publish","5":"product_cat-edebiyat","6":"product_cat-roman-oyku","7":"pa_cilt-ciltsiz","8":"pa_tur-kitap","9":"pa_yayinevi-indigo-kitap","10":"pa_yazar-stefan-zweig","12":"first","13":"instock","14":"sale","15":"shipping-taxable","16":"purchasable","17":"product-type-simple"},"_links":{"self":[{"href":"https:\/\/roveyayinevi.com.tr\/index.php\/wp-json\/wp\/v2\/product\/720755","targetHints":{"allow":["GET"]}}],"collection":[{"href":"https:\/\/roveyayinevi.com.tr\/index.php\/wp-json\/wp\/v2\/product"}],"about":[{"href":"https:\/\/roveyayinevi.com.tr\/index.php\/wp-json\/wp\/v2\/types\/product"}],"wp:attachment":[{"href":"https:\/\/roveyayinevi.com.tr\/index.php\/wp-json\/wp\/v2\/media?parent=720755"}],"wp:term":[{"taxonomy":"product_brand","embeddable":true,"href":"https:\/\/roveyayinevi.com.tr\/index.php\/wp-json\/wp\/v2\/product_brand?post=720755"},{"taxonomy":"product_cat","embeddable":true,"href":"https:\/\/roveyayinevi.com.tr\/index.php\/wp-json\/wp\/v2\/product_cat?post=720755"},{"taxonomy":"product_tag","embeddable":true,"href":"https:\/\/roveyayinevi.com.tr\/index.php\/wp-json\/wp\/v2\/product_tag?post=720755"}],"curies":[{"name":"wp","href":"https:\/\/api.w.org\/{rel}","templated":true}]}}