{"id":720745,"date":"2025-08-27T18:40:16","date_gmt":"2025-08-27T15:40:16","guid":{"rendered":"https:\/\/roveyayinevi.com.tr\/index.php\/urun\/cocuklar-adasi\/"},"modified":"2026-04-16T02:28:44","modified_gmt":"2026-04-15T23:28:44","slug":"cocuklar-adasi","status":"publish","type":"product","link":"https:\/\/roveyayinevi.com.tr\/index.php\/urun\/cocuklar-adasi\/","title":{"rendered":"\u00c7ocuklar Adas\u0131"},"content":{"rendered":"<p>&#8220;G\u00fcnd\u00fcz, Necla, Acar sefaret k\u00e2tibinin \u00e7ocuklar\u0131yd\u0131. Be\u015fir, d\u00fcnyada kimsesi olmayan Bekir amcan\u0131n evlatl\u0131\u011f\u0131yd\u0131. G\u00fczin, kahve t\u00fcccar\u0131n\u0131n k\u0131z\u0131yd\u0131. Yaman da onun a\u011fabeyiydi. \u00c7ok inat\u00e7\u0131 bir \u00e7ocuk olan Turgut da sefaret k\u00e2tibinin akrabas\u0131ndan birinin o\u011fluydu. Bu yedi \u00e7ocuk Bombay\u2019da birbirleriyle s\u0131k\u0131 f\u0131k\u0131 g\u00f6r\u00fc\u015f\u00fcyorlard\u0131. Mektep tatili oldu\u011fu i\u00e7in sefaret k\u00e2tibi \u00e7ocuklara bir deniz gezisi yapt\u0131rmak istemi\u015f ve yanlar\u0131na Bekir amcay\u0131 da katarak onlar\u0131 bir \u0130ngiliz ahbab\u0131n\u0131n yat\u0131na bindirip yola \u00e7\u0131kartm\u0131\u015ft\u0131.&#8221; Kemalettin Tu\u011fcu \u00c7ocuklar Adas\u0131 kitab\u0131nda; sorumluluklar\u0131n\u0131n fark\u0131nda olmayan, zamanlar\u0131n\u0131 bo\u015fa ge\u00e7iren \u00e7ocuklar\u0131n, ba\u015flar\u0131na gelen bir felaket ile birlikte ger\u00e7ek g\u00fc\u00e7lerini ortaya koyma hik\u00e2yesini anlat\u0131yor. Her kitab\u0131n arkas\u0131ndaki s\u00f6zl\u00fck ile yazar\u0131n kurdu\u011fu d\u00fcnyay\u0131 bozmadan okurlara sunuyoruz.    <\/p>\n","protected":false},"excerpt":{"rendered":"<p>&#8220;G\u00fcnd\u00fcz, Necla, Acar sefaret k\u00e2tibinin \u00e7ocuklar\u0131yd\u0131. Be\u015fir, d\u00fcnyada kimsesi olmayan Bekir amcan\u0131n evlatl\u0131\u011f\u0131yd\u0131. G\u00fczin, kahve t\u00fcccar\u0131n\u0131n k\u0131z\u0131yd\u0131. Yaman da onun a\u011fabeyiydi. \u00c7ok inat\u00e7\u0131 bir \u00e7ocuk olan<span class=\"excerpt-hellip\"> [\u2026]<\/span><\/p>\n","protected":false},"featured_media":0,"template":"","meta":{"_monsterinsights_skip_tracking":false,"_monsterinsights_sitenote_active":false,"_monsterinsights_sitenote_note":"","_monsterinsights_sitenote_category":0},"product_brand":[],"product_cat":[12274,12284],"product_tag":[],"class_list":{"0":"post-720745","1":"product","2":"type-product","3":"status-publish","5":"product_cat-cocuk-ve-genclik-kitaplari","6":"product_cat-hikayeler","7":"pa_cilt-ciltsiz","8":"pa_tur-kitap","9":"pa_yayinevi-ucan-at","10":"pa_yazar-kemalettin-tugcu","12":"first","13":"instock","14":"sale","15":"shipping-taxable","16":"purchasable","17":"product-type-simple"},"_links":{"self":[{"href":"https:\/\/roveyayinevi.com.tr\/index.php\/wp-json\/wp\/v2\/product\/720745","targetHints":{"allow":["GET"]}}],"collection":[{"href":"https:\/\/roveyayinevi.com.tr\/index.php\/wp-json\/wp\/v2\/product"}],"about":[{"href":"https:\/\/roveyayinevi.com.tr\/index.php\/wp-json\/wp\/v2\/types\/product"}],"wp:attachment":[{"href":"https:\/\/roveyayinevi.com.tr\/index.php\/wp-json\/wp\/v2\/media?parent=720745"}],"wp:term":[{"taxonomy":"product_brand","embeddable":true,"href":"https:\/\/roveyayinevi.com.tr\/index.php\/wp-json\/wp\/v2\/product_brand?post=720745"},{"taxonomy":"product_cat","embeddable":true,"href":"https:\/\/roveyayinevi.com.tr\/index.php\/wp-json\/wp\/v2\/product_cat?post=720745"},{"taxonomy":"product_tag","embeddable":true,"href":"https:\/\/roveyayinevi.com.tr\/index.php\/wp-json\/wp\/v2\/product_tag?post=720745"}],"curies":[{"name":"wp","href":"https:\/\/api.w.org\/{rel}","templated":true}]}}