{"id":720738,"date":"2025-08-27T18:40:11","date_gmt":"2025-08-27T15:40:11","guid":{"rendered":"https:\/\/roveyayinevi.com.tr\/index.php\/urun\/murekkep-olum\/"},"modified":"2026-04-16T02:28:43","modified_gmt":"2026-04-15T23:28:43","slug":"murekkep-olum","status":"publish","type":"product","link":"https:\/\/roveyayinevi.com.tr\/index.php\/urun\/murekkep-olum\/","title":{"rendered":"M\u00fcrekkep \u00d6l\u00fcm"},"content":{"rendered":"<p>Cornelia Funke\u2019nin d\u00fcnyaca \u00fcnl\u00fc M\u00fcrekkep D\u00fcnya \u00fc\u00e7lemesinin merakla beklenen son kitab\u0131 M\u00fcrekkep \u00d6l\u00fcm, kitapseverlerle bulu\u015fuyor.   Kahramanlar\u0131m\u0131z bu kez M\u00fcrekkep D\u00fcnya\u2019daki g\u00fc\u00e7 sava\u015flar\u0131n\u0131n tam ortas\u0131nda. Mo, arkada\u015flar\u0131n\u0131n yard\u0131m\u0131yla kitab\u0131n sonunu istedi\u011fi \u015fekilde de\u011fi\u015ftirmeye \u00e7al\u0131\u015f\u0131rken, kitaplardan tan\u0131d\u0131\u011f\u0131 bu d\u00fcnyada kendisine bi\u00e7ilmi\u015f olan Alakarga rol\u00fcyle, iyilerin koruyucusu haydutlara kat\u0131l\u0131yor. Meggie, Farid, Fenoglio, Elinor ve Resa, \u00f6l\u00fcmle burun buruna bir macerada mutlu son i\u00e7in m\u00fccadele veriyorlar. \u00dcstelik i\u00e7inde bulunduklar\u0131 \u00f6yk\u00fc, bir ba\u015fkas\u0131 taraf\u0131ndan s\u00fcrekli yeniden yaz\u0131l\u0131rken\u2026   D\u00fcnya genelinde yirmiyi a\u015fk\u0131n dile \u00e7evrilen ve aylarca En \u00c7ok Satanlar listelerinden d\u00fc\u015fmeyen \u00fc\u00e7leme; b\u00fcy\u00fcl\u00fc, ola\u011fan\u00fcst\u00fc, her \u015feyi g\u00f6lgede b\u0131rakan bir sonla veda ediyor. Gen\u00e7ler kadar, yeti\u015fkinlerin de i\u00e7inden \u00e7\u0131kmak istemeyecekleri kusursuz bir hayal d\u00fcnyas\u0131n\u0131n kap\u0131lar\u0131n\u0131 bu kez ard\u0131na kadar a\u00e7arak\u2026 <\/p>\n","protected":false},"excerpt":{"rendered":"<p>Cornelia Funke\u2019nin d\u00fcnyaca \u00fcnl\u00fc M\u00fcrekkep D\u00fcnya \u00fc\u00e7lemesinin merakla beklenen son kitab\u0131 M\u00fcrekkep \u00d6l\u00fcm, kitapseverlerle bulu\u015fuyor. Kahramanlar\u0131m\u0131z bu kez M\u00fcrekkep D\u00fcnya\u2019daki g\u00fc\u00e7 sava\u015flar\u0131n\u0131n tam ortas\u0131nda. Mo, arkada\u015flar\u0131n\u0131n<span class=\"excerpt-hellip\"> [\u2026]<\/span><\/p>\n","protected":false},"featured_media":0,"template":"","meta":{"_monsterinsights_skip_tracking":false,"_monsterinsights_sitenote_active":false,"_monsterinsights_sitenote_note":"","_monsterinsights_sitenote_category":0},"product_brand":[],"product_cat":[12291,14777],"product_tag":[],"class_list":{"0":"post-720738","1":"product","2":"type-product","3":"status-publish","5":"product_cat-edebiyat","6":"product_cat-fantastik","7":"pa_cilt-ciltsiz","8":"pa_tur-kitap","9":"pa_yayinevi-akil-celen-kitaplar","10":"pa_yazar-cornelia-funke","12":"first","13":"instock","14":"sale","15":"shipping-taxable","16":"purchasable","17":"product-type-simple"},"_links":{"self":[{"href":"https:\/\/roveyayinevi.com.tr\/index.php\/wp-json\/wp\/v2\/product\/720738","targetHints":{"allow":["GET"]}}],"collection":[{"href":"https:\/\/roveyayinevi.com.tr\/index.php\/wp-json\/wp\/v2\/product"}],"about":[{"href":"https:\/\/roveyayinevi.com.tr\/index.php\/wp-json\/wp\/v2\/types\/product"}],"wp:attachment":[{"href":"https:\/\/roveyayinevi.com.tr\/index.php\/wp-json\/wp\/v2\/media?parent=720738"}],"wp:term":[{"taxonomy":"product_brand","embeddable":true,"href":"https:\/\/roveyayinevi.com.tr\/index.php\/wp-json\/wp\/v2\/product_brand?post=720738"},{"taxonomy":"product_cat","embeddable":true,"href":"https:\/\/roveyayinevi.com.tr\/index.php\/wp-json\/wp\/v2\/product_cat?post=720738"},{"taxonomy":"product_tag","embeddable":true,"href":"https:\/\/roveyayinevi.com.tr\/index.php\/wp-json\/wp\/v2\/product_tag?post=720738"}],"curies":[{"name":"wp","href":"https:\/\/api.w.org\/{rel}","templated":true}]}}