{"id":720737,"date":"2025-08-27T18:40:10","date_gmt":"2025-08-27T15:40:10","guid":{"rendered":"https:\/\/roveyayinevi.com.tr\/index.php\/urun\/efil-ekonomi-arastirmalari-dergisi-cilt-2sayi-7\/"},"modified":"2026-04-16T02:28:43","modified_gmt":"2026-04-15T23:28:43","slug":"efil-ekonomi-arastirmalari-dergisi-cilt-2sayi-7","status":"publish","type":"product","link":"https:\/\/roveyayinevi.com.tr\/index.php\/urun\/efil-ekonomi-arastirmalari-dergisi-cilt-2sayi-7\/","title":{"rendered":"Efil Ekonomi Ara\u015ft\u0131rmalar\u0131 Dergisi; Cilt: 2Say\u0131 7"},"content":{"rendered":"<p>Bu say\u0131m\u0131zda,   Temsili Olmayan Kuramlar\u0131n Geli\u015fimi Planlama Anlay\u0131\u015f\u0131m\u0131zda ve Kente Bak\u0131\u015f\u0131m\u0131zda Ne T\u00fcr De\u011fi\u015fmeler Yarat\u0131yor \u0130lhan Tekeli   Inequality, Economic Policies, Work and Poverty: The Latin American Protracted MaladyAlicia Puyana Mutis   T\u00fcrkiye\u2019deki E\u011fitim Hizmetlerinden Vatanda\u015f Memnuniyetinin Analizi Belgi Turan, Ali Berker, Seyit M\u00fcmin Cilasun   Market System as a \u201cStark Utopia\u201dH\u00fcseyin \u00d6zel   Sabri \u00dclgener ve \u0130ktisat Sosyolojisi: \u0130ktisat Ahlak\u0131 ve Zihniyeti Perspektifinden Bir De\u011ferlendirme\u0130smail Kitapc\u0131   T\u00fcrkiye\u2019de D\u00fc\u015f\u00fck \u00dccretli \u00c7al\u0131\u015fma ve Kad\u0131n \u0130stihdam\u0131nda D\u00f6n\u00fc\u015f\u00fcmlerAy\u00e7a Akar\u00e7ay, Selin Pelek <\/p>\n","protected":false},"excerpt":{"rendered":"<p>Bu say\u0131m\u0131zda, Temsili Olmayan Kuramlar\u0131n Geli\u015fimi Planlama Anlay\u0131\u015f\u0131m\u0131zda ve Kente Bak\u0131\u015f\u0131m\u0131zda Ne T\u00fcr De\u011fi\u015fmeler Yarat\u0131yor \u0130lhan Tekeli Inequality, Economic Policies, Work and Poverty: The Latin American<span class=\"excerpt-hellip\"> [\u2026]<\/span><\/p>\n","protected":false},"featured_media":0,"template":"","meta":{"_monsterinsights_skip_tracking":false,"_monsterinsights_sitenote_active":false,"_monsterinsights_sitenote_note":"","_monsterinsights_sitenote_category":0},"product_brand":[],"product_cat":[13527],"product_tag":[],"class_list":{"0":"post-720737","1":"product","2":"type-product","3":"status-publish","5":"product_cat-sureli-yayinlar","6":"pa_cilt-ciltsiz","7":"pa_tur-dergi","8":"pa_yayinevi-efil-yayinevi-dergi","9":"pa_yazar-kolektif","11":"first","12":"instock","13":"sale","14":"shipping-taxable","15":"purchasable","16":"product-type-simple"},"_links":{"self":[{"href":"https:\/\/roveyayinevi.com.tr\/index.php\/wp-json\/wp\/v2\/product\/720737","targetHints":{"allow":["GET"]}}],"collection":[{"href":"https:\/\/roveyayinevi.com.tr\/index.php\/wp-json\/wp\/v2\/product"}],"about":[{"href":"https:\/\/roveyayinevi.com.tr\/index.php\/wp-json\/wp\/v2\/types\/product"}],"wp:attachment":[{"href":"https:\/\/roveyayinevi.com.tr\/index.php\/wp-json\/wp\/v2\/media?parent=720737"}],"wp:term":[{"taxonomy":"product_brand","embeddable":true,"href":"https:\/\/roveyayinevi.com.tr\/index.php\/wp-json\/wp\/v2\/product_brand?post=720737"},{"taxonomy":"product_cat","embeddable":true,"href":"https:\/\/roveyayinevi.com.tr\/index.php\/wp-json\/wp\/v2\/product_cat?post=720737"},{"taxonomy":"product_tag","embeddable":true,"href":"https:\/\/roveyayinevi.com.tr\/index.php\/wp-json\/wp\/v2\/product_tag?post=720737"}],"curies":[{"name":"wp","href":"https:\/\/api.w.org\/{rel}","templated":true}]}}

Efil Ekonomi Araştırmaları Dergisi; Cilt: 2Sayı 7

<p>Bu sayımızda,   Temsili Olmayan Kuramların Gelişimi Planlama Anlayışımızda ve Kente Bakışımızda Ne Tür Değişmeler Yaratıyor İlhan Tekeli   Inequality, Economic Policies, Work and Poverty: The Latin American Protracted MaladyAlicia Puyana Mutis   Türkiye’deki Eğitim Hizmetlerinden Vatandaş Memnuniyetinin Analizi Belgi Turan, Ali Berker, Seyit Mümin Cilasun   Market System as a “Stark Utopia”Hüseyin Özel   Sabri Ülgener ve İktisat Sosyolojisi: İktisat Ahlakı ve Zihniyeti Perspektifinden Bir Değerlendirmeİsmail Kitapcı   Türkiye’de Düşük Ücretli Çalışma ve Kadın İstihdamında DönüşümlerAyça Akarçay, Selin Pelek </p>

<p>Bu sayımızda, Temsili Olmayan Kuramların Gelişimi Planlama Anlayışımızda ve Kente Bakışımızda Ne Tür Değişmeler Yaratıyor İlhan Tekeli Inequality, Economic Policies, Work and Poverty: The Latin American<span class="excerpt-hellip"> […]</span></p>
