{"id":720729,"date":"2025-08-27T18:40:04","date_gmt":"2025-08-27T15:40:04","guid":{"rendered":"https:\/\/roveyayinevi.com.tr\/index.php\/urun\/basit-goller-yedik\/"},"modified":"2026-04-08T02:36:13","modified_gmt":"2026-04-07T23:36:13","slug":"basit-goller-yedik","status":"publish","type":"product","link":"https:\/\/roveyayinevi.com.tr\/index.php\/urun\/basit-goller-yedik\/","title":{"rendered":"Basit Goller Yedik"},"content":{"rendered":"<p>a\u015fk, a\u00e7\u0131k bir yarad\u0131r \u015fimdi sol yan\u0131m\u0131zda&#8230; bir yara ki hi\u00e7bir ne\u015fter kesip atamaz&#8230; bir yara ki Lokman Hekim gelse kapatamaz! yara geni\u015f, yara derin&#8230; mevsimidir, kanama \u00e7oktan toplanmaya ba\u015flad\u0131, irin \u00e7oktan&#8230; ve biz, ve biz ne zaman bu yaram\u0131zla oynasak&#8230; \u00e7ok basit goller yedik, \u00e7ok basit goller yedik sol a\u00e7\u0131ktan!<\/p>\n","protected":false},"excerpt":{"rendered":"<p>a\u015fk, a\u00e7\u0131k bir yarad\u0131r \u015fimdi sol yan\u0131m\u0131zda&#8230; bir yara ki hi\u00e7bir ne\u015fter kesip atamaz&#8230; bir yara ki Lokman Hekim gelse kapatamaz! yara geni\u015f, yara derin&#8230; mevsimidir,<span class=\"excerpt-hellip\"> [\u2026]<\/span><\/p>\n","protected":false},"featured_media":0,"template":"","meta":{"_monsterinsights_skip_tracking":false,"_monsterinsights_sitenote_active":false,"_monsterinsights_sitenote_note":"","_monsterinsights_sitenote_category":0},"product_brand":[],"product_cat":[12291,12509],"product_tag":[],"class_list":{"0":"post-720729","1":"product","2":"type-product","3":"status-publish","5":"product_cat-edebiyat","6":"product_cat-siir","7":"pa_cilt-ciltsiz","8":"pa_tur-kitap","9":"pa_yayinevi-lirik-yayincilik","10":"pa_yazar-mahmut-turan","12":"first","13":"instock","14":"sale","15":"shipping-taxable","16":"purchasable","17":"product-type-simple"},"_links":{"self":[{"href":"https:\/\/roveyayinevi.com.tr\/index.php\/wp-json\/wp\/v2\/product\/720729","targetHints":{"allow":["GET"]}}],"collection":[{"href":"https:\/\/roveyayinevi.com.tr\/index.php\/wp-json\/wp\/v2\/product"}],"about":[{"href":"https:\/\/roveyayinevi.com.tr\/index.php\/wp-json\/wp\/v2\/types\/product"}],"wp:attachment":[{"href":"https:\/\/roveyayinevi.com.tr\/index.php\/wp-json\/wp\/v2\/media?parent=720729"}],"wp:term":[{"taxonomy":"product_brand","embeddable":true,"href":"https:\/\/roveyayinevi.com.tr\/index.php\/wp-json\/wp\/v2\/product_brand?post=720729"},{"taxonomy":"product_cat","embeddable":true,"href":"https:\/\/roveyayinevi.com.tr\/index.php\/wp-json\/wp\/v2\/product_cat?post=720729"},{"taxonomy":"product_tag","embeddable":true,"href":"https:\/\/roveyayinevi.com.tr\/index.php\/wp-json\/wp\/v2\/product_tag?post=720729"}],"curies":[{"name":"wp","href":"https:\/\/api.w.org\/{rel}","templated":true}]}}