{"id":720727,"date":"2025-08-27T18:40:02","date_gmt":"2025-08-27T15:40:02","guid":{"rendered":"https:\/\/roveyayinevi.com.tr\/index.php\/urun\/dut-yemis-bulbul\/"},"modified":"2026-04-16T02:28:43","modified_gmt":"2026-04-15T23:28:43","slug":"dut-yemis-bulbul","status":"publish","type":"product","link":"https:\/\/roveyayinevi.com.tr\/index.php\/urun\/dut-yemis-bulbul\/","title":{"rendered":"Dut Yemi\u015f B\u00fclb\u00fcl"},"content":{"rendered":"<p>\u00c7a\u011fda\u015f edebiyat\u0131n usta yazar\u0131 Feyza Hep\u00e7ilingirler, duydu\u011fu deyimler y\u00fcz\u00fcnden kafas\u0131 kar\u0131\u015fan ve i\u015fin i\u00e7inden \u00e7\u0131kamayan bir \u00e7ocu\u011fun ne\u015feli \u00f6yk\u00fcs\u00fcn\u00fc anlat\u0131yor. Alk\u0131m, karde\u015fi do\u011funca pabucunun dama, yani bir evin \u00e7at\u0131s\u0131na at\u0131laca\u011f\u0131n\u0131 d\u00fc\u015f\u00fcn\u00fcyor; danan\u0131n kuyru\u011fu kopacak, dendi\u011finde de hayvan\u0131n can\u0131 yanacak diye \u00fcz\u00fcl\u00fcyor. Alk\u0131m\u2019\u0131n deyimleri \u00f6\u011frenmesini e\u011flenceli bir oyuna \u00e7eviren aile \u00fcyeleri, okurlar\u0131 da zengin bir T\u00fcrk\u00e7e ser\u00fcvenine davet ediyor. Ben \u015fimdi yumurta k\u00fcfesini s\u0131rt\u0131ma takaca\u011f\u0131m. Ke\u00e7ilerin boynuzunu \u00e7i\u011fneyip danan\u0131n kuyru\u011funu koparaca\u011f\u0131m. Elimi s\u0131cak sudan so\u011fuk suya sokmayaca\u011f\u0131m ama   bir elimi ya\u011fa, \u00f6tekini bala bat\u0131raca\u011f\u0131m.   \u0130ki arada bir derede kalaca\u011f\u0131m.   Bir ata atlay\u0131p \u00dcsk\u00fcdar\u2019a ge\u00e7ece\u011fim. A\u011fz\u0131m\u0131 a\u00e7\u0131p g\u00f6z\u00fcm\u00fc yumayaca\u011f\u0131m.   Bu arada dut yiyece\u011fim.   Dut yemi\u015f b\u00fclb\u00fcle d\u00f6nece\u011fim. <\/p>\n","protected":false},"excerpt":{"rendered":"<p>\u00c7a\u011fda\u015f edebiyat\u0131n usta yazar\u0131 Feyza Hep\u00e7ilingirler, duydu\u011fu deyimler y\u00fcz\u00fcnden kafas\u0131 kar\u0131\u015fan ve i\u015fin i\u00e7inden \u00e7\u0131kamayan bir \u00e7ocu\u011fun ne\u015feli \u00f6yk\u00fcs\u00fcn\u00fc anlat\u0131yor. Alk\u0131m, karde\u015fi do\u011funca pabucunun dama, yani<span class=\"excerpt-hellip\"> [\u2026]<\/span><\/p>\n","protected":false},"featured_media":0,"template":"","meta":{"_monsterinsights_skip_tracking":false,"_monsterinsights_sitenote_active":false,"_monsterinsights_sitenote_note":"","_monsterinsights_sitenote_category":0},"product_brand":[],"product_cat":[12274,12284],"product_tag":[],"class_list":{"0":"post-720727","1":"product","2":"type-product","3":"status-publish","5":"product_cat-cocuk-ve-genclik-kitaplari","6":"product_cat-hikayeler","7":"pa_cilt-ciltsiz","8":"pa_tur-kitap","9":"pa_yayinevi-kirmizi-kedi-yayinevi","10":"pa_yazar-feyza-hepcilingirler","12":"first","13":"instock","14":"sale","15":"shipping-taxable","16":"purchasable","17":"product-type-simple"},"_links":{"self":[{"href":"https:\/\/roveyayinevi.com.tr\/index.php\/wp-json\/wp\/v2\/product\/720727","targetHints":{"allow":["GET"]}}],"collection":[{"href":"https:\/\/roveyayinevi.com.tr\/index.php\/wp-json\/wp\/v2\/product"}],"about":[{"href":"https:\/\/roveyayinevi.com.tr\/index.php\/wp-json\/wp\/v2\/types\/product"}],"wp:attachment":[{"href":"https:\/\/roveyayinevi.com.tr\/index.php\/wp-json\/wp\/v2\/media?parent=720727"}],"wp:term":[{"taxonomy":"product_brand","embeddable":true,"href":"https:\/\/roveyayinevi.com.tr\/index.php\/wp-json\/wp\/v2\/product_brand?post=720727"},{"taxonomy":"product_cat","embeddable":true,"href":"https:\/\/roveyayinevi.com.tr\/index.php\/wp-json\/wp\/v2\/product_cat?post=720727"},{"taxonomy":"product_tag","embeddable":true,"href":"https:\/\/roveyayinevi.com.tr\/index.php\/wp-json\/wp\/v2\/product_tag?post=720727"}],"curies":[{"name":"wp","href":"https:\/\/api.w.org\/{rel}","templated":true}]}}