{"id":720699,"date":"2025-08-27T18:39:39","date_gmt":"2025-08-27T15:39:39","guid":{"rendered":"https:\/\/roveyayinevi.com.tr\/index.php\/urun\/firtinalar-krali\/"},"modified":"2026-04-16T02:28:43","modified_gmt":"2026-04-15T23:28:43","slug":"firtinalar-krali","status":"publish","type":"product","link":"https:\/\/roveyayinevi.com.tr\/index.php\/urun\/firtinalar-krali\/","title":{"rendered":"F\u0131rt\u0131nalar Kral\u0131"},"content":{"rendered":"<p>NateMcHale, ailesiyle birlikte ge\u00e7irdi\u011fi kazadan sonra hi\u00e7bir \u015feyin eskisi gibi olamayaca\u011f\u0131n\u0131 anlam\u0131\u015ft\u0131. Sakin \u00e7ocuklu\u011fu art\u0131k geride kalm\u0131\u015f, hoyrat bir gen\u00e7li\u011fe do\u011fru ad\u0131m atm\u0131\u015ft\u0131. G\u00fcn geldi arkada\u015flar\u0131 ona F\u0131rt\u0131nalar Kral\u0131 demeye ba\u015flad\u0131. Sevgilisiyle birlikte liseyi bitirdikleri sene ba\u015fka bir yerde yeni bir hayata ba\u015flayacaklard\u0131. Nate, \u00e7ocuklu\u011funu ve gen\u00e7li\u011fini ge\u00e7irdi\u011fi GreystoneLake\u2019i ger\u00e7ekten de terk etti ama tek ba\u015f\u0131na\u2026 Kendine New York\u2019ta herkesin g\u0131pta edece\u011fi bir hayat kurdu. Tam on d\u00f6rt y\u0131l olmu\u015ftu GreystoneLake\u2019i arkas\u0131nda b\u0131rakal\u0131. Gen\u00e7li\u011finin s\u0131rlar\u0131 g\u00fcn y\u00fcz\u00fcne \u00e7\u0131kmak \u00fczereydi. Nate eski arkada\u015flar\u0131 ve d\u00fc\u015fmanlar\u0131yla yeniden bir araya gelmek zorundayd\u0131. Devasa bir kas\u0131rga yakla\u015f\u0131p kentin huzursuz atmosferini daha tekinsiz k\u0131larken Nate\u2019i ve arkada\u015flar\u0131n\u0131 yiyip bitiren ge\u00e7mi\u015f de ya\u011fmurun \u015fiddetiyle s\u00fcr\u00fcklenip gidecek miydi? F\u0131rt\u0131nalar Kral\u0131, gerilim ve polisiye unsurlar\u0131n\u0131n i\u00e7 i\u00e7e ge\u00e7ti\u011fi, psikolojik y\u00f6n\u00fc a\u011f\u0131r basan bir su\u00e7 roman\u0131. \u201cDil i\u015f\u00e7ili\u011fini \u015fa\u015f\u0131rt\u0131c\u0131 s\u00fcrprizlerle birle\u015ftiren, m\u00fcthi\u015f bir gerilim.\u201d Publishers Weekly <\/p>\n","protected":false},"excerpt":{"rendered":"<p>NateMcHale, ailesiyle birlikte ge\u00e7irdi\u011fi kazadan sonra hi\u00e7bir \u015feyin eskisi gibi olamayaca\u011f\u0131n\u0131 anlam\u0131\u015ft\u0131. Sakin \u00e7ocuklu\u011fu art\u0131k geride kalm\u0131\u015f, hoyrat bir gen\u00e7li\u011fe do\u011fru ad\u0131m atm\u0131\u015ft\u0131. G\u00fcn geldi arkada\u015flar\u0131<span class=\"excerpt-hellip\"> [\u2026]<\/span><\/p>\n","protected":false},"featured_media":0,"template":"","meta":{"_monsterinsights_skip_tracking":false,"_monsterinsights_sitenote_active":false,"_monsterinsights_sitenote_note":"","_monsterinsights_sitenote_category":0},"product_brand":[],"product_cat":[12291,12711],"product_tag":[],"class_list":{"0":"post-720699","1":"product","2":"type-product","3":"status-publish","5":"product_cat-edebiyat","6":"product_cat-roman-oyku","7":"pa_cilt-ciltsiz","8":"pa_tur-kitap","9":"pa_yayinevi-cinar-yayinlari","10":"pa_yazar-brendan-duffy","12":"first","13":"instock","14":"sale","15":"shipping-taxable","16":"purchasable","17":"product-type-simple"},"_links":{"self":[{"href":"https:\/\/roveyayinevi.com.tr\/index.php\/wp-json\/wp\/v2\/product\/720699","targetHints":{"allow":["GET"]}}],"collection":[{"href":"https:\/\/roveyayinevi.com.tr\/index.php\/wp-json\/wp\/v2\/product"}],"about":[{"href":"https:\/\/roveyayinevi.com.tr\/index.php\/wp-json\/wp\/v2\/types\/product"}],"wp:attachment":[{"href":"https:\/\/roveyayinevi.com.tr\/index.php\/wp-json\/wp\/v2\/media?parent=720699"}],"wp:term":[{"taxonomy":"product_brand","embeddable":true,"href":"https:\/\/roveyayinevi.com.tr\/index.php\/wp-json\/wp\/v2\/product_brand?post=720699"},{"taxonomy":"product_cat","embeddable":true,"href":"https:\/\/roveyayinevi.com.tr\/index.php\/wp-json\/wp\/v2\/product_cat?post=720699"},{"taxonomy":"product_tag","embeddable":true,"href":"https:\/\/roveyayinevi.com.tr\/index.php\/wp-json\/wp\/v2\/product_tag?post=720699"}],"curies":[{"name":"wp","href":"https:\/\/api.w.org\/{rel}","templated":true}]}}