{"id":720696,"date":"2025-08-27T18:39:37","date_gmt":"2025-08-27T15:39:37","guid":{"rendered":"https:\/\/roveyayinevi.com.tr\/index.php\/urun\/vertrau-ohne-zweifel-auf-allah-2\/"},"modified":"2026-04-16T02:28:43","modified_gmt":"2026-04-15T23:28:43","slug":"vertrau-ohne-zweifel-auf-allah-2","status":"publish","type":"product","link":"https:\/\/roveyayinevi.com.tr\/index.php\/urun\/vertrau-ohne-zweifel-auf-allah-2\/","title":{"rendered":"Vertrau Ohne Zweifel Auf Allah 2"},"content":{"rendered":"<p>ALLAH BIETET NACH DE\u0130NEM VORHABEN&#8230; Allah hat den Schl\u00fcssel alle deiner Sch\u00e4tze in deine Hand gelegt. Du kannst ihre T\u00fcre mit Gebet aufmachen, wann du willst. Wenn du wills du kannst die T\u00fcre des Himmels aufmachen und die Leben schenkende Regenf\u00e4lle auf die Erde herunterlassen. Nur nicht gleich aufgeben, wenn du siehst da\u00df dein Wunsch ist nicht sofort erf\u00fcllt ist. Allah hat die L\u00f6sung schon bereit bevor das Problem entsteht. Manchmal nimmt das Leben dir deine Tr\u00e4ume weg&#8230; Das bedeutet da\u00df Allah deine Stimme h\u00f6ren wollte. Du h\u00e4lst sofort deine Hand und dein Herz auf und suchst Schutz bei dem Sch\u00f6pfer, der dich von nichts erschafft hat. Und was f\u00fcr ein sch\u00f6nes Treffen ist das.. Es ist der Augenblick, in dem das Herz seine wahre Liebe wiederumarmt. Allah bietet nach deinem Vorhaben. Trauere nicht um etwas, das schon zu Ende geht. Das Schicksal bereitet dir etwas besseres vor; aber dein Ged\u00e4chtnis will da\u00df du immer in deiner Vergangenheit feststeckst. Jetzt bist du dir von allem bewusst. Danke Allah und geh weiter mit Liebe. <\/p>\n","protected":false},"excerpt":{"rendered":"<p>ALLAH BIETET NACH DE\u0130NEM VORHABEN&#8230; Allah hat den Schl\u00fcssel alle deiner Sch\u00e4tze in deine Hand gelegt. Du kannst ihre T\u00fcre mit Gebet aufmachen, wann du willst.<span class=\"excerpt-hellip\"> [\u2026]<\/span><\/p>\n","protected":false},"featured_media":0,"template":"","meta":{"_monsterinsights_skip_tracking":false,"_monsterinsights_sitenote_active":false,"_monsterinsights_sitenote_note":"","_monsterinsights_sitenote_category":0},"product_brand":[],"product_cat":[12718,12719,12720],"product_tag":[],"class_list":{"0":"post-720696","1":"product","2":"type-product","3":"status-publish","5":"product_cat-din","6":"product_cat-islam","7":"product_cat-tasavvuf-mezhepler-tarikatlar","8":"pa_cilt-ciltsiz","9":"pa_tur-kitap","10":"pa_yayinevi-destek-yayinlari","11":"pa_yazar-ugur-kosar","13":"first","14":"instock","15":"sale","16":"shipping-taxable","17":"purchasable","18":"product-type-simple"},"_links":{"self":[{"href":"https:\/\/roveyayinevi.com.tr\/index.php\/wp-json\/wp\/v2\/product\/720696","targetHints":{"allow":["GET"]}}],"collection":[{"href":"https:\/\/roveyayinevi.com.tr\/index.php\/wp-json\/wp\/v2\/product"}],"about":[{"href":"https:\/\/roveyayinevi.com.tr\/index.php\/wp-json\/wp\/v2\/types\/product"}],"wp:attachment":[{"href":"https:\/\/roveyayinevi.com.tr\/index.php\/wp-json\/wp\/v2\/media?parent=720696"}],"wp:term":[{"taxonomy":"product_brand","embeddable":true,"href":"https:\/\/roveyayinevi.com.tr\/index.php\/wp-json\/wp\/v2\/product_brand?post=720696"},{"taxonomy":"product_cat","embeddable":true,"href":"https:\/\/roveyayinevi.com.tr\/index.php\/wp-json\/wp\/v2\/product_cat?post=720696"},{"taxonomy":"product_tag","embeddable":true,"href":"https:\/\/roveyayinevi.com.tr\/index.php\/wp-json\/wp\/v2\/product_tag?post=720696"}],"curies":[{"name":"wp","href":"https:\/\/api.w.org\/{rel}","templated":true}]}}