{"id":720695,"date":"2025-08-27T18:39:36","date_gmt":"2025-08-27T15:39:36","guid":{"rendered":"https:\/\/roveyayinevi.com.tr\/index.php\/urun\/ay-rituelleri\/"},"modified":"2026-04-16T02:28:43","modified_gmt":"2026-04-15T23:28:43","slug":"ay-rituelleri","status":"publish","type":"product","link":"https:\/\/roveyayinevi.com.tr\/index.php\/urun\/ay-rituelleri\/","title":{"rendered":"Ay Rit\u00fcelleri"},"content":{"rendered":"<p>\u201cAy do\u011fmuyorsa y\u00fcz\u00fcne, g\u00fcne\u015f vurmuyorsa pencerene, kabahati ne g\u00fcne\u015fte ne de ayda ara&#8230; G\u00f6zlerindeki perdeyi arala.\u201d Mevlana Astrolog Nuray Sayar\u0131\u2019n\u0131n AY R\u0130T\u00dcELLER\u0130 adl\u0131 bu kitab\u0131, kadim k\u00fclt\u00fcrlerden bu yana yery\u00fcz\u00fcne rehberlik eden, a\u00e7mazlara anahtar, mucizelere f\u0131rsat sunan Ay\u2019\u0131n gizemli g\u00fcc\u00fcnden ve sihirli etkilerinden yararlanmaya y\u00f6nelik kaleme al\u0131nm\u0131\u015f olduk\u00e7a kullan\u0131\u015fl\u0131, i\u015flevsel ve sonu\u00e7 odakl\u0131 bir yol arkada\u015f\u0131&#8230; Paganizmden Hinduizm\u2019e, tasavvuftan kabalaya kadar her inan\u0131\u015fta kendine g\u00fc\u00e7l\u00fc bir yer edinmi\u015f olan Ay\u2019\u0131n insan ya\u015fam\u0131ndaki bask\u0131n g\u00fcc\u00fcn\u00fc ve duygular\u0131 y\u00f6netmekteki etkisini sezgileri ve yarat\u0131c\u0131l\u0131\u011f\u0131 art\u0131rmak i\u00e7in nas\u0131l kullanmak gerekti\u011fini kolay uygulanabilir bilgilerle anlatan bu kitap, i\u00e7sel bir y\u00fckseli\u015f ve de\u011fi\u015fim vaat ediyor. <\/p>\n","protected":false},"excerpt":{"rendered":"<p>\u201cAy do\u011fmuyorsa y\u00fcz\u00fcne, g\u00fcne\u015f vurmuyorsa pencerene, kabahati ne g\u00fcne\u015fte ne de ayda ara&#8230; G\u00f6zlerindeki perdeyi arala.\u201d Mevlana Astrolog Nuray Sayar\u0131\u2019n\u0131n AY R\u0130T\u00dcELLER\u0130 adl\u0131 bu kitab\u0131, kadim<span class=\"excerpt-hellip\"> [\u2026]<\/span><\/p>\n","protected":false},"featured_media":0,"template":"","meta":{"_monsterinsights_skip_tracking":false,"_monsterinsights_sitenote_active":false,"_monsterinsights_sitenote_note":"","_monsterinsights_sitenote_category":0},"product_brand":[],"product_cat":[18082,15563],"product_tag":[],"class_list":{"0":"post-720695","1":"product","2":"type-product","3":"status-publish","5":"product_cat-astroloji-fal-ruya","6":"product_cat-hobi","7":"pa_cilt-ciltsiz","8":"pa_tur-kitap","9":"pa_yayinevi-destek-yayinlari","10":"pa_yazar-nuray-sayari","12":"first","13":"instock","14":"sale","15":"shipping-taxable","16":"purchasable","17":"product-type-simple"},"_links":{"self":[{"href":"https:\/\/roveyayinevi.com.tr\/index.php\/wp-json\/wp\/v2\/product\/720695","targetHints":{"allow":["GET"]}}],"collection":[{"href":"https:\/\/roveyayinevi.com.tr\/index.php\/wp-json\/wp\/v2\/product"}],"about":[{"href":"https:\/\/roveyayinevi.com.tr\/index.php\/wp-json\/wp\/v2\/types\/product"}],"wp:attachment":[{"href":"https:\/\/roveyayinevi.com.tr\/index.php\/wp-json\/wp\/v2\/media?parent=720695"}],"wp:term":[{"taxonomy":"product_brand","embeddable":true,"href":"https:\/\/roveyayinevi.com.tr\/index.php\/wp-json\/wp\/v2\/product_brand?post=720695"},{"taxonomy":"product_cat","embeddable":true,"href":"https:\/\/roveyayinevi.com.tr\/index.php\/wp-json\/wp\/v2\/product_cat?post=720695"},{"taxonomy":"product_tag","embeddable":true,"href":"https:\/\/roveyayinevi.com.tr\/index.php\/wp-json\/wp\/v2\/product_tag?post=720695"}],"curies":[{"name":"wp","href":"https:\/\/api.w.org\/{rel}","templated":true}]}}