{"id":720688,"date":"2025-08-27T18:39:31","date_gmt":"2025-08-27T15:39:31","guid":{"rendered":"https:\/\/roveyayinevi.com.tr\/index.php\/urun\/ataturkum-guluyor\/"},"modified":"2026-04-16T02:28:42","modified_gmt":"2026-04-15T23:28:42","slug":"ataturkum-guluyor","status":"publish","type":"product","link":"https:\/\/roveyayinevi.com.tr\/index.php\/urun\/ataturkum-guluyor\/","title":{"rendered":"Atat\u00fcrk&#8217;\u00fcm G\u00fcl\u00fcyor"},"content":{"rendered":"<p>Kitab\u0131n yeni bask\u0131s\u0131n\u0131 sunarken, \u015eu anda elinizde tuttu\u011funuz bu kitap,Atat\u00fcrk taraf\u0131ndan yaz\u0131lm\u0131\u015ft\u0131r.Alt\u0131n harflerle Atat\u00fcrk taraf\u0131ndan tarihe yaz\u0131lanlar,bu kitapta siz okuyuculara ve t\u00fcm d\u00fcnya milletlerine \u0131\u015f\u0131k olmas\u0131 i\u00e7in sunulmu\u015ftur. Bug\u00fcne kadar Atat\u00fcrk&#8217;\u00fc do\u011fru veya bilmeden yanl\u0131\u015f olarak anlatan binlerce kitap yaz\u0131ld\u0131.Bu kitap son noktay\u0131 koydu. T\u00fcrk Bayra\u011f\u0131 yanl\u0131\u015f as\u0131l\u0131yor ! Sayg\u0131 Duru\u015fu yanl\u0131\u015f yap\u0131l\u0131yor ! Atat\u00fcrk&#8217;\u00fcm neden g\u00fcl\u00fcyor ? Atat\u00fcrk&#8217;e neden otopsi yap\u0131lmad\u0131 ? Atat\u00fcrk eni\u015ftesinin ticarete at\u0131ld\u0131\u011f\u0131n\u0131 duyunca ne yapt\u0131 ? <\/p>\n","protected":false},"excerpt":{"rendered":"<p>Kitab\u0131n yeni bask\u0131s\u0131n\u0131 sunarken, \u015eu anda elinizde tuttu\u011funuz bu kitap,Atat\u00fcrk taraf\u0131ndan yaz\u0131lm\u0131\u015ft\u0131r.Alt\u0131n harflerle Atat\u00fcrk taraf\u0131ndan tarihe yaz\u0131lanlar,bu kitapta siz okuyuculara ve t\u00fcm d\u00fcnya milletlerine \u0131\u015f\u0131k olmas\u0131<span class=\"excerpt-hellip\"> [\u2026]<\/span><\/p>\n","protected":false},"featured_media":0,"template":"","meta":{"_monsterinsights_skip_tracking":false,"_monsterinsights_sitenote_active":false,"_monsterinsights_sitenote_note":"","_monsterinsights_sitenote_category":0},"product_brand":[],"product_cat":[12312,12304],"product_tag":[],"class_list":{"0":"post-720688","1":"product","2":"type-product","3":"status-publish","5":"product_cat-diger","6":"product_cat-tarih","7":"pa_cilt-ciltsiz","8":"pa_tur-kitap","9":"pa_yayinevi-ozer-yayinevi","10":"pa_yazar-yalcin-mihci","12":"first","13":"instock","14":"sale","15":"shipping-taxable","16":"purchasable","17":"product-type-simple"},"_links":{"self":[{"href":"https:\/\/roveyayinevi.com.tr\/index.php\/wp-json\/wp\/v2\/product\/720688","targetHints":{"allow":["GET"]}}],"collection":[{"href":"https:\/\/roveyayinevi.com.tr\/index.php\/wp-json\/wp\/v2\/product"}],"about":[{"href":"https:\/\/roveyayinevi.com.tr\/index.php\/wp-json\/wp\/v2\/types\/product"}],"wp:attachment":[{"href":"https:\/\/roveyayinevi.com.tr\/index.php\/wp-json\/wp\/v2\/media?parent=720688"}],"wp:term":[{"taxonomy":"product_brand","embeddable":true,"href":"https:\/\/roveyayinevi.com.tr\/index.php\/wp-json\/wp\/v2\/product_brand?post=720688"},{"taxonomy":"product_cat","embeddable":true,"href":"https:\/\/roveyayinevi.com.tr\/index.php\/wp-json\/wp\/v2\/product_cat?post=720688"},{"taxonomy":"product_tag","embeddable":true,"href":"https:\/\/roveyayinevi.com.tr\/index.php\/wp-json\/wp\/v2\/product_tag?post=720688"}],"curies":[{"name":"wp","href":"https:\/\/api.w.org\/{rel}","templated":true}]}}