{"id":720684,"date":"2025-08-27T18:39:27","date_gmt":"2025-08-27T15:39:27","guid":{"rendered":"https:\/\/roveyayinevi.com.tr\/index.php\/urun\/sari-duvar-kagidi-2\/"},"modified":"2026-03-12T02:37:39","modified_gmt":"2026-03-11T23:37:39","slug":"sari-duvar-kagidi-2","status":"publish","type":"product","link":"https:\/\/roveyayinevi.com.tr\/index.php\/urun\/sari-duvar-kagidi-2\/","title":{"rendered":"Sar\u0131 Duvar Ka\u011f\u0131d\u0131"},"content":{"rendered":"<p>\u201cSar\u0131 Duvar Ka\u011f\u0131d\u0131, yaz\u0131lm\u0131\u015f en g\u00fczel ve en g\u00fc\u00e7l\u00fc korku \u00f6yk\u00fclerinden biri.\u201d Alan RyanFeminist bilin\u00e7le yazan Amerikal\u0131 ilk yazar olarak kabul edilen, Kad\u0131nlar \u00dclkesi\u2019nin yazar\u0131 Charlotte Perkins Gilman, \u201cSar\u0131 Duvar Ka\u011f\u0131d\u0131\u201dnda e\u015fiyle birlikte, kendisinin \u201cperili ev\u201d diye tan\u0131mlad\u0131\u011f\u0131 bir malik\u00e2neye ta\u015f\u0131nan ve odas\u0131ndaki sar\u0131 duvar ka\u011f\u0131d\u0131n\u0131 saplant\u0131 haline getiren isimsiz kad\u0131n karakterinin ba\u015f\u0131ndan ge\u00e7en gerilimli bir \u00f6yk\u00fcy\u00fc anlat\u0131yor. Toplumsal cinsiyet, delilik, evlilik ve \u00f6zg\u00fcrl\u00fck gibi meseleleri t\u00fcyler \u00fcrperten bir hayalet hik\u00e2yesiyle birle\u015ftiren \u201cSar\u0131 Duvar Ka\u011f\u0131d\u0131\u201d, yaz\u0131ld\u0131\u011f\u0131 g\u00fcnden beri en \u00e7ok tart\u0131\u015f\u0131lan ve incelenen korku eserlerinden. Doris Lessing, Toni Morrison ve Alice Walker gibi yazarlar\u0131 etkilemi\u015f bir klasik.Bu cilt ayr\u0131ca yazar\u0131n \u201cBen Cad\u0131yken\u201d, \u201cB\u00fcy\u00fck Morsalk\u0131m\u201d ve \u201cSallanan Sandalye\u201d gibi korku \u00f6yk\u00fclerini de i\u00e7eriyor.Duvarda gezinen bir \u015feyler var\u2026 Hay\u0131r, birisi var\u2026<\/p>\n","protected":false},"excerpt":{"rendered":"<p>\u201cSar\u0131 Duvar Ka\u011f\u0131d\u0131, yaz\u0131lm\u0131\u015f en g\u00fczel ve en g\u00fc\u00e7l\u00fc korku \u00f6yk\u00fclerinden biri.\u201d Alan RyanFeminist bilin\u00e7le yazan Amerikal\u0131 ilk yazar olarak kabul edilen, Kad\u0131nlar \u00dclkesi\u2019nin yazar\u0131 Charlotte<span class=\"excerpt-hellip\"> [\u2026]<\/span><\/p>\n","protected":false},"featured_media":0,"template":"","meta":{"_monsterinsights_skip_tracking":false,"_monsterinsights_sitenote_active":false,"_monsterinsights_sitenote_note":"","_monsterinsights_sitenote_category":0},"product_brand":[],"product_cat":[12291,17033],"product_tag":[],"class_list":{"0":"post-720684","1":"product","2":"type-product","3":"status-publish","5":"product_cat-edebiyat","6":"product_cat-korku-gerilim","7":"pa_cilt-ciltsiz","8":"pa_tur-kitap","9":"pa_yayinevi-ithaki-yayinlari","10":"pa_yazar-charlotte-perkins-gilman","12":"first","13":"instock","14":"sale","15":"shipping-taxable","16":"purchasable","17":"product-type-simple"},"_links":{"self":[{"href":"https:\/\/roveyayinevi.com.tr\/index.php\/wp-json\/wp\/v2\/product\/720684","targetHints":{"allow":["GET"]}}],"collection":[{"href":"https:\/\/roveyayinevi.com.tr\/index.php\/wp-json\/wp\/v2\/product"}],"about":[{"href":"https:\/\/roveyayinevi.com.tr\/index.php\/wp-json\/wp\/v2\/types\/product"}],"wp:attachment":[{"href":"https:\/\/roveyayinevi.com.tr\/index.php\/wp-json\/wp\/v2\/media?parent=720684"}],"wp:term":[{"taxonomy":"product_brand","embeddable":true,"href":"https:\/\/roveyayinevi.com.tr\/index.php\/wp-json\/wp\/v2\/product_brand?post=720684"},{"taxonomy":"product_cat","embeddable":true,"href":"https:\/\/roveyayinevi.com.tr\/index.php\/wp-json\/wp\/v2\/product_cat?post=720684"},{"taxonomy":"product_tag","embeddable":true,"href":"https:\/\/roveyayinevi.com.tr\/index.php\/wp-json\/wp\/v2\/product_tag?post=720684"}],"curies":[{"name":"wp","href":"https:\/\/api.w.org\/{rel}","templated":true}]}}