{"id":720682,"date":"2025-08-27T18:39:25","date_gmt":"2025-08-27T15:39:25","guid":{"rendered":"https:\/\/roveyayinevi.com.tr\/index.php\/urun\/kadim-yolculuk\/"},"modified":"2026-04-16T02:28:42","modified_gmt":"2026-04-15T23:28:42","slug":"kadim-yolculuk","status":"publish","type":"product","link":"https:\/\/roveyayinevi.com.tr\/index.php\/urun\/kadim-yolculuk\/","title":{"rendered":"Kadim Yolculuk"},"content":{"rendered":"<p>\u201cK\u00fc\u00e7\u00fck \u00e2lem olan insan ile b\u00fcy\u00fck \u00e2lem olan evren aras\u0131nda s\u0131k\u0131\u015f\u0131p kalan sorular, cevaps\u0131z kalan muammalar\u2026Hen\u00fcz \u00e7ok k\u00fc\u00e7\u00fck ya\u015flardan itibaren, var olan veya olmayan her \u015feyi sorgulayan Demhet, bilim insanlar\u0131n\u0131n topland\u0131\u011f\u0131 bir adaya giderek beyin ve bilin\u00e7 b\u00f6l\u00fcm\u00fcnde \u00e7al\u0131\u015fmalar yapmaya ba\u015flar. Ancak bir gece g\u00f6ky\u00fcz\u00fcn\u00fc izlerken ans\u0131z\u0131n ya\u015fad\u0131\u011f\u0131 bir olay hik\u00e2yenin gidi\u015fat\u0131n\u0131 ba\u015fl\u0131 ba\u015f\u0131na de\u011fi\u015ftirir.Adan\u0131n teknoloji b\u00f6l\u00fcm\u00fcnde ise Enki, Hanok, Thoth ve Hermes adl\u0131 d\u00f6rt arkada\u015f Merlin adl\u0131 bir \u00e7ocu\u011fu da yanlar\u0131na alarak gizemli bir yolculuk i\u00e7in hararetli bir \u00e7al\u0131\u015fma i\u00e7indedir. \u0130nsanl\u0131\u011f\u0131n dilleri, konu\u015fmay\u0131 dahi bilmedi\u011fi en ilkel d\u00f6nemlerden en geli\u015fmi\u015f d\u00f6nemlerine do\u011fru uzanan bu kadim bilgelik yolculu\u011funda tarih\u00ee ve din\u00ee kahramanlarla m\u00fckemmel bir kurguda bulu\u015fup birlikte y\u00fcr\u00fcyeceksiniz. Bunlar olurken bir yandan da kendinizi; evren, varl\u0131k, zaman, ger\u00e7ek ve soyut, ge\u00e7mi\u015f ve gelecek, mitoloji ve dinler \u00fczerine objektif ve insan\u0131 i\u00e7ine do\u011fru \u00e7eken sorgulamalar\u0131n olu\u015fturdu\u011fu sarma\u015f\u0131ktan, m\u00fckemmel bir sohbetin i\u00e7inde bulacaks\u0131n\u0131z.\u201d<\/p>\n","protected":false},"excerpt":{"rendered":"<p>\u201cK\u00fc\u00e7\u00fck \u00e2lem olan insan ile b\u00fcy\u00fck \u00e2lem olan evren aras\u0131nda s\u0131k\u0131\u015f\u0131p kalan sorular, cevaps\u0131z kalan muammalar\u2026Hen\u00fcz \u00e7ok k\u00fc\u00e7\u00fck ya\u015flardan itibaren, var olan veya olmayan her \u015feyi<span class=\"excerpt-hellip\"> [\u2026]<\/span><\/p>\n","protected":false},"featured_media":0,"template":"","meta":{"_monsterinsights_skip_tracking":false,"_monsterinsights_sitenote_active":false,"_monsterinsights_sitenote_note":"","_monsterinsights_sitenote_category":0},"product_brand":[],"product_cat":[12291,12711],"product_tag":[],"class_list":{"0":"post-720682","1":"product","2":"type-product","3":"status-publish","5":"product_cat-edebiyat","6":"product_cat-roman-oyku","7":"pa_cilt-ciltsiz","8":"pa_tur-kitap","9":"pa_yayinevi-perseus","10":"pa_yazar-mucahit-ozdogan","12":"first","13":"instock","14":"sale","15":"shipping-taxable","16":"purchasable","17":"product-type-simple"},"_links":{"self":[{"href":"https:\/\/roveyayinevi.com.tr\/index.php\/wp-json\/wp\/v2\/product\/720682","targetHints":{"allow":["GET"]}}],"collection":[{"href":"https:\/\/roveyayinevi.com.tr\/index.php\/wp-json\/wp\/v2\/product"}],"about":[{"href":"https:\/\/roveyayinevi.com.tr\/index.php\/wp-json\/wp\/v2\/types\/product"}],"wp:attachment":[{"href":"https:\/\/roveyayinevi.com.tr\/index.php\/wp-json\/wp\/v2\/media?parent=720682"}],"wp:term":[{"taxonomy":"product_brand","embeddable":true,"href":"https:\/\/roveyayinevi.com.tr\/index.php\/wp-json\/wp\/v2\/product_brand?post=720682"},{"taxonomy":"product_cat","embeddable":true,"href":"https:\/\/roveyayinevi.com.tr\/index.php\/wp-json\/wp\/v2\/product_cat?post=720682"},{"taxonomy":"product_tag","embeddable":true,"href":"https:\/\/roveyayinevi.com.tr\/index.php\/wp-json\/wp\/v2\/product_tag?post=720682"}],"curies":[{"name":"wp","href":"https:\/\/api.w.org\/{rel}","templated":true}]}}