{"id":720681,"date":"2025-08-27T18:39:25","date_gmt":"2025-08-27T15:39:25","guid":{"rendered":"https:\/\/roveyayinevi.com.tr\/index.php\/urun\/huznumun-diregi\/"},"modified":"2026-04-16T02:28:42","modified_gmt":"2026-04-15T23:28:42","slug":"huznumun-diregi","status":"publish","type":"product","link":"https:\/\/roveyayinevi.com.tr\/index.php\/urun\/huznumun-diregi\/","title":{"rendered":"H\u00fczn\u00fcm\u00fcn Dire\u011fi"},"content":{"rendered":"<p>\u201cT\u0131pk\u0131 bir film \u015feridine tak\u0131lm\u0131\u015f ac\u0131 tatl\u0131 kareler misali yan yana, i\u00e7 i\u00e7e iki dost \u015fiir ve sinema\u2026 H\u00fcz\u00fcnleri ortak, yollar\u0131 uzun\u2026<\/p>\n","protected":false},"excerpt":{"rendered":"<p>\u201cT\u0131pk\u0131 bir film \u015feridine tak\u0131lm\u0131\u015f ac\u0131 tatl\u0131 kareler misali yan yana, i\u00e7 i\u00e7e iki dost \u015fiir ve sinema\u2026 H\u00fcz\u00fcnleri ortak, yollar\u0131 uzun\u2026<\/p>\n","protected":false},"featured_media":0,"template":"","meta":{"_monsterinsights_skip_tracking":false,"_monsterinsights_sitenote_active":false,"_monsterinsights_sitenote_note":"","_monsterinsights_sitenote_category":0},"product_brand":[],"product_cat":[12291,12332],"product_tag":[],"class_list":{"0":"post-720681","1":"product","2":"type-product","3":"status-publish","5":"product_cat-edebiyat","6":"product_cat-senaryo","7":"pa_cilt-ciltsiz","8":"pa_tur-kitap","9":"pa_yayinevi-elpis-yayinlari","10":"pa_yazar-osman-akyol","12":"first","13":"instock","14":"sale","15":"shipping-taxable","16":"purchasable","17":"product-type-simple"},"_links":{"self":[{"href":"https:\/\/roveyayinevi.com.tr\/index.php\/wp-json\/wp\/v2\/product\/720681","targetHints":{"allow":["GET"]}}],"collection":[{"href":"https:\/\/roveyayinevi.com.tr\/index.php\/wp-json\/wp\/v2\/product"}],"about":[{"href":"https:\/\/roveyayinevi.com.tr\/index.php\/wp-json\/wp\/v2\/types\/product"}],"wp:attachment":[{"href":"https:\/\/roveyayinevi.com.tr\/index.php\/wp-json\/wp\/v2\/media?parent=720681"}],"wp:term":[{"taxonomy":"product_brand","embeddable":true,"href":"https:\/\/roveyayinevi.com.tr\/index.php\/wp-json\/wp\/v2\/product_brand?post=720681"},{"taxonomy":"product_cat","embeddable":true,"href":"https:\/\/roveyayinevi.com.tr\/index.php\/wp-json\/wp\/v2\/product_cat?post=720681"},{"taxonomy":"product_tag","embeddable":true,"href":"https:\/\/roveyayinevi.com.tr\/index.php\/wp-json\/wp\/v2\/product_tag?post=720681"}],"curies":[{"name":"wp","href":"https:\/\/api.w.org\/{rel}","templated":true}]}}