{"id":720651,"date":"2025-08-27T18:39:01","date_gmt":"2025-08-27T15:39:01","guid":{"rendered":"https:\/\/roveyayinevi.com.tr\/index.php\/urun\/annemin-bavulu-ciltli\/"},"modified":"2026-04-16T02:28:42","modified_gmt":"2026-04-15T23:28:42","slug":"annemin-bavulu-ciltli","status":"publish","type":"product","link":"https:\/\/roveyayinevi.com.tr\/index.php\/urun\/annemin-bavulu-ciltli\/","title":{"rendered":"Annemin Bavulu (Ciltli)"},"content":{"rendered":"<p>Ya\u011fmur\u2019un annesi tam \u00fc\u00e7 g\u00fcnl\u00fc\u011f\u00fcne uzaklara gitmek zorunda. Ya\u011fmur da annesi evini \u00f6zleyip \u00fcz\u00fclmesin diye bavulunu en sevdi\u011fi \u015feylerle dolduruyor: oyuncak ay\u0131lar, sebzeler, \u00e7im bi\u00e7me makinesi ve daha neler neler! Annemin Bavulu, k\u00fc\u00e7\u00fck bir k\u0131zdan annesine sevimli mi sevimli bir hediye\u2026<\/p>\n","protected":false},"excerpt":{"rendered":"<p>Ya\u011fmur\u2019un annesi tam \u00fc\u00e7 g\u00fcnl\u00fc\u011f\u00fcne uzaklara gitmek zorunda. Ya\u011fmur da annesi evini \u00f6zleyip \u00fcz\u00fclmesin diye bavulunu en sevdi\u011fi \u015feylerle dolduruyor: oyuncak ay\u0131lar, sebzeler, \u00e7im bi\u00e7me makinesi<span class=\"excerpt-hellip\"> [\u2026]<\/span><\/p>\n","protected":false},"featured_media":0,"template":"","meta":{"_monsterinsights_skip_tracking":false,"_monsterinsights_sitenote_active":false,"_monsterinsights_sitenote_note":"","_monsterinsights_sitenote_category":0},"product_brand":[],"product_cat":[12913,12274],"product_tag":[],"class_list":{"0":"post-720651","1":"product","2":"type-product","3":"status-publish","5":"product_cat-3-6-yas-kitaplari","6":"product_cat-cocuk-ve-genclik-kitaplari","7":"pa_cilt-ciltli","8":"pa_tur-kitap","9":"pa_yayinevi-beyaz-balina-yayinlari","10":"pa_yazar-pip-jones-sara-ogilvie","12":"first","13":"instock","14":"sale","15":"shipping-taxable","16":"purchasable","17":"product-type-simple"},"_links":{"self":[{"href":"https:\/\/roveyayinevi.com.tr\/index.php\/wp-json\/wp\/v2\/product\/720651","targetHints":{"allow":["GET"]}}],"collection":[{"href":"https:\/\/roveyayinevi.com.tr\/index.php\/wp-json\/wp\/v2\/product"}],"about":[{"href":"https:\/\/roveyayinevi.com.tr\/index.php\/wp-json\/wp\/v2\/types\/product"}],"wp:attachment":[{"href":"https:\/\/roveyayinevi.com.tr\/index.php\/wp-json\/wp\/v2\/media?parent=720651"}],"wp:term":[{"taxonomy":"product_brand","embeddable":true,"href":"https:\/\/roveyayinevi.com.tr\/index.php\/wp-json\/wp\/v2\/product_brand?post=720651"},{"taxonomy":"product_cat","embeddable":true,"href":"https:\/\/roveyayinevi.com.tr\/index.php\/wp-json\/wp\/v2\/product_cat?post=720651"},{"taxonomy":"product_tag","embeddable":true,"href":"https:\/\/roveyayinevi.com.tr\/index.php\/wp-json\/wp\/v2\/product_tag?post=720651"}],"curies":[{"name":"wp","href":"https:\/\/api.w.org\/{rel}","templated":true}]}}