{"id":720649,"date":"2025-08-27T18:39:00","date_gmt":"2025-08-27T15:39:00","guid":{"rendered":"https:\/\/roveyayinevi.com.tr\/index.php\/urun\/calisanlarin-liderlik-algisi\/"},"modified":"2026-04-16T02:28:42","modified_gmt":"2026-04-15T23:28:42","slug":"calisanlarin-liderlik-algisi","status":"publish","type":"product","link":"https:\/\/roveyayinevi.com.tr\/index.php\/urun\/calisanlarin-liderlik-algisi\/","title":{"rendered":"\u00c7al\u0131\u015fanlar\u0131n Liderlik Alg\u0131s\u0131"},"content":{"rendered":"<p>Bu \u00e7al\u0131\u015fman\u0131n amac\u0131, \u00e7al\u0131\u015fanlar\u0131n alg\u0131lad\u0131\u011f\u0131 etkile\u015fimci ve d\u00f6n\u00fc\u015f\u00fcmc\u00fc liderlik \u00f6zellikleri ile \u00f6rg\u00fctsel ba\u011fl\u0131l\u0131klar\u0131 aras\u0131ndaki ili\u015fkiyi belirlemek, bu ili\u015fkide ili\u015fkisel liderlik modelini esas alan y\u00f6netici-ast etkile\u015fiminin ara de\u011fi\u015fken rol\u00fcn\u00fc incelemektir.Bu ara\u015ft\u0131rma ile y\u00f6netici-ast etkile\u015fimi alg\u0131s\u0131n\u0131n ve \u00f6rg\u00fctsel ba\u011fl\u0131l\u0131k tutumunun \u00f6nemine i\u015faret edilmekte, y\u00f6netici ve ast aras\u0131nda etkili bir ili\u015fkinin olu\u015fmas\u0131na katk\u0131 sunan fakt\u00f6rlere dikkat \u00e7ekilmektedir. Bu \u00e7al\u0131\u015fman\u0131n sundu\u011fu pratik \u00e7\u0131kt\u0131lara ilave olarak ba\u015fka ara\u015ft\u0131rmalara kaynak olma \u00f6zelli\u011fi ta\u015f\u0131mas\u0131 ve yeni ara\u015ft\u0131rmac\u0131lara yol g\u00f6stermesi beklenmektedir. Bilhassa bu\u00e7al\u0131\u015fmada izlenen akademik metodolojinin sahada \u00e7al\u0131\u015fanlar, akademisyenler ve \u00f6\u011frenciler i\u00e7in tatbik edilen istatistiki y\u00f6ntemler ba\u011flam\u0131nda a\u00e7\u0131klay\u0131c\u0131 ve yol g\u00f6sterici olaca\u011f\u0131 de\u011ferlendirilmektedir.<\/p>\n","protected":false},"excerpt":{"rendered":"<p>Bu \u00e7al\u0131\u015fman\u0131n amac\u0131, \u00e7al\u0131\u015fanlar\u0131n alg\u0131lad\u0131\u011f\u0131 etkile\u015fimci ve d\u00f6n\u00fc\u015f\u00fcmc\u00fc liderlik \u00f6zellikleri ile \u00f6rg\u00fctsel ba\u011fl\u0131l\u0131klar\u0131 aras\u0131ndaki ili\u015fkiyi belirlemek, bu ili\u015fkide ili\u015fkisel liderlik modelini esas alan y\u00f6netici-ast etkile\u015fiminin ara<span class=\"excerpt-hellip\"> [\u2026]<\/span><\/p>\n","protected":false},"featured_media":0,"template":"","meta":{"_monsterinsights_skip_tracking":false,"_monsterinsights_sitenote_active":false,"_monsterinsights_sitenote_note":"","_monsterinsights_sitenote_category":0},"product_brand":[],"product_cat":[12337,14706],"product_tag":[],"class_list":{"0":"post-720649","1":"product","2":"type-product","3":"status-publish","5":"product_cat-politika-siyaset","6":"product_cat-siyaset-bilimi","7":"pa_cilt-ciltsiz","8":"pa_tur-kitap","9":"pa_yayinevi-astana-yayinlari","10":"pa_yazar-murat-sengoz","12":"first","13":"instock","14":"sale","15":"shipping-taxable","16":"purchasable","17":"product-type-simple"},"_links":{"self":[{"href":"https:\/\/roveyayinevi.com.tr\/index.php\/wp-json\/wp\/v2\/product\/720649","targetHints":{"allow":["GET"]}}],"collection":[{"href":"https:\/\/roveyayinevi.com.tr\/index.php\/wp-json\/wp\/v2\/product"}],"about":[{"href":"https:\/\/roveyayinevi.com.tr\/index.php\/wp-json\/wp\/v2\/types\/product"}],"wp:attachment":[{"href":"https:\/\/roveyayinevi.com.tr\/index.php\/wp-json\/wp\/v2\/media?parent=720649"}],"wp:term":[{"taxonomy":"product_brand","embeddable":true,"href":"https:\/\/roveyayinevi.com.tr\/index.php\/wp-json\/wp\/v2\/product_brand?post=720649"},{"taxonomy":"product_cat","embeddable":true,"href":"https:\/\/roveyayinevi.com.tr\/index.php\/wp-json\/wp\/v2\/product_cat?post=720649"},{"taxonomy":"product_tag","embeddable":true,"href":"https:\/\/roveyayinevi.com.tr\/index.php\/wp-json\/wp\/v2\/product_tag?post=720649"}],"curies":[{"name":"wp","href":"https:\/\/api.w.org\/{rel}","templated":true}]}}