{"id":720647,"date":"2025-08-27T18:38:59","date_gmt":"2025-08-27T15:38:59","guid":{"rendered":"https:\/\/roveyayinevi.com.tr\/index.php\/urun\/anne-karnindan-yuva-sicagina\/"},"modified":"2026-04-16T02:28:42","modified_gmt":"2026-04-15T23:28:42","slug":"anne-karnindan-yuva-sicagina","status":"publish","type":"product","link":"https:\/\/roveyayinevi.com.tr\/index.php\/urun\/anne-karnindan-yuva-sicagina\/","title":{"rendered":"Anne Karn\u0131ndan Yuva S\u0131ca\u011f\u0131na"},"content":{"rendered":"<p>\u0130ki bebek geldi d\u00fcnyaya:Biri istendi, \u00e7ok sevildi, takdir g\u00f6rd\u00fc\u2026Di\u011feri istenmedi, sevilmedi, \u015fiddet g\u00f6rd\u00fc\u2026\u0130kisi de b\u00fcy\u00fcy\u00fcp serpildi.Biri ona uzat\u0131lan bir paket i\u00e7inden ald\u0131\u011f\u0131n\u0131 t\u00fctt\u00fcrd\u00fc i\u00e7i yana yana. Di\u011feri kendisine uzat\u0131lan kitapla hayat\u0131na y\u00f6n verdi kararl\u0131l\u0131kla. \u0130kisi de zaman i\u00e7inde zorluklarla kar\u015f\u0131la\u015f\u0131p bedeller \u00f6dedi. Ve sordular kendilerine: \u201cHayat neydi?\u201d, \u201cYa\u015famak neydi?\u201d, \u201cSevgi neydi?\u201d, \u201cBa\u015farmak neydi?&#8221;Pedagog Oya Akba\u015f, iki \u00e7ocu\u011fun g\u00f6z\u00fcnden duygusal bir pedagojik yolculu\u011fa davet ediyor sizleri. Anne karn\u0131ndan ba\u015flayarak ergenlik d\u00f6nemine kadar ad\u0131m ad\u0131m ilerlerken bazen tebess\u00fcm ederek s\u0131cac\u0131k olacak i\u00e7iniz, bazen de g\u00f6zya\u015flar\u0131n\u0131za h\u00e2kim olamayacaks\u0131n\u0131z ve s\u0131zlayacak y\u00fcre\u011finiz.<\/p>\n","protected":false},"excerpt":{"rendered":"<p>\u0130ki bebek geldi d\u00fcnyaya:Biri istendi, \u00e7ok sevildi, takdir g\u00f6rd\u00fc\u2026Di\u011feri istenmedi, sevilmedi, \u015fiddet g\u00f6rd\u00fc\u2026\u0130kisi de b\u00fcy\u00fcy\u00fcp serpildi.Biri ona uzat\u0131lan bir paket i\u00e7inden ald\u0131\u011f\u0131n\u0131 t\u00fctt\u00fcrd\u00fc i\u00e7i yana yana.<span class=\"excerpt-hellip\"> [\u2026]<\/span><\/p>\n","protected":false},"featured_media":0,"template":"","meta":{"_monsterinsights_skip_tracking":false,"_monsterinsights_sitenote_active":false,"_monsterinsights_sitenote_note":"","_monsterinsights_sitenote_category":0},"product_brand":[],"product_cat":[14787,13488],"product_tag":[],"class_list":{"0":"post-720647","1":"product","2":"type-product","3":"status-publish","5":"product_cat-diger-toplum-ve-insan","6":"product_cat-toplum-ve-insan","7":"pa_cilt-ciltsiz","8":"pa_tur-kitap","9":"pa_yayinevi-yediveren-yayinlari","10":"pa_yazar-oya-akbas","12":"first","13":"instock","14":"sale","15":"shipping-taxable","16":"purchasable","17":"product-type-simple"},"_links":{"self":[{"href":"https:\/\/roveyayinevi.com.tr\/index.php\/wp-json\/wp\/v2\/product\/720647","targetHints":{"allow":["GET"]}}],"collection":[{"href":"https:\/\/roveyayinevi.com.tr\/index.php\/wp-json\/wp\/v2\/product"}],"about":[{"href":"https:\/\/roveyayinevi.com.tr\/index.php\/wp-json\/wp\/v2\/types\/product"}],"wp:attachment":[{"href":"https:\/\/roveyayinevi.com.tr\/index.php\/wp-json\/wp\/v2\/media?parent=720647"}],"wp:term":[{"taxonomy":"product_brand","embeddable":true,"href":"https:\/\/roveyayinevi.com.tr\/index.php\/wp-json\/wp\/v2\/product_brand?post=720647"},{"taxonomy":"product_cat","embeddable":true,"href":"https:\/\/roveyayinevi.com.tr\/index.php\/wp-json\/wp\/v2\/product_cat?post=720647"},{"taxonomy":"product_tag","embeddable":true,"href":"https:\/\/roveyayinevi.com.tr\/index.php\/wp-json\/wp\/v2\/product_tag?post=720647"}],"curies":[{"name":"wp","href":"https:\/\/api.w.org\/{rel}","templated":true}]}}