{"id":720639,"date":"2025-08-27T18:38:53","date_gmt":"2025-08-27T15:38:53","guid":{"rendered":"https:\/\/roveyayinevi.com.tr\/index.php\/urun\/gonye-ve-hilal\/"},"modified":"2026-04-16T02:28:41","modified_gmt":"2026-04-15T23:28:41","slug":"gonye-ve-hilal","status":"publish","type":"product","link":"https:\/\/roveyayinevi.com.tr\/index.php\/urun\/gonye-ve-hilal\/","title":{"rendered":"G\u00f6nye ve Hilal"},"content":{"rendered":"<p>Angelo Iocovella G\u00f6nye ve Hilal ismiyle haz\u0131rlad\u0131\u011f\u0131 m\u00fckemmel \u00e7al\u0131\u015fmas\u0131nda T\u00fcrkler ve \u0130talyan Masonlu\u011fu hakk\u0131nda bug\u00fcne kadar pek az kullan\u0131lm\u0131\u015f ya da hi\u00e7 kullan\u0131lmam\u0131\u015f \u0130talyan ar\u015fivleri ve \u00f6zellikle de, B\u00fcy\u00fck \u00dcstat Ettore Ferrari\u2019nin heyecan verici yaz\u0131\u015fmalar\u0131n\u0131 bar\u0131nd\u0131ran sevdikleri kabalalardan ve gizlerden \u00e7ok, d\u00f6nemin kimi zaman olduk\u00e7a saf  devrimci ve enternasyonalist ideallerine yak\u0131n bir masonlu\u011fu g\u00f6zler \u00f6n\u00fcne seren heyecan verici bir inceleme olarak \u00f6n\u00fcm\u00fcze \u00e7\u0131k\u0131yor <\/p>\n","protected":false},"excerpt":{"rendered":"<p>Angelo Iocovella G\u00f6nye ve Hilal ismiyle haz\u0131rlad\u0131\u011f\u0131 m\u00fckemmel \u00e7al\u0131\u015fmas\u0131nda T\u00fcrkler ve \u0130talyan Masonlu\u011fu hakk\u0131nda bug\u00fcne kadar pek az kullan\u0131lm\u0131\u015f ya da hi\u00e7 kullan\u0131lmam\u0131\u015f \u0130talyan ar\u015fivleri ve<span class=\"excerpt-hellip\"> [\u2026]<\/span><\/p>\n","protected":false},"featured_media":0,"template":"","meta":{"_monsterinsights_skip_tracking":false,"_monsterinsights_sitenote_active":false,"_monsterinsights_sitenote_note":"","_monsterinsights_sitenote_category":0},"product_brand":[],"product_cat":[12312,12304],"product_tag":[],"class_list":{"0":"post-720639","1":"product","2":"type-product","3":"status-publish","5":"product_cat-diger","6":"product_cat-tarih","7":"pa_cilt-ciltsiz","8":"pa_tur-kitap","9":"pa_yayinevi-altinordu-yayinlari","10":"pa_yazar-angelo-lacovella","12":"first","13":"instock","14":"sale","15":"shipping-taxable","16":"purchasable","17":"product-type-simple"},"_links":{"self":[{"href":"https:\/\/roveyayinevi.com.tr\/index.php\/wp-json\/wp\/v2\/product\/720639","targetHints":{"allow":["GET"]}}],"collection":[{"href":"https:\/\/roveyayinevi.com.tr\/index.php\/wp-json\/wp\/v2\/product"}],"about":[{"href":"https:\/\/roveyayinevi.com.tr\/index.php\/wp-json\/wp\/v2\/types\/product"}],"wp:attachment":[{"href":"https:\/\/roveyayinevi.com.tr\/index.php\/wp-json\/wp\/v2\/media?parent=720639"}],"wp:term":[{"taxonomy":"product_brand","embeddable":true,"href":"https:\/\/roveyayinevi.com.tr\/index.php\/wp-json\/wp\/v2\/product_brand?post=720639"},{"taxonomy":"product_cat","embeddable":true,"href":"https:\/\/roveyayinevi.com.tr\/index.php\/wp-json\/wp\/v2\/product_cat?post=720639"},{"taxonomy":"product_tag","embeddable":true,"href":"https:\/\/roveyayinevi.com.tr\/index.php\/wp-json\/wp\/v2\/product_tag?post=720639"}],"curies":[{"name":"wp","href":"https:\/\/api.w.org\/{rel}","templated":true}]}}