{"id":720631,"date":"2025-08-27T18:38:45","date_gmt":"2025-08-27T15:38:45","guid":{"rendered":"https:\/\/roveyayinevi.com.tr\/index.php\/urun\/herkesin-oykusu-ciltli\/"},"modified":"2026-04-16T02:28:41","modified_gmt":"2026-04-15T23:28:41","slug":"herkesin-oykusu-ciltli","status":"publish","type":"product","link":"https:\/\/roveyayinevi.com.tr\/index.php\/urun\/herkesin-oykusu-ciltli\/","title":{"rendered":"Herkesin \u00d6yk\u00fcs\u00fc (Ciltli)"},"content":{"rendered":"<p>Tam \u015fu anda bu kitab\u0131 okumaya karar veren ka\u00e7 ki\u015fi var acaba?Kitaplar\u0131 ondan fazla dile \u00e7evrilen Norve\u00e7li yazar ve \u00e7izer Kristin Roskifte\u2019nin imzas\u0131n\u0131 ta\u015f\u0131yan Herkesin \u00d6yk\u00fcs\u00fc, birden ba\u015flayarak milyara varan say\u0131da yery\u00fcz\u00fc sakinini a\u011f\u0131rlad\u0131\u011f\u0131 sayfalar\u0131nda pek \u00e7ok gizeme yer veriyor; 7\u2019den 70\u2019e herkese, keyifli bir g\u00f6rsel okuma deneyimi ya\u015fat\u0131yor.Merak\u0131 ve ara\u015ft\u0131rma heyecan\u0131n\u0131 tetikleyen \u00f6yk\u00fcs\u00fc, hayal g\u00fcc\u00fcn\u00fc renklendiren tiplemeleri ve g\u00f6zlere \u015fenlik \u00e7izimleriyle e\u011flenceli bir yapbozu and\u0131ran bu etkile\u015fimli kitap, her okundu\u011funda bamba\u015fka tatlar sunuyor, yeni ke\u015fiflere kap\u0131 aral\u0131yor.Bakmakla g\u00f6rmek aras\u0131ndaki farka dikkat \u00e7eken Herkesin \u00d6yk\u00fcs\u00fc, kimi zaman yaln\u0131zca bir rakama d\u00f6n\u00fc\u015fen insan\u0131n maddi olarak say\u0131lamayacak de\u011ferinin ve \u00f6yk\u00fcs\u00fcn\u00fcn alt\u0131n\u0131 \u00e7izerken, duygusal ve varolu\u015fsal meseleler \u00fczerine de d\u00fc\u015f\u00fcnd\u00fcr\u00fcyor.Yazar\u0131n, \u201dKitaptaki Gizemler\u201d ba\u015fl\u0131\u011f\u0131 alt\u0131nda son sayfalarda yer verdi\u011fi a\u00e7\u0131klamalar ve betimlemeler, \u00e7okboyutlu okumaya katk\u0131da bulunurken, bazen her \u015feyin g\u00f6r\u00fcnd\u00fc\u011f\u00fc gibi olmayabilece\u011fine i\u015faret ederek g\u00f6r\u00fcnenin ard\u0131nda yatan olas\u0131 hik\u00e2yeleri sorgulamaya te\u015fvik ediyor.\u201cAyn\u0131 gezegende ya\u015fayan yedi bu\u00e7uk milyar ki\u015fi var. Her biri, kendine \u00f6zg\u00fc, \u00f6zel bir hik\u00e2yeye sahip. C\u00fcmle \u00e2lem burada. Sen de onlardan birisin!\u201dD\u00fcnyan\u0131n d\u00f6rt bir yan\u0131na uzanan bu \u00f6yk\u00fcler atlas\u0131yla, her biri kendi \u00f6yk\u00fcs\u00fcn\u00fcn kahraman\u0131 olan yery\u00fcz\u00fc sakinlerini takip edebilir, \u00f6yk\u00fclerin birbirleriyle nas\u0131l kesi\u015fti\u011fine tan\u0131k olabilir, hatta her okuyu\u015fta yeni \u00f6yk\u00fcler yaratabilirsiniz.Boyutu, birbirinden renkli sayfalar\u0131, merak uyand\u0131ran i\u00e7eri\u011fi kar\u015f\u0131s\u0131nda kay\u0131ts\u0131z kalman\u0131n m\u00fcmk\u00fcn olmad\u0131\u011f\u0131 Herkesin \u00d6yk\u00fcs\u00fc, okuru ters k\u00f6\u015feye yat\u0131ran anlat\u0131m\u0131 ve ayr\u0131nt\u0131l\u0131 \u00e7izimleriyle resimli kitap t\u00fcr\u00fcn\u00fcn en iyileri aras\u0131nda yer al\u0131yor.<\/p>\n","protected":false},"excerpt":{"rendered":"<p>Tam \u015fu anda bu kitab\u0131 okumaya karar veren ka\u00e7 ki\u015fi var acaba?Kitaplar\u0131 ondan fazla dile \u00e7evrilen Norve\u00e7li yazar ve \u00e7izer Kristin Roskifte\u2019nin imzas\u0131n\u0131 ta\u015f\u0131yan Herkesin \u00d6yk\u00fcs\u00fc,<span class=\"excerpt-hellip\"> [\u2026]<\/span><\/p>\n","protected":false},"featured_media":0,"template":"","meta":{"_monsterinsights_skip_tracking":false,"_monsterinsights_sitenote_active":false,"_monsterinsights_sitenote_note":"","_monsterinsights_sitenote_category":0},"product_brand":[],"product_cat":[12291,12711],"product_tag":[],"class_list":{"0":"post-720631","1":"product","2":"type-product","3":"status-publish","5":"product_cat-edebiyat","6":"product_cat-roman-oyku","7":"pa_cilt-ciltli","8":"pa_tur-kitap","9":"pa_yayinevi-desen-yayinlari","10":"pa_yazar-kristin-roskifte","12":"first","13":"instock","14":"sale","15":"shipping-taxable","16":"purchasable","17":"product-type-simple"},"_links":{"self":[{"href":"https:\/\/roveyayinevi.com.tr\/index.php\/wp-json\/wp\/v2\/product\/720631","targetHints":{"allow":["GET"]}}],"collection":[{"href":"https:\/\/roveyayinevi.com.tr\/index.php\/wp-json\/wp\/v2\/product"}],"about":[{"href":"https:\/\/roveyayinevi.com.tr\/index.php\/wp-json\/wp\/v2\/types\/product"}],"wp:attachment":[{"href":"https:\/\/roveyayinevi.com.tr\/index.php\/wp-json\/wp\/v2\/media?parent=720631"}],"wp:term":[{"taxonomy":"product_brand","embeddable":true,"href":"https:\/\/roveyayinevi.com.tr\/index.php\/wp-json\/wp\/v2\/product_brand?post=720631"},{"taxonomy":"product_cat","embeddable":true,"href":"https:\/\/roveyayinevi.com.tr\/index.php\/wp-json\/wp\/v2\/product_cat?post=720631"},{"taxonomy":"product_tag","embeddable":true,"href":"https:\/\/roveyayinevi.com.tr\/index.php\/wp-json\/wp\/v2\/product_tag?post=720631"}],"curies":[{"name":"wp","href":"https:\/\/api.w.org\/{rel}","templated":true}]}}