{"id":720629,"date":"2025-08-27T18:38:37","date_gmt":"2025-08-27T15:38:37","guid":{"rendered":"https:\/\/roveyayinevi.com.tr\/index.php\/urun\/50-unutulmaz-film-daha\/"},"modified":"2026-04-16T02:28:41","modified_gmt":"2026-04-15T23:28:41","slug":"50-unutulmaz-film-daha","status":"publish","type":"product","link":"https:\/\/roveyayinevi.com.tr\/index.php\/urun\/50-unutulmaz-film-daha\/","title":{"rendered":"50 Unutulmaz Film Daha"},"content":{"rendered":"<p>Belleklere kaz\u0131nm\u0131\u015f unutulmaz filmlerden bir kesit daha&#8230;Atill\u00e2 Dorsay, Sineman\u0131n Hazineleri: 50 Unutulmaz Film kitab\u0131n\u0131n bu ikinci cildinde, yine sinema tarihine \u2018en \u00f6zg\u00fcr bi\u00e7imde\u2019 e\u011filiyor. Ve 30\u2019lardan 70\u2019lere hat\u0131rlanmas\u0131 gereken ya da g\u00fcncelli\u011fin an\u0131msatt\u0131\u011f\u0131 filmleri ele al\u0131yor: Sisler R\u0131ht\u0131m\u0131\u2019ndan Notre Dame\u2019\u0131n Kamburu\u2019na, Yanl\u0131\u015f Numara\u2019dan Pandora\u2019ya, Milano Mucizesi\u2019nden Avare\u2019ye, Ankara Casusu\u2019ndan Zorba\u2019ya, Yankesici\u2019den Burjuvazinin Gizli \u00c7ekicili\u011fi\u2019ne, Y\u00fcr\u00fcyen \u00d6l\u00fclerin Gecesi\u2019nden \u015eark Ekspresinde Cinayet\u2019e&#8230; Bir kez daha, sinema sevgisiyle tutkusunu birle\u015ftiren yaz\u0131lar bir arada&#8230; <\/p>\n","protected":false},"excerpt":{"rendered":"<p>Belleklere kaz\u0131nm\u0131\u015f unutulmaz filmlerden bir kesit daha&#8230;Atill\u00e2 Dorsay, Sineman\u0131n Hazineleri: 50 Unutulmaz Film kitab\u0131n\u0131n bu ikinci cildinde, yine sinema tarihine \u2018en \u00f6zg\u00fcr bi\u00e7imde\u2019 e\u011filiyor. Ve 30\u2019lardan<span class=\"excerpt-hellip\"> [\u2026]<\/span><\/p>\n","protected":false},"featured_media":0,"template":"","meta":{"_monsterinsights_skip_tracking":false,"_monsterinsights_sitenote_active":false,"_monsterinsights_sitenote_note":"","_monsterinsights_sitenote_category":0},"product_brand":[],"product_cat":[12409,12408],"product_tag":[],"class_list":{"0":"post-720629","1":"product","2":"type-product","3":"status-publish","5":"product_cat-fotograf-sinema-tiyatro","6":"product_cat-sanat","7":"pa_cilt-ciltsiz","8":"pa_tur-kitap","9":"pa_yayinevi-remzi-kitabevi","10":"pa_yazar-atilla-dorsay","12":"first","13":"instock","14":"sale","15":"shipping-taxable","16":"purchasable","17":"product-type-simple"},"_links":{"self":[{"href":"https:\/\/roveyayinevi.com.tr\/index.php\/wp-json\/wp\/v2\/product\/720629","targetHints":{"allow":["GET"]}}],"collection":[{"href":"https:\/\/roveyayinevi.com.tr\/index.php\/wp-json\/wp\/v2\/product"}],"about":[{"href":"https:\/\/roveyayinevi.com.tr\/index.php\/wp-json\/wp\/v2\/types\/product"}],"wp:attachment":[{"href":"https:\/\/roveyayinevi.com.tr\/index.php\/wp-json\/wp\/v2\/media?parent=720629"}],"wp:term":[{"taxonomy":"product_brand","embeddable":true,"href":"https:\/\/roveyayinevi.com.tr\/index.php\/wp-json\/wp\/v2\/product_brand?post=720629"},{"taxonomy":"product_cat","embeddable":true,"href":"https:\/\/roveyayinevi.com.tr\/index.php\/wp-json\/wp\/v2\/product_cat?post=720629"},{"taxonomy":"product_tag","embeddable":true,"href":"https:\/\/roveyayinevi.com.tr\/index.php\/wp-json\/wp\/v2\/product_tag?post=720629"}],"curies":[{"name":"wp","href":"https:\/\/api.w.org\/{rel}","templated":true}]}}