{"id":720621,"date":"2025-08-27T18:38:31","date_gmt":"2025-08-27T15:38:31","guid":{"rendered":"https:\/\/roveyayinevi.com.tr\/index.php\/urun\/gulliverin-gezileri-6\/"},"modified":"2026-04-16T02:28:41","modified_gmt":"2026-04-15T23:28:41","slug":"gulliverin-gezileri-6","status":"publish","type":"product","link":"https:\/\/roveyayinevi.com.tr\/index.php\/urun\/gulliverin-gezileri-6\/","title":{"rendered":"Gulliver&#8217;in Gezileri"},"content":{"rendered":"<p>Lemuel Gulliver ba\u015fka \u00fclkeleri ve ba\u015fka hayatlar\u0131 \u00f6yle merak ediyor ki, sonunda gemiyle uzun bir yolculu\u011fa \u00e7\u0131karak akla hayale gelmeyecek kadar tuhaf maceralar ya\u015f\u0131yor. Birinde kendini ufac\u0131k insanlar\u0131n ya\u015fad\u0131\u011f\u0131 Lilliput adas\u0131nda bir dev olarak buluyor, bir di\u011ferinde g\u00f6kdelen misali upuzun devlerin h\u00fck\u00fcm s\u00fcrd\u00fc\u011f\u00fc Brobdingnag\u2019da herkesten k\u00fc\u00e7\u00fck olmay\u0131 deneyimliyor.\u0130ngiliz yazar Jonathan Swift, \u201cGulliver\u2019in Gezileri\u201dnde hem insanl\u0131\u011f\u0131n t\u00fcrl\u00fc \u00e7e\u015fit hallerinden bir se\u00e7ki sunuyor hem de okurlar\u0131 bir masal atmosferinin i\u00e7ine g\u00f6t\u00fcr\u00fcyor. Okurken \u00e7ok e\u011flenecek, \u00e7ok d\u00fc\u015f\u00fcneceksiniz.<\/p>\n","protected":false},"excerpt":{"rendered":"<p>Lemuel Gulliver ba\u015fka \u00fclkeleri ve ba\u015fka hayatlar\u0131 \u00f6yle merak ediyor ki, sonunda gemiyle uzun bir yolculu\u011fa \u00e7\u0131karak akla hayale gelmeyecek kadar tuhaf maceralar ya\u015f\u0131yor. Birinde kendini<span class=\"excerpt-hellip\"> [\u2026]<\/span><\/p>\n","protected":false},"featured_media":0,"template":"","meta":{"_monsterinsights_skip_tracking":false,"_monsterinsights_sitenote_active":false,"_monsterinsights_sitenote_note":"","_monsterinsights_sitenote_category":0},"product_brand":[],"product_cat":[12274,12467],"product_tag":[],"class_list":{"0":"post-720621","1":"product","2":"type-product","3":"status-publish","5":"product_cat-cocuk-ve-genclik-kitaplari","6":"product_cat-dunya-klasikleri","7":"pa_cilt-ciltsiz","8":"pa_tur-kitap","9":"pa_yayinevi-turkuvaz-kitap","10":"pa_yazar-jonathan-swift","12":"first","13":"instock","14":"sale","15":"shipping-taxable","16":"purchasable","17":"product-type-simple"},"_links":{"self":[{"href":"https:\/\/roveyayinevi.com.tr\/index.php\/wp-json\/wp\/v2\/product\/720621","targetHints":{"allow":["GET"]}}],"collection":[{"href":"https:\/\/roveyayinevi.com.tr\/index.php\/wp-json\/wp\/v2\/product"}],"about":[{"href":"https:\/\/roveyayinevi.com.tr\/index.php\/wp-json\/wp\/v2\/types\/product"}],"wp:attachment":[{"href":"https:\/\/roveyayinevi.com.tr\/index.php\/wp-json\/wp\/v2\/media?parent=720621"}],"wp:term":[{"taxonomy":"product_brand","embeddable":true,"href":"https:\/\/roveyayinevi.com.tr\/index.php\/wp-json\/wp\/v2\/product_brand?post=720621"},{"taxonomy":"product_cat","embeddable":true,"href":"https:\/\/roveyayinevi.com.tr\/index.php\/wp-json\/wp\/v2\/product_cat?post=720621"},{"taxonomy":"product_tag","embeddable":true,"href":"https:\/\/roveyayinevi.com.tr\/index.php\/wp-json\/wp\/v2\/product_tag?post=720621"}],"curies":[{"name":"wp","href":"https:\/\/api.w.org\/{rel}","templated":true}]}}