{"id":720601,"date":"2025-08-27T18:38:14","date_gmt":"2025-08-27T15:38:14","guid":{"rendered":"https:\/\/roveyayinevi.com.tr\/index.php\/urun\/maskeli-balo-ve-diger-oykuler\/"},"modified":"2026-04-16T02:28:40","modified_gmt":"2026-04-15T23:28:40","slug":"maskeli-balo-ve-diger-oykuler","status":"publish","type":"product","link":"https:\/\/roveyayinevi.com.tr\/index.php\/urun\/maskeli-balo-ve-diger-oykuler\/","title":{"rendered":"Maskeli Balo ve Di\u011fer \u00d6yk\u00fcler"},"content":{"rendered":"<p>T\u00fcrk edebiyat\u0131n\u0131n \u201ctek kitap\u201dla efsanele\u015fen yazarlar\u0131 aras\u0131nda ilk akla gelenidir \u00d6zcan Erg\u00fcder.Sait Faik\u2019in 1949\u2019da \u201c\u0130ngiltere\u2019den bir arkada\u015f\u0131m var, ne g\u00fczel yaz\u0131yor\u201d s\u00f6zleriyle m\u00fcjdeledi\u011fi; Vedat G\u00fcnyol, Erdal \u00d6z, Oktay Akbal gibi isimlerin \u00f6yk\u00fclerinden \u00f6vg\u00fcyle s\u00f6z etti\u011fi bir kalem. Daha sonra yazmamay\u0131 de\u011filse bile yay\u0131mlamamay\u0131 tercih ederek \u201cedebi sessizli\u011fi\u201d ya\u015fayan ve her ge\u00e7en g\u00fcn efsanesi daha da derinle\u015fen \u00d6zcan Erg\u00fcder\u2019in ilk olarak 1956 y\u0131l\u0131nda yay\u0131mlanan Maskeli Balo adl\u0131 \u00f6yk\u00fc kitab\u0131, dergilerde kalan ve terekesinden \u00e7\u0131kan \u00f6yk\u00fcler ile birlikte yeniden okuruna kavu\u015fuyor.Maskeli Balo ve Di\u011fer \u00d6yk\u00fcler; \u00fczerinden bunca zaman ge\u00e7ti\u011fi halde hi\u00e7 eskimedi\u011fi gibi bug\u00fcn yaz\u0131lm\u0131\u015f gibi tazeli\u011fini korumaya devam ediyor. Yenilenmi\u015f \u00f6yk\u00fcler toplam\u0131, asla t\u00fckenmeyecek tekni\u011fiyle hem bir efsaneyi yeniden ortaya \u00e7\u0131kar\u0131yor hem de deyim yerindeyse yepyeni bir yazar\u0131 okuruyla bulu\u015fturuyor\u2026<\/p>\n","protected":false},"excerpt":{"rendered":"<p>T\u00fcrk edebiyat\u0131n\u0131n \u201ctek kitap\u201dla efsanele\u015fen yazarlar\u0131 aras\u0131nda ilk akla gelenidir \u00d6zcan Erg\u00fcder.Sait Faik\u2019in 1949\u2019da \u201c\u0130ngiltere\u2019den bir arkada\u015f\u0131m var, ne g\u00fczel yaz\u0131yor\u201d s\u00f6zleriyle m\u00fcjdeledi\u011fi; Vedat G\u00fcnyol, Erdal<span class=\"excerpt-hellip\"> [\u2026]<\/span><\/p>\n","protected":false},"featured_media":0,"template":"","meta":{"_monsterinsights_skip_tracking":false,"_monsterinsights_sitenote_active":false,"_monsterinsights_sitenote_note":"","_monsterinsights_sitenote_category":0},"product_brand":[],"product_cat":[12291,12711],"product_tag":[],"class_list":{"0":"post-720601","1":"product","2":"type-product","3":"status-publish","5":"product_cat-edebiyat","6":"product_cat-roman-oyku","7":"pa_cilt-ciltsiz","8":"pa_tur-kitap","9":"pa_yayinevi-kirmizi-kedi-yayinevi","10":"pa_yazar-ozcan-erguder","12":"first","13":"instock","14":"sale","15":"shipping-taxable","16":"purchasable","17":"product-type-simple"},"_links":{"self":[{"href":"https:\/\/roveyayinevi.com.tr\/index.php\/wp-json\/wp\/v2\/product\/720601","targetHints":{"allow":["GET"]}}],"collection":[{"href":"https:\/\/roveyayinevi.com.tr\/index.php\/wp-json\/wp\/v2\/product"}],"about":[{"href":"https:\/\/roveyayinevi.com.tr\/index.php\/wp-json\/wp\/v2\/types\/product"}],"wp:attachment":[{"href":"https:\/\/roveyayinevi.com.tr\/index.php\/wp-json\/wp\/v2\/media?parent=720601"}],"wp:term":[{"taxonomy":"product_brand","embeddable":true,"href":"https:\/\/roveyayinevi.com.tr\/index.php\/wp-json\/wp\/v2\/product_brand?post=720601"},{"taxonomy":"product_cat","embeddable":true,"href":"https:\/\/roveyayinevi.com.tr\/index.php\/wp-json\/wp\/v2\/product_cat?post=720601"},{"taxonomy":"product_tag","embeddable":true,"href":"https:\/\/roveyayinevi.com.tr\/index.php\/wp-json\/wp\/v2\/product_tag?post=720601"}],"curies":[{"name":"wp","href":"https:\/\/api.w.org\/{rel}","templated":true}]}}