{"id":720576,"date":"2025-08-27T18:37:54","date_gmt":"2025-08-27T15:37:54","guid":{"rendered":"https:\/\/roveyayinevi.com.tr\/index.php\/urun\/tuhafi-asma-zamani\/"},"modified":"2026-04-16T02:28:40","modified_gmt":"2026-04-15T23:28:40","slug":"tuhafi-asma-zamani","status":"publish","type":"product","link":"https:\/\/roveyayinevi.com.tr\/index.php\/urun\/tuhafi-asma-zamani\/","title":{"rendered":"Tuhaf\u0131 A\u015fma Zaman\u0131"},"content":{"rendered":"<p>\u201cKuantum mekani\u011fi \u2018tuhaf\u2019 g\u00f6r\u00fcnebilir ama mant\u0131ks\u0131z de\u011fildir. Sadece yeni ve a\u015fina olmad\u0131\u011f\u0131m\u0131z bir mant\u0131k devrededir. Kavrayabilirseniz, yani kuantum mekani\u011finin i\u015fte bu \u015fekilde i\u015fledi\u011fini kabul edebilirseniz, o zaman kuantum d\u00fcnyas\u0131 tuhaf g\u00f6r\u00fcnmekten \u00e7\u0131k\u0131p farkl\u0131 gelenek ve g\u00f6renekleriyle, kendi g\u00fczel i\u00e7 tutarl\u0131l\u0131\u011f\u0131yla bamba\u015fka bir yer olur \u00e7\u0131kar.\u201d   Tuhaf\u0131 A\u015fma Zaman\u0131 analojiler, metaforlar, imgelerle dolu kuantum anlat\u0131lar\u0131ndan farkl\u0131 olarak, burada ve \u015fimdi hakk\u0131ndaki pe\u015fin h\u00fck\u00fcmlerimizi sarsan, uzay ve zamanla dala\u015fan, dile d\u00f6kemedi\u011fimiz, mant\u0131\u011f\u0131m\u0131z\u0131 hi\u00e7e sayan kuantum d\u00fcnyas\u0131n\u0131n neden \u201ctuhaf\u201d oldu\u011funu de\u011fil, neden bizim d\u00fcnyam\u0131z\u0131n ona benzemedi\u011fini anlat\u0131yor.   Kuantum kuram\u0131n\u0131n nas\u0131l i\u015fledi\u011fini, hakk\u0131ndaki kli\u015feleri, yanl\u0131\u015f yorumlar\u0131, deneyimledi\u011fimiz d\u00fcnyan\u0131n sezgi kar\u015f\u0131t\u0131 ilkelerini nas\u0131l yaratt\u0131\u011f\u0131n\u0131, bizim ger\u00e7eklik, bilgi ve dille kurdu\u011fumuz ili\u015fkilerin s\u0131n\u0131rlar\u0131n\u0131 neden, nas\u0131l zorlad\u0131\u011f\u0131n\u0131 tart\u0131\u015farak bu kuramla birlikte bug\u00fcne kadar bildi\u011fimiz baz\u0131 \u015feylerin art\u0131k neden ge\u00e7erli olmad\u0131\u011f\u0131n\u0131 g\u00f6steriyor.   Ball\u2019un son derece kolay anla\u015f\u0131l\u0131r metni, g\u00fcn\u00fcm\u00fczde kuantum mekani\u011finin temellerinin teoride nas\u0131l ele al\u0131nd\u0131\u011f\u0131n\u0131 t\u00fcm detaylar\u0131yla g\u00f6steriyor. Tuhaf\u0131 A\u015fma Zaman\u0131\u2019n\u0131n bu alanda okudu\u011fum en iyi kitap oldu\u011funu rahatl\u0131kla s\u00f6yleyebilirim.   Margaret Wertheim, Washington Post   Kuantum fizi\u011fi hakk\u0131nda yaz\u0131lm\u0131\u015f son y\u0131llar\u0131n en \u00f6zg\u00fcn ve ilgi \u00e7ekici kitab\u0131.   Brian Clegg, Physics World <\/p>\n","protected":false},"excerpt":{"rendered":"<p>\u201cKuantum mekani\u011fi \u2018tuhaf\u2019 g\u00f6r\u00fcnebilir ama mant\u0131ks\u0131z de\u011fildir. Sadece yeni ve a\u015fina olmad\u0131\u011f\u0131m\u0131z bir mant\u0131k devrededir. Kavrayabilirseniz, yani kuantum mekani\u011finin i\u015fte bu \u015fekilde i\u015fledi\u011fini kabul edebilirseniz, o<span class=\"excerpt-hellip\"> [\u2026]<\/span><\/p>\n","protected":false},"featured_media":0,"template":"","meta":{"_monsterinsights_skip_tracking":false,"_monsterinsights_sitenote_active":false,"_monsterinsights_sitenote_note":"","_monsterinsights_sitenote_category":0},"product_brand":[],"product_cat":[13005,37328],"product_tag":[],"class_list":{"0":"post-720576","1":"product","2":"type-product","3":"status-publish","5":"product_cat-bilim-muhendislik","6":"product_cat-diger-bilim-muhendislik","7":"pa_cilt-ciltsiz","8":"pa_tur-kitap","9":"pa_yayinevi-kolektif-kitap","10":"pa_yazar-philip-ball","12":"first","13":"instock","14":"sale","15":"shipping-taxable","16":"purchasable","17":"product-type-simple"},"_links":{"self":[{"href":"https:\/\/roveyayinevi.com.tr\/index.php\/wp-json\/wp\/v2\/product\/720576","targetHints":{"allow":["GET"]}}],"collection":[{"href":"https:\/\/roveyayinevi.com.tr\/index.php\/wp-json\/wp\/v2\/product"}],"about":[{"href":"https:\/\/roveyayinevi.com.tr\/index.php\/wp-json\/wp\/v2\/types\/product"}],"wp:attachment":[{"href":"https:\/\/roveyayinevi.com.tr\/index.php\/wp-json\/wp\/v2\/media?parent=720576"}],"wp:term":[{"taxonomy":"product_brand","embeddable":true,"href":"https:\/\/roveyayinevi.com.tr\/index.php\/wp-json\/wp\/v2\/product_brand?post=720576"},{"taxonomy":"product_cat","embeddable":true,"href":"https:\/\/roveyayinevi.com.tr\/index.php\/wp-json\/wp\/v2\/product_cat?post=720576"},{"taxonomy":"product_tag","embeddable":true,"href":"https:\/\/roveyayinevi.com.tr\/index.php\/wp-json\/wp\/v2\/product_tag?post=720576"}],"curies":[{"name":"wp","href":"https:\/\/api.w.org\/{rel}","templated":true}]}}