{"id":720568,"date":"2025-08-27T18:37:47","date_gmt":"2025-08-27T15:37:47","guid":{"rendered":"https:\/\/roveyayinevi.com.tr\/index.php\/urun\/ud-metodu\/"},"modified":"2026-04-16T02:28:40","modified_gmt":"2026-04-15T23:28:40","slug":"ud-metodu","status":"publish","type":"product","link":"https:\/\/roveyayinevi.com.tr\/index.php\/urun\/ud-metodu\/","title":{"rendered":"Ud Metodu"},"content":{"rendered":"<p>T\u00fcrk m\u00fczi\u011finin gelene\u011findeki icra \u00fcslubunu hazmetmi\u015f, \u00fcst\u00fcn teknik ve yorum g\u00fcc\u00fcne sahip gelece\u011fin icrac\u0131lar\u0131n\u0131n yeti\u015fmesine yard\u0131mc\u0131 olmas\u0131 ama\u00e7lanan bu metodda ;Sesler,makamlar usuller formlar, bu bask\u0131da baz\u0131 eklemelerin yan\u0131nda m\u0131zrap kayd\u0131rma, \u00e7arpma, transpoze, taksime haz\u0131rl\u0131k gibi \u00f6nemli baz\u0131 konular da \u00f6ne al\u0131nd\u0131<\/p>\n","protected":false},"excerpt":{"rendered":"<p>T\u00fcrk m\u00fczi\u011finin gelene\u011findeki icra \u00fcslubunu hazmetmi\u015f, \u00fcst\u00fcn teknik ve yorum g\u00fcc\u00fcne sahip gelece\u011fin icrac\u0131lar\u0131n\u0131n yeti\u015fmesine yard\u0131mc\u0131 olmas\u0131 ama\u00e7lanan bu metodda ;Sesler,makamlar usuller formlar, bu bask\u0131da baz\u0131<span class=\"excerpt-hellip\"> [\u2026]<\/span><\/p>\n","protected":false},"featured_media":0,"template":"","meta":{"_monsterinsights_skip_tracking":false,"_monsterinsights_sitenote_active":false,"_monsterinsights_sitenote_note":"","_monsterinsights_sitenote_category":0},"product_brand":[],"product_cat":[14556,14557],"product_tag":[],"class_list":{"0":"post-720568","1":"product","2":"type-product","3":"status-publish","5":"product_cat-muzik","6":"product_cat-nota-kitaplari","7":"pa_cilt-ciltsiz","8":"pa_tur-kitap","9":"pa_yayinevi-porte-muzik-egitim-merkezi","10":"pa_yazar-mutlu-torun","12":"first","13":"instock","14":"sale","15":"shipping-taxable","16":"purchasable","17":"product-type-simple"},"_links":{"self":[{"href":"https:\/\/roveyayinevi.com.tr\/index.php\/wp-json\/wp\/v2\/product\/720568","targetHints":{"allow":["GET"]}}],"collection":[{"href":"https:\/\/roveyayinevi.com.tr\/index.php\/wp-json\/wp\/v2\/product"}],"about":[{"href":"https:\/\/roveyayinevi.com.tr\/index.php\/wp-json\/wp\/v2\/types\/product"}],"wp:attachment":[{"href":"https:\/\/roveyayinevi.com.tr\/index.php\/wp-json\/wp\/v2\/media?parent=720568"}],"wp:term":[{"taxonomy":"product_brand","embeddable":true,"href":"https:\/\/roveyayinevi.com.tr\/index.php\/wp-json\/wp\/v2\/product_brand?post=720568"},{"taxonomy":"product_cat","embeddable":true,"href":"https:\/\/roveyayinevi.com.tr\/index.php\/wp-json\/wp\/v2\/product_cat?post=720568"},{"taxonomy":"product_tag","embeddable":true,"href":"https:\/\/roveyayinevi.com.tr\/index.php\/wp-json\/wp\/v2\/product_tag?post=720568"}],"curies":[{"name":"wp","href":"https:\/\/api.w.org\/{rel}","templated":true}]}}