{"id":720554,"date":"2025-08-27T18:37:35","date_gmt":"2025-08-27T15:37:35","guid":{"rendered":"https:\/\/roveyayinevi.com.tr\/index.php\/urun\/kiz-arkadas\/"},"modified":"2026-04-16T02:28:39","modified_gmt":"2026-04-15T23:28:39","slug":"kiz-arkadas","status":"publish","type":"product","link":"https:\/\/roveyayinevi.com.tr\/index.php\/urun\/kiz-arkadas\/","title":{"rendered":"K\u0131z Arkada\u015f"},"content":{"rendered":"<p>Bir kad\u0131n. Bir erkek. Bir anne. Ve asla s\u00f6ylenmemesi gereken bir yalan.   Laura, bu hayatta isteyebilece\u011fi her \u015feye sahip oldu\u011funu d\u00fc\u015f\u00fcn\u00fcyordu. Zengin, d\u0131\u015far\u0131dan g\u00f6r\u00fcnd\u00fc\u011f\u00fc kadar\u0131yla mutlu ve ba\u015far\u0131l\u0131 olmas\u0131n\u0131n yan\u0131 s\u0131ra o\u011flu Daniel\u2019la da m\u00fckemmel bir ili\u015fkisi vard\u0131. Ta ki Daniel\u2019\u0131n akl\u0131n\u0131 ba\u015f\u0131ndan alan kad\u0131nla tan\u0131\u015fana kadar. Zek\u00e2s\u0131 ve g\u00fczelli\u011fiyle \u0131\u015f\u0131k sa\u00e7an Cherry ger\u00e7ek olamayacak kadar m\u00fckemmeldi.   Cherry kendini Daniel\u2019\u0131n hayallerindeki kad\u0131na d\u00f6n\u00fc\u015ft\u00fcr\u00fcrken, i\u00e7g\u00fcd\u00fclerinden ba\u015fka g\u00fcvenece\u011fi bir \u015feyi olmayan Laura\u2019n\u0131n da en k\u00f6t\u00fc k\u00e2busu ba\u015flam\u0131\u015f oldu. \u00c7\u00fcnk\u00fc bu kad\u0131n\u0131n art\u0131k tek bir hedefi vard\u0131: Onun m\u00fckemmel hayat\u0131n\u0131 ele ge\u00e7irmek.   Ya\u015fanan b\u00fcy\u00fck trajedi ve s\u00f6ylenen affedilmez bir yalan\u0131n ard\u0131ndan \u00e7\u0131kan so\u011fuk sava\u015fta, iki kad\u0131n hamlelerini yaparken herkesin a\u011f\u0131r bedeller \u00f6demesi gerekecekti.   \u201cK\u00f6t\u00fcl\u00fck, t\u00fcyler \u00fcrpertici bi\u00e7imde ger\u00e7ek\u00e7i i\u015flenmi\u015f. \u00c7ocuklar\u0131m\u0131n m\u00fcstakbel e\u015flerini s\u0131k\u0131 bir ge\u00e7mi\u015f taramas\u0131ndan ge\u00e7irmek zorunday\u0131m san\u0131r\u0131m!\u201d Karen Rose \u201cOlduk\u00e7a ilgi \u00e7ekici bir gerilimle yo\u011furulmu\u015f hik\u00e2yesi ve her sayfada sizi daha da soluksuz b\u0131rakacak olay \u00f6rg\u00fcs\u00fcyle bu kitab\u0131 mutlaka okumal\u0131s\u0131n\u0131z.\u201d \u2014Jenny Blackhurst   \u201cUzun zamand\u0131r okudu\u011fum en iyi kitap.\u201d Lisa Jackson   \u201c\u00c7arp\u0131k ili\u015fkilerin \u00f6zg\u00fcn ve \u00fcrk\u00fct\u00fcc\u00fc bir portresi.\u201d Debbie Howells <\/p>\n","protected":false},"excerpt":{"rendered":"<p>Bir kad\u0131n. Bir erkek. Bir anne. Ve asla s\u00f6ylenmemesi gereken bir yalan. Laura, bu hayatta isteyebilece\u011fi her \u015feye sahip oldu\u011funu d\u00fc\u015f\u00fcn\u00fcyordu. Zengin, d\u0131\u015far\u0131dan g\u00f6r\u00fcnd\u00fc\u011f\u00fc kadar\u0131yla mutlu<span class=\"excerpt-hellip\"> [\u2026]<\/span><\/p>\n","protected":false},"featured_media":0,"template":"","meta":{"_monsterinsights_skip_tracking":false,"_monsterinsights_sitenote_active":false,"_monsterinsights_sitenote_note":"","_monsterinsights_sitenote_category":0},"product_brand":[],"product_cat":[12291,17033],"product_tag":[],"class_list":{"0":"post-720554","1":"product","2":"type-product","3":"status-publish","5":"product_cat-edebiyat","6":"product_cat-korku-gerilim","7":"pa_cilt-ciltsiz","8":"pa_tur-kitap","9":"pa_yayinevi-yabanci-yayinevi","10":"pa_yazar-michelle-frances","12":"first","13":"instock","14":"sale","15":"shipping-taxable","16":"purchasable","17":"product-type-simple"},"_links":{"self":[{"href":"https:\/\/roveyayinevi.com.tr\/index.php\/wp-json\/wp\/v2\/product\/720554","targetHints":{"allow":["GET"]}}],"collection":[{"href":"https:\/\/roveyayinevi.com.tr\/index.php\/wp-json\/wp\/v2\/product"}],"about":[{"href":"https:\/\/roveyayinevi.com.tr\/index.php\/wp-json\/wp\/v2\/types\/product"}],"wp:attachment":[{"href":"https:\/\/roveyayinevi.com.tr\/index.php\/wp-json\/wp\/v2\/media?parent=720554"}],"wp:term":[{"taxonomy":"product_brand","embeddable":true,"href":"https:\/\/roveyayinevi.com.tr\/index.php\/wp-json\/wp\/v2\/product_brand?post=720554"},{"taxonomy":"product_cat","embeddable":true,"href":"https:\/\/roveyayinevi.com.tr\/index.php\/wp-json\/wp\/v2\/product_cat?post=720554"},{"taxonomy":"product_tag","embeddable":true,"href":"https:\/\/roveyayinevi.com.tr\/index.php\/wp-json\/wp\/v2\/product_tag?post=720554"}],"curies":[{"name":"wp","href":"https:\/\/api.w.org\/{rel}","templated":true}]}}