{"id":720546,"date":"2025-08-27T18:37:28","date_gmt":"2025-08-27T15:37:28","guid":{"rendered":"https:\/\/roveyayinevi.com.tr\/index.php\/urun\/dortlerin-imzasi-2\/"},"modified":"2026-04-12T02:34:24","modified_gmt":"2026-04-11T23:34:24","slug":"dortlerin-imzasi-2","status":"publish","type":"product","link":"https:\/\/roveyayinevi.com.tr\/index.php\/urun\/dortlerin-imzasi-2\/","title":{"rendered":"D\u00f6rtlerin \u0130mzas\u0131"},"content":{"rendered":"<p>Londra sokaklar\u0131n\u0131 yo\u011fun bir sis, Sherlock Holmes&#8217;u ise derin bir melankoli esir alm\u0131\u015ft\u0131r. Onu kap\u0131ld\u0131\u011f\u0131 bu melankoli girdab\u0131ndan g\u00fczel ve endi\u015feli bir gen\u00e7 kad\u0131n\u0131n evine yapt\u0131\u011f\u0131 ziyaret kurtaracakt\u0131r. On y\u0131l \u00f6nce babas\u0131 aniden ortadan kaybolan Mary Morstan&#8217;a her sene ayn\u0131 tarihte kimli\u011fi belirsiz bir ki\u015fi taraf\u0131ndan \u015fahane bir inci g\u00f6nderilmektedir ve bu ki\u015fi \u015fimdi de bir mektup yazarak onunla bulu\u015fmak istedi\u011fini belirtmi\u015ftir. Holmes ve Watson bu bulu\u015fmada gen\u00e7 kad\u0131na e\u015flik edeceklerdir. Sonras\u0131nda ya\u015fananlarsa; haks\u0131zl\u0131\u011fa u\u011fram\u0131\u015f bir kad\u0131n, sakl\u0131 bir Hint hazinesi, tahta bacakl\u0131 bir zorba, yard\u0131msever bir k\u00f6pek ve bir a\u015fk hik\u00e2yesi\u2026 Hayat\u0131n dura\u011fanl\u0131\u011f\u0131ndan s\u0131k\u0131lm\u0131\u015f olan Holmes&#8217;u bile, &#8220;Muhte\u015fem de\u011fil mi?&#8221; diye hayk\u0131rma noktas\u0131na getirecektir.<\/p>\n","protected":false},"excerpt":{"rendered":"<p>Londra sokaklar\u0131n\u0131 yo\u011fun bir sis, Sherlock Holmes&#8217;u ise derin bir melankoli esir alm\u0131\u015ft\u0131r. Onu kap\u0131ld\u0131\u011f\u0131 bu melankoli girdab\u0131ndan g\u00fczel ve endi\u015feli bir gen\u00e7 kad\u0131n\u0131n evine yapt\u0131\u011f\u0131<span class=\"excerpt-hellip\"> [\u2026]<\/span><\/p>\n","protected":false},"featured_media":0,"template":"","meta":{"_monsterinsights_skip_tracking":false,"_monsterinsights_sitenote_active":false,"_monsterinsights_sitenote_note":"","_monsterinsights_sitenote_category":0},"product_brand":[],"product_cat":[12291,12711],"product_tag":[],"class_list":{"0":"post-720546","1":"product","2":"type-product","3":"status-publish","5":"product_cat-edebiyat","6":"product_cat-roman-oyku","7":"pa_cilt-ciltsiz","8":"pa_tur-kitap","9":"pa_yayinevi-bilgi-yayinevi","10":"pa_yazar-sherlock-holmes","12":"first","13":"instock","14":"sale","15":"shipping-taxable","16":"purchasable","17":"product-type-simple"},"_links":{"self":[{"href":"https:\/\/roveyayinevi.com.tr\/index.php\/wp-json\/wp\/v2\/product\/720546","targetHints":{"allow":["GET"]}}],"collection":[{"href":"https:\/\/roveyayinevi.com.tr\/index.php\/wp-json\/wp\/v2\/product"}],"about":[{"href":"https:\/\/roveyayinevi.com.tr\/index.php\/wp-json\/wp\/v2\/types\/product"}],"wp:attachment":[{"href":"https:\/\/roveyayinevi.com.tr\/index.php\/wp-json\/wp\/v2\/media?parent=720546"}],"wp:term":[{"taxonomy":"product_brand","embeddable":true,"href":"https:\/\/roveyayinevi.com.tr\/index.php\/wp-json\/wp\/v2\/product_brand?post=720546"},{"taxonomy":"product_cat","embeddable":true,"href":"https:\/\/roveyayinevi.com.tr\/index.php\/wp-json\/wp\/v2\/product_cat?post=720546"},{"taxonomy":"product_tag","embeddable":true,"href":"https:\/\/roveyayinevi.com.tr\/index.php\/wp-json\/wp\/v2\/product_tag?post=720546"}],"curies":[{"name":"wp","href":"https:\/\/api.w.org\/{rel}","templated":true}]}}