{"id":720543,"date":"2025-08-27T18:37:26","date_gmt":"2025-08-27T15:37:26","guid":{"rendered":"https:\/\/roveyayinevi.com.tr\/index.php\/urun\/cag-gecitleri\/"},"modified":"2026-04-16T02:28:39","modified_gmt":"2026-04-15T23:28:39","slug":"cag-gecitleri","status":"publish","type":"product","link":"https:\/\/roveyayinevi.com.tr\/index.php\/urun\/cag-gecitleri\/","title":{"rendered":"\u00c7a\u011f Ge\u00e7itleri"},"content":{"rendered":"<p>Murathan Mungan\u2019\u0131n \u201cGe\u00e7erken u\u011fran\u0131lacak \u015fiirler de\u011fil \/ ge\u00e7idini bulacaks\u0131n \/ kendi i\u00e7inden ge\u00e7erken\u201d diyerek a\u00e7t\u0131\u011f\u0131 \u00c7a\u011f Ge\u00e7itleri: Hat\u0131radan haf\u0131zaya gidi\u015fler, kal\u0131\u015flar, ge\u00e7i\u015fler, ge\u00e7itler&#8230;  s\u00f6z\u00fcn k\u0131sas\u0131 bir \u00f6m\u00fcr.  Giri\u015fe yaz\u0131lanlar, Taptuk\u2019a yaz\u0131lanlar, A\u00e7\u0131\u011fa yaz\u0131lanlar, Ya\u015fam\u0131n izinde, A\u015fekan\u0131n izinde ve Kelimelerin takas izi ba\u015fl\u0131kl\u0131 alt\u0131 b\u00f6l\u00fcmden olu\u015fan kitapta 90 \u015fiir yer al\u0131yor.    D\u00f6ngel   G\u00fcn ba\u015f\u0131 serinli\u011fi, sis i\u00e7inde kederim G\u00f6\u00e7ebe ruh yerle\u015fik d\u00fczen  boy hizas\u0131 bir rafta duruyor saklad\u0131klar\u0131m, beklettiklerim herkes uzanabilsin diye ben gelene kadar her \u015feyi tut su i\u00e7inde ibresi kaym\u0131\u015f g\u00fcnlerimin i\u00e7im yeterse kendime, d\u00f6ner tazelerim <\/p>\n","protected":false},"excerpt":{"rendered":"<p>Murathan Mungan\u2019\u0131n \u201cGe\u00e7erken u\u011fran\u0131lacak \u015fiirler de\u011fil \/ ge\u00e7idini bulacaks\u0131n \/ kendi i\u00e7inden ge\u00e7erken\u201d diyerek a\u00e7t\u0131\u011f\u0131 \u00c7a\u011f Ge\u00e7itleri: Hat\u0131radan haf\u0131zaya gidi\u015fler, kal\u0131\u015flar, ge\u00e7i\u015fler, ge\u00e7itler&#8230; s\u00f6z\u00fcn k\u0131sas\u0131 bir<span class=\"excerpt-hellip\"> [\u2026]<\/span><\/p>\n","protected":false},"featured_media":0,"template":"","meta":{"_monsterinsights_skip_tracking":false,"_monsterinsights_sitenote_active":false,"_monsterinsights_sitenote_note":"","_monsterinsights_sitenote_category":0},"product_brand":[],"product_cat":[12291,12509],"product_tag":[],"class_list":{"0":"post-720543","1":"product","2":"type-product","3":"status-publish","5":"product_cat-edebiyat","6":"product_cat-siir","7":"pa_cilt-ciltsiz","8":"pa_tur-kitap","9":"pa_yayinevi-metis-yayinlari","10":"pa_yazar-murathan-mungan","12":"first","13":"instock","14":"sale","15":"shipping-taxable","16":"purchasable","17":"product-type-simple"},"_links":{"self":[{"href":"https:\/\/roveyayinevi.com.tr\/index.php\/wp-json\/wp\/v2\/product\/720543","targetHints":{"allow":["GET"]}}],"collection":[{"href":"https:\/\/roveyayinevi.com.tr\/index.php\/wp-json\/wp\/v2\/product"}],"about":[{"href":"https:\/\/roveyayinevi.com.tr\/index.php\/wp-json\/wp\/v2\/types\/product"}],"wp:attachment":[{"href":"https:\/\/roveyayinevi.com.tr\/index.php\/wp-json\/wp\/v2\/media?parent=720543"}],"wp:term":[{"taxonomy":"product_brand","embeddable":true,"href":"https:\/\/roveyayinevi.com.tr\/index.php\/wp-json\/wp\/v2\/product_brand?post=720543"},{"taxonomy":"product_cat","embeddable":true,"href":"https:\/\/roveyayinevi.com.tr\/index.php\/wp-json\/wp\/v2\/product_cat?post=720543"},{"taxonomy":"product_tag","embeddable":true,"href":"https:\/\/roveyayinevi.com.tr\/index.php\/wp-json\/wp\/v2\/product_tag?post=720543"}],"curies":[{"name":"wp","href":"https:\/\/api.w.org\/{rel}","templated":true}]}}