{"id":720541,"date":"2025-08-27T18:37:25","date_gmt":"2025-08-27T15:37:25","guid":{"rendered":"https:\/\/roveyayinevi.com.tr\/index.php\/urun\/peygamberin-genc-arkadaslari-2-medine-gencleri\/"},"modified":"2026-04-16T02:28:39","modified_gmt":"2026-04-15T23:28:39","slug":"peygamberin-genc-arkadaslari-2-medine-gencleri","status":"publish","type":"product","link":"https:\/\/roveyayinevi.com.tr\/index.php\/urun\/peygamberin-genc-arkadaslari-2-medine-gencleri\/","title":{"rendered":"Peygamberin Gen\u00e7 Arkada\u015flar\u0131 \/ 2 Medine Gen\u00e7leri"},"content":{"rendered":"<p>Birincisinde, Mekke gen\u00e7lerinden \u00f6rnekler verdi\u011fimiz Peygamberin Gen\u00e7 Arkada\u015flar\u0131 adl\u0131 iki kitapl\u0131k dizinin ikinci ve son kitab\u0131nda, Allah\u2019\u0131n El\u00e7isi\u2019ne (asm) Medine\u2019de arkada\u015f olmu\u015f gen\u00e7 sahabilerden baz\u0131lar\u0131n\u0131 konu edindik&#8230; Kitab\u0131n sayfalar\u0131 aras\u0131nda, gen\u00e7 sahabileri kendinize yak\u0131n hissedece\u011finiz ve onlar\u0131n m\u00fcthi\u015f hayatlar\u0131ndan kendi hayatlar\u0131n\u0131za, y\u00f6n verecek hat\u0131ralar okuyacaks\u0131n\u0131z&#8230;<\/p>\n","protected":false},"excerpt":{"rendered":"<p>Birincisinde, Mekke gen\u00e7lerinden \u00f6rnekler verdi\u011fimiz Peygamberin Gen\u00e7 Arkada\u015flar\u0131 adl\u0131 iki kitapl\u0131k dizinin ikinci ve son kitab\u0131nda, Allah\u2019\u0131n El\u00e7isi\u2019ne (asm) Medine\u2019de arkada\u015f olmu\u015f gen\u00e7 sahabilerden baz\u0131lar\u0131n\u0131 konu<span class=\"excerpt-hellip\"> [\u2026]<\/span><\/p>\n","protected":false},"featured_media":0,"template":"","meta":{"_monsterinsights_skip_tracking":false,"_monsterinsights_sitenote_active":false,"_monsterinsights_sitenote_note":"","_monsterinsights_sitenote_category":0},"product_brand":[],"product_cat":[16789,12718,12719],"product_tag":[],"class_list":{"0":"post-720541","1":"product","2":"type-product","3":"status-publish","5":"product_cat-diger-islam","6":"product_cat-din","7":"product_cat-islam","8":"pa_cilt-ciltsiz","9":"pa_tur-kitap","10":"pa_yayinevi-ugurbocegi-yayinlari","11":"pa_yazar-ozkan-oze","13":"first","14":"instock","15":"sale","16":"shipping-taxable","17":"purchasable","18":"product-type-simple"},"_links":{"self":[{"href":"https:\/\/roveyayinevi.com.tr\/index.php\/wp-json\/wp\/v2\/product\/720541","targetHints":{"allow":["GET"]}}],"collection":[{"href":"https:\/\/roveyayinevi.com.tr\/index.php\/wp-json\/wp\/v2\/product"}],"about":[{"href":"https:\/\/roveyayinevi.com.tr\/index.php\/wp-json\/wp\/v2\/types\/product"}],"wp:attachment":[{"href":"https:\/\/roveyayinevi.com.tr\/index.php\/wp-json\/wp\/v2\/media?parent=720541"}],"wp:term":[{"taxonomy":"product_brand","embeddable":true,"href":"https:\/\/roveyayinevi.com.tr\/index.php\/wp-json\/wp\/v2\/product_brand?post=720541"},{"taxonomy":"product_cat","embeddable":true,"href":"https:\/\/roveyayinevi.com.tr\/index.php\/wp-json\/wp\/v2\/product_cat?post=720541"},{"taxonomy":"product_tag","embeddable":true,"href":"https:\/\/roveyayinevi.com.tr\/index.php\/wp-json\/wp\/v2\/product_tag?post=720541"}],"curies":[{"name":"wp","href":"https:\/\/api.w.org\/{rel}","templated":true}]}}