{"id":720525,"date":"2025-08-27T18:37:12","date_gmt":"2025-08-27T15:37:12","guid":{"rendered":"https:\/\/roveyayinevi.com.tr\/index.php\/urun\/cocuk-psikolojisi-ve-ruh-sagligi\/"},"modified":"2026-04-16T02:28:39","modified_gmt":"2026-04-15T23:28:39","slug":"cocuk-psikolojisi-ve-ruh-sagligi","status":"publish","type":"product","link":"https:\/\/roveyayinevi.com.tr\/index.php\/urun\/cocuk-psikolojisi-ve-ruh-sagligi\/","title":{"rendered":"\u00c7ocuk Psikolojisi ve Ruh Sa\u011fl\u0131\u011f\u0131"},"content":{"rendered":"<p>Sa\u011fl\u0131kl\u0131 \u00e7ocuk yeti\u015ftirmek her anne baban\u0131n en b\u00fcy\u00fck hayallerinden biridir. Geli\u015fen teknoloji, insanlar\u0131n her t\u00fcrl\u00fc ihtiyaca eskiye nazaran daha kolay ula\u015f\u0131r olmas\u0131 gibi etmenleri de g\u00f6z ard\u0131 etmeyecek olursak beden ve ruh sa\u011fl\u0131\u011f\u0131 yerinde bireyler yeti\u015ftirmek i\u00e7in anne babalar\u0131n harcad\u0131\u011f\u0131 \u00f6zveri yads\u0131namaz. Her anne baban\u0131n amac\u0131 \u00e7ocuklar\u0131n\u0131 ruh ve beden sa\u011fl\u0131\u011f\u0131 yerinde bireyler olarak yeti\u015ftirmektir. Bu ama\u00e7 ile kendilerini de\u011fi\u015fim ve geli\u015fime a\u00e7\u0131k tutmaktad\u0131rlar.Kitap; alan yaz\u0131m\u0131ndaki taramalar ve g\u00fcncel ara\u015ft\u0131rmalar yap\u0131larak, yeni bilgiler temel al\u0131narak yaz\u0131lmaya \u00e7al\u0131\u015f\u0131lm\u0131\u015ft\u0131r. Hayat\u0131n ilk y\u0131llar\u0131nda yer alan \u00e7ocuk geli\u015fimi uzmanlar\u0131n\u0131n ve hayat\u0131n tamam\u0131nda yer alan hem\u015firelerin ortak dayan\u0131\u015fmas\u0131 sonucu ortaya \u00e7\u0131kan bu kitapta, \u00f6nceli\u011fimiz i\u015f hayat\u0131na haz\u0131rlanan \u00f6\u011frenciler ve ailelerin yan\u0131 s\u0131ra herkes i\u00e7in anla\u015f\u0131l\u0131r bir kaynak olma \u00f6zelli\u011fi ta\u015f\u0131mas\u0131 temel al\u0131nm\u0131\u015ft\u0131r.<\/p>\n","protected":false},"excerpt":{"rendered":"<p>Sa\u011fl\u0131kl\u0131 \u00e7ocuk yeti\u015ftirmek her anne baban\u0131n en b\u00fcy\u00fck hayallerinden biridir. Geli\u015fen teknoloji, insanlar\u0131n her t\u00fcrl\u00fc ihtiyaca eskiye nazaran daha kolay ula\u015f\u0131r olmas\u0131 gibi etmenleri de g\u00f6z<span class=\"excerpt-hellip\"> [\u2026]<\/span><\/p>\n","protected":false},"featured_media":0,"template":"","meta":{"_monsterinsights_skip_tracking":false,"_monsterinsights_sitenote_active":false,"_monsterinsights_sitenote_note":"","_monsterinsights_sitenote_category":0},"product_brand":[],"product_cat":[12679,12357],"product_tag":[],"class_list":{"0":"post-720525","1":"product","2":"type-product","3":"status-publish","5":"product_cat-cocuk-psikolojisi","6":"product_cat-psikoloji","7":"pa_cilt-ciltsiz","8":"pa_tur-kitap","9":"pa_yayinevi-egiten-kitap","10":"pa_yazar-meryem-firat-cigdem-kaya-bagdas","12":"first","13":"instock","14":"sale","15":"shipping-taxable","16":"purchasable","17":"product-type-simple"},"_links":{"self":[{"href":"https:\/\/roveyayinevi.com.tr\/index.php\/wp-json\/wp\/v2\/product\/720525","targetHints":{"allow":["GET"]}}],"collection":[{"href":"https:\/\/roveyayinevi.com.tr\/index.php\/wp-json\/wp\/v2\/product"}],"about":[{"href":"https:\/\/roveyayinevi.com.tr\/index.php\/wp-json\/wp\/v2\/types\/product"}],"wp:attachment":[{"href":"https:\/\/roveyayinevi.com.tr\/index.php\/wp-json\/wp\/v2\/media?parent=720525"}],"wp:term":[{"taxonomy":"product_brand","embeddable":true,"href":"https:\/\/roveyayinevi.com.tr\/index.php\/wp-json\/wp\/v2\/product_brand?post=720525"},{"taxonomy":"product_cat","embeddable":true,"href":"https:\/\/roveyayinevi.com.tr\/index.php\/wp-json\/wp\/v2\/product_cat?post=720525"},{"taxonomy":"product_tag","embeddable":true,"href":"https:\/\/roveyayinevi.com.tr\/index.php\/wp-json\/wp\/v2\/product_tag?post=720525"}],"curies":[{"name":"wp","href":"https:\/\/api.w.org\/{rel}","templated":true}]}}