{"id":720517,"date":"2025-08-27T18:37:07","date_gmt":"2025-08-27T15:37:07","guid":{"rendered":"https:\/\/roveyayinevi.com.tr\/index.php\/urun\/hikayeli-kodlama\/"},"modified":"2026-04-15T02:38:33","modified_gmt":"2026-04-14T23:38:33","slug":"hikayeli-kodlama","status":"publish","type":"product","link":"https:\/\/roveyayinevi.com.tr\/index.php\/urun\/hikayeli-kodlama\/","title":{"rendered":"Hikayeli Kodlama"},"content":{"rendered":"<p>Bu kitaptaki etkinlikler dikkat ve odaklanma, mant\u0131k, kritik d\u00fc\u015f\u00fcnme, \u00e7\u0131kar\u0131m yapma ve matematik becerisine katk\u0131 sa\u011flar. Algoritma \u00e7al\u0131\u015fmalar\u0131, \u00e7ocuklarda yer y\u00f6n kavram\u0131 ve matematiksel beceriyi geli\u015ftirir. Kitaptaki hikayeler, kodlama yaparken \u00e7ocuklar\u0131n olaylar\u0131 zihninde canland\u0131rmas\u0131na, bunun yan\u0131 s\u0131ra hem i\u015fitsel alg\u0131lar\u0131n\u0131 hem de mekansal hayal g\u00fc\u00e7lerini geli\u015ftirmesine destek olur. Dikkat At\u00f6lyesi Yay\u0131nlar\u0131 kitaplar\u0131, \u00e7ocu\u011funuzla ba\u011f kurman\u0131n, onlarla e\u011flenceli vakit ge\u00e7irmenin en kolay yolu. Kitaptaki algoritmalar, \u00e7ocuklar\u0131n kodlaman\u0131n temel mant\u0131\u011f\u0131n\u0131 anlamas\u0131n\u0131 sa\u011flar. Her bir hikayede &#8220;Hikayeden Ne Anlad\u0131k?\u201d b\u00f6l\u00fcmleri \u00e7ocu\u011fun okudu\u011funu anlama becerisini, alg\u0131s\u0131n\u0131 ve muhakeme becerisini geli\u015ftirir. Dikkat At\u00f6lyesi Yay\u0131nlar\u0131\u2019na ait Hikayeli Kodlama kitab\u0131 T\u00fcrkiye\u2019de bir ilktir. Sticker etkinlikleriyle e\u011flenceli dakikalar sizleri bekliyor. \u0130yi E\u011flenceler!<\/p>\n","protected":false},"excerpt":{"rendered":"<p>Bu kitaptaki etkinlikler dikkat ve odaklanma, mant\u0131k, kritik d\u00fc\u015f\u00fcnme, \u00e7\u0131kar\u0131m yapma ve matematik becerisine katk\u0131 sa\u011flar. Algoritma \u00e7al\u0131\u015fmalar\u0131, \u00e7ocuklarda yer y\u00f6n kavram\u0131 ve matematiksel beceriyi geli\u015ftirir.<span class=\"excerpt-hellip\"> [\u2026]<\/span><\/p>\n","protected":false},"featured_media":0,"template":"","meta":{"_monsterinsights_skip_tracking":false,"_monsterinsights_sitenote_active":false,"_monsterinsights_sitenote_note":"","_monsterinsights_sitenote_category":0},"product_brand":[],"product_cat":[12274,15842],"product_tag":[],"class_list":{"0":"post-720517","1":"product","2":"type-product","3":"status-publish","5":"product_cat-cocuk-ve-genclik-kitaplari","6":"product_cat-egitici-kitaplar","7":"pa_cilt-ciltsiz","8":"pa_tur-kitap","9":"pa_yayinevi-dikkat-atolyesi-yayinlari","10":"pa_yazar-canan-demir","12":"first","13":"instock","14":"sale","15":"shipping-taxable","16":"purchasable","17":"product-type-simple"},"_links":{"self":[{"href":"https:\/\/roveyayinevi.com.tr\/index.php\/wp-json\/wp\/v2\/product\/720517","targetHints":{"allow":["GET"]}}],"collection":[{"href":"https:\/\/roveyayinevi.com.tr\/index.php\/wp-json\/wp\/v2\/product"}],"about":[{"href":"https:\/\/roveyayinevi.com.tr\/index.php\/wp-json\/wp\/v2\/types\/product"}],"wp:attachment":[{"href":"https:\/\/roveyayinevi.com.tr\/index.php\/wp-json\/wp\/v2\/media?parent=720517"}],"wp:term":[{"taxonomy":"product_brand","embeddable":true,"href":"https:\/\/roveyayinevi.com.tr\/index.php\/wp-json\/wp\/v2\/product_brand?post=720517"},{"taxonomy":"product_cat","embeddable":true,"href":"https:\/\/roveyayinevi.com.tr\/index.php\/wp-json\/wp\/v2\/product_cat?post=720517"},{"taxonomy":"product_tag","embeddable":true,"href":"https:\/\/roveyayinevi.com.tr\/index.php\/wp-json\/wp\/v2\/product_tag?post=720517"}],"curies":[{"name":"wp","href":"https:\/\/api.w.org\/{rel}","templated":true}]}}