{"id":720512,"date":"2025-08-27T18:37:03","date_gmt":"2025-08-27T15:37:03","guid":{"rendered":"https:\/\/roveyayinevi.com.tr\/index.php\/urun\/gretanin-hikayesi\/"},"modified":"2026-04-16T02:28:38","modified_gmt":"2026-04-15T23:28:38","slug":"gretanin-hikayesi","status":"publish","type":"product","link":"https:\/\/roveyayinevi.com.tr\/index.php\/urun\/gretanin-hikayesi\/","title":{"rendered":"Greta&#8217;n\u0131n Hikayesi"},"content":{"rendered":"<p>A\u011fustos 2018&#8217;de Stockholm&#8217;de yaz\u0131n son g\u00fcnlerinin ya\u015fand\u0131\u011f\u0131 bir sabah i\u00e7in hava inan\u0131lmaz s\u0131cak. Televizyonda s\u00f6ylendi\u011fine g\u00f6re son aylarda s\u0131cakl\u0131klar \u00e7ok y\u00fcksek. O g\u00fcn, on be\u015f ya\u015f\u0131ndaki Greta Thunberg, parlamento binas\u0131 \u00f6n\u00fcndeki grevine ba\u015flad\u0131: daha fazla beklenemezdi, politikac\u0131lar\u0131n \u00e7evreyi korumak i\u00e7in bir \u015fey yapmalar\u0131 gerekiyordu. Bu, tarihteki ilk #fridaysforfuture. \u201cBir umut, cesaret ve kararl\u0131l\u0131k hik\u00e2yesi okumaya haz\u0131r olun. Bu Greta Thunberg&#8217;in ger\u00e7ek \u00f6yk\u00fcs\u00fc ama ayn\u0131 zamanda daha iyi bir gelecek i\u00e7in yeti\u015fkinlerin ilgisizli\u011fine kar\u015f\u0131 m\u00fccadele eden pek \u00e7ok \u00e7ocu\u011fun hik\u00e2yesi. <\/p>\n","protected":false},"excerpt":{"rendered":"<p>A\u011fustos 2018&#8217;de Stockholm&#8217;de yaz\u0131n son g\u00fcnlerinin ya\u015fand\u0131\u011f\u0131 bir sabah i\u00e7in hava inan\u0131lmaz s\u0131cak. Televizyonda s\u00f6ylendi\u011fine g\u00f6re son aylarda s\u0131cakl\u0131klar \u00e7ok y\u00fcksek. O g\u00fcn, on be\u015f ya\u015f\u0131ndaki<span class=\"excerpt-hellip\"> [\u2026]<\/span><\/p>\n","protected":false},"featured_media":0,"template":"","meta":{"_monsterinsights_skip_tracking":false,"_monsterinsights_sitenote_active":false,"_monsterinsights_sitenote_note":"","_monsterinsights_sitenote_category":0},"product_brand":[],"product_cat":[14009,12291],"product_tag":[],"class_list":{"0":"post-720512","1":"product","2":"type-product","3":"status-publish","5":"product_cat-biyografi-otobiyografi-edebiyat","6":"product_cat-edebiyat","7":"pa_cilt-ciltsiz","8":"pa_tur-kitap","9":"pa_yayinevi-cinar-yayinlari","10":"pa_yazar-valentina-camerini","12":"first","13":"instock","14":"sale","15":"shipping-taxable","16":"purchasable","17":"product-type-simple"},"_links":{"self":[{"href":"https:\/\/roveyayinevi.com.tr\/index.php\/wp-json\/wp\/v2\/product\/720512","targetHints":{"allow":["GET"]}}],"collection":[{"href":"https:\/\/roveyayinevi.com.tr\/index.php\/wp-json\/wp\/v2\/product"}],"about":[{"href":"https:\/\/roveyayinevi.com.tr\/index.php\/wp-json\/wp\/v2\/types\/product"}],"wp:attachment":[{"href":"https:\/\/roveyayinevi.com.tr\/index.php\/wp-json\/wp\/v2\/media?parent=720512"}],"wp:term":[{"taxonomy":"product_brand","embeddable":true,"href":"https:\/\/roveyayinevi.com.tr\/index.php\/wp-json\/wp\/v2\/product_brand?post=720512"},{"taxonomy":"product_cat","embeddable":true,"href":"https:\/\/roveyayinevi.com.tr\/index.php\/wp-json\/wp\/v2\/product_cat?post=720512"},{"taxonomy":"product_tag","embeddable":true,"href":"https:\/\/roveyayinevi.com.tr\/index.php\/wp-json\/wp\/v2\/product_tag?post=720512"}],"curies":[{"name":"wp","href":"https:\/\/api.w.org\/{rel}","templated":true}]}}

Greta&#8217;nın Hikayesi

<p>Ağustos 2018&#8217;de Stockholm&#8217;de yazın son günlerinin yaşandığı bir sabah için hava inanılmaz sıcak. Televizyonda söylendiğine göre son aylarda sıcaklıklar çok yüksek. O gün, on beş yaşındaki Greta Thunberg, parlamento binası önündeki grevine başladı: daha fazla beklenemezdi, politikacıların çevreyi korumak için bir şey yapmaları gerekiyordu. Bu, tarihteki ilk #fridaysforfuture. “Bir umut, cesaret ve kararlılık hikâyesi okumaya hazır olun. Bu Greta Thunberg&#8217;in gerçek öyküsü ama aynı zamanda daha iyi bir gelecek için yetişkinlerin ilgisizliğine karşı mücadele eden pek çok çocuğun hikâyesi. </p>

<p>Ağustos 2018&#8217;de Stockholm&#8217;de yazın son günlerinin yaşandığı bir sabah için hava inanılmaz sıcak. Televizyonda söylendiğine göre son aylarda sıcaklıklar çok yüksek. O gün, on beş yaşındaki<span class="excerpt-hellip"> […]</span></p>
