{"id":720504,"date":"2025-08-27T18:36:57","date_gmt":"2025-08-27T15:36:57","guid":{"rendered":"https:\/\/roveyayinevi.com.tr\/index.php\/urun\/oluler-nefes-almaz\/"},"modified":"2026-04-16T02:28:38","modified_gmt":"2026-04-15T23:28:38","slug":"oluler-nefes-almaz","status":"publish","type":"product","link":"https:\/\/roveyayinevi.com.tr\/index.php\/urun\/oluler-nefes-almaz\/","title":{"rendered":"\u00d6l\u00fcler Nefes Almaz"},"content":{"rendered":"<p>Yan\u0131ndan hi\u00e7 ay\u0131rmad\u0131\u011f\u0131 k\u00fc\u00e7\u00fck ve kara kapl\u0131 defterini \u00e7\u0131kard\u0131. Hissettiklerini b\u00fcy\u00fck bir su\u00e7luluk duygusu i\u00e7inde deftere yazmaya koyuldu. Yazd\u0131klar\u0131 nesirden \u00e7ok \u015fiire benziyordu. Bir yenilmi\u015flik, sitem ve \u00fcmitsizlik kokusu hissediliyordu yazd\u0131klar\u0131nda.   \u00c7ocuklu\u011fumuzu ya\u015fayamad\u0131k biz Hilkata inat sakall\u0131 do\u011fduk. Gen\u00e7li\u011fimizi devler yedi sedas\u0131z sessiz. Devleri ellerimizle bo\u011fduk. Pususuna d\u00fc\u015ft\u00fck namerdin Kement boynumuzda y\u0131llarca Dola\u015ft\u0131k durduk. Erteledik sevdam\u0131z\u0131 g\u00f6zya\u015f\u0131na ald\u0131rmad\u0131k Omuzlad\u0131k d\u00fcnyay\u0131, kald\u0131ramad\u0131k.   O gece yaln\u0131z Murat\u2019\u0131n de\u011fil oradaki hi\u00e7bir \u00fclk\u00fcc\u00fcn\u00fcn g\u00f6z\u00fcne uyku girmemi\u015fti. G\u00fcnler ge\u00e7mek bilmiyordu. Her \u015feyin rengi, \u015fekli ve kokusu de\u011fi\u015fmi\u015fti. \u0130\u00e7e do\u011fru ya\u015famak ve kendi kendiyle hesapla\u015fmaktan ba\u015fka yapt\u0131klar\u0131 bir \u015fey yoktu. \u00c7ok ilgin\u00e7 bir oyun oynuyorlard\u0131 birileri. Ya\u011f\u0131z Anadolu \u00e7ocuklar\u0131 gen\u00e7liklerine doymadan \u00f6l\u00fcm oyununa tabi tutulmu\u015flard\u0131.<\/p>\n","protected":false},"excerpt":{"rendered":"<p>Yan\u0131ndan hi\u00e7 ay\u0131rmad\u0131\u011f\u0131 k\u00fc\u00e7\u00fck ve kara kapl\u0131 defterini \u00e7\u0131kard\u0131. Hissettiklerini b\u00fcy\u00fck bir su\u00e7luluk duygusu i\u00e7inde deftere yazmaya koyuldu. Yazd\u0131klar\u0131 nesirden \u00e7ok \u015fiire benziyordu. Bir yenilmi\u015flik, sitem<span class=\"excerpt-hellip\"> [\u2026]<\/span><\/p>\n","protected":false},"featured_media":0,"template":"","meta":{"_monsterinsights_skip_tracking":false,"_monsterinsights_sitenote_active":false,"_monsterinsights_sitenote_note":"","_monsterinsights_sitenote_category":0},"product_brand":[],"product_cat":[12370,12304],"product_tag":[],"class_list":{"0":"post-720504","1":"product","2":"type-product","3":"status-publish","5":"product_cat-arastirma-inceleme","6":"product_cat-tarih","7":"pa_cilt-ciltsiz","8":"pa_tur-kitap","9":"pa_yayinevi-kripto-basim-yayin","10":"pa_yazar-ozcan-yeniceri","12":"first","13":"instock","14":"sale","15":"shipping-taxable","16":"purchasable","17":"product-type-simple"},"_links":{"self":[{"href":"https:\/\/roveyayinevi.com.tr\/index.php\/wp-json\/wp\/v2\/product\/720504","targetHints":{"allow":["GET"]}}],"collection":[{"href":"https:\/\/roveyayinevi.com.tr\/index.php\/wp-json\/wp\/v2\/product"}],"about":[{"href":"https:\/\/roveyayinevi.com.tr\/index.php\/wp-json\/wp\/v2\/types\/product"}],"wp:attachment":[{"href":"https:\/\/roveyayinevi.com.tr\/index.php\/wp-json\/wp\/v2\/media?parent=720504"}],"wp:term":[{"taxonomy":"product_brand","embeddable":true,"href":"https:\/\/roveyayinevi.com.tr\/index.php\/wp-json\/wp\/v2\/product_brand?post=720504"},{"taxonomy":"product_cat","embeddable":true,"href":"https:\/\/roveyayinevi.com.tr\/index.php\/wp-json\/wp\/v2\/product_cat?post=720504"},{"taxonomy":"product_tag","embeddable":true,"href":"https:\/\/roveyayinevi.com.tr\/index.php\/wp-json\/wp\/v2\/product_tag?post=720504"}],"curies":[{"name":"wp","href":"https:\/\/api.w.org\/{rel}","templated":true}]}}