{"id":720472,"date":"2025-08-27T18:36:33","date_gmt":"2025-08-27T15:36:33","guid":{"rendered":"https:\/\/roveyayinevi.com.tr\/index.php\/urun\/insan-nasil-uygar-oldu\/"},"modified":"2026-04-16T02:28:37","modified_gmt":"2026-04-15T23:28:37","slug":"insan-nasil-uygar-oldu","status":"publish","type":"product","link":"https:\/\/roveyayinevi.com.tr\/index.php\/urun\/insan-nasil-uygar-oldu\/","title":{"rendered":"\u0130nsan Nas\u0131l Uygar Oldu?"},"content":{"rendered":"<p>Bug\u00fcne kadar &#8221;Uygarl\u0131k kavram\u0131 yanl\u0131\u015f kullan\u0131lm\u0131\u015f ve kullan\u0131lmaya da devam etmektedir. \u00c7o\u011funlukla uygarl\u0131k ve k\u00fclt\u00fcr kavaramlar\u0131 birbirinin yerine kullan\u0131lm\u0131\u015f; uygarl\u0131k tarihi yazd\u0131\u011f\u0131n\u0131 savunanlar k\u00fclt\u00fcr tarihi kitab\u0131 ya da insanl\u0131k tarihi kitab\u0131 yazm\u0131\u015flard\u0131r. Bu kitap bir insanl\u0131k tarihi veya k\u00fclt\u00fcr tarihi kitab\u0131 de\u011fil, bir uygarl\u0131k tarihinin temel a\u015famalar\u0131n\u0131 ortaya koyan bir kitapt\u0131r. Kitap, b\u00fct\u00fcnc\u00fcl bir tarih anlay\u0131\u015f\u0131yla eski \u00e7a\u011flardan g\u00fcn\u00fcm\u00fcze dek insan\u0131n k\u00f6kenini ve geli\u015fimini izler, a\u00e7\u0131k bir dille genel hatlar\u0131yla anlat\u0131r. Temel konusu g\u00fcn\u00fcm\u00fczden 2 milyon y\u0131l \u00f6ncesinden ba\u015flayarak insan\u0131n geli\u015fimi de\u011ferlendirilmi\u015f; insan\u0131n ate\u015f yakabilme, kaba ta\u015flar\u0131 yontup alet olu\u015fturma yenekleriyle ya\u015fam\u0131n\u0131 s\u00fcrd\u00fcr\u00fcd\u00fc\u011f\u00fc g\u00fcnlerden bu yana, insan\u0131n k\u00fclt\u00fcr \u00fcreticisi olarak ba\u015flayan, tar\u0131m devrimiyle beslenme sorununu halleden, kentle\u015fme ve devletle\u015fmeyle birlikte organizasyonunu tamamlayan ve teknoloji ve bilimdeki yeni ve say\u0131s\u0131z bulu\u015flarla sanayi devrimi ve bilgisayar teknolojisi a\u015famas\u0131na ula\u015fan uygarl\u0131k s\u00fcreci anlat\u0131lm\u0131\u015ft\u0131r.<\/p>\n","protected":false},"excerpt":{"rendered":"<p>Bug\u00fcne kadar &#8221;Uygarl\u0131k kavram\u0131 yanl\u0131\u015f kullan\u0131lm\u0131\u015f ve kullan\u0131lmaya da devam etmektedir. \u00c7o\u011funlukla uygarl\u0131k ve k\u00fclt\u00fcr kavaramlar\u0131 birbirinin yerine kullan\u0131lm\u0131\u015f; uygarl\u0131k tarihi yazd\u0131\u011f\u0131n\u0131 savunanlar k\u00fclt\u00fcr tarihi kitab\u0131<span class=\"excerpt-hellip\"> [\u2026]<\/span><\/p>\n","protected":false},"featured_media":0,"template":"","meta":{"_monsterinsights_skip_tracking":false,"_monsterinsights_sitenote_active":false,"_monsterinsights_sitenote_note":"","_monsterinsights_sitenote_category":0},"product_brand":[],"product_cat":[12370,12304],"product_tag":[],"class_list":{"0":"post-720472","1":"product","2":"type-product","3":"status-publish","5":"product_cat-arastirma-inceleme","6":"product_cat-tarih","7":"pa_cilt-ciltsiz","8":"pa_tur-kitap","9":"pa_yayinevi-siyasal-kitabevi","10":"pa_yazar-huseyin-turk","12":"first","13":"instock","14":"sale","15":"shipping-taxable","16":"purchasable","17":"product-type-simple"},"_links":{"self":[{"href":"https:\/\/roveyayinevi.com.tr\/index.php\/wp-json\/wp\/v2\/product\/720472","targetHints":{"allow":["GET"]}}],"collection":[{"href":"https:\/\/roveyayinevi.com.tr\/index.php\/wp-json\/wp\/v2\/product"}],"about":[{"href":"https:\/\/roveyayinevi.com.tr\/index.php\/wp-json\/wp\/v2\/types\/product"}],"wp:attachment":[{"href":"https:\/\/roveyayinevi.com.tr\/index.php\/wp-json\/wp\/v2\/media?parent=720472"}],"wp:term":[{"taxonomy":"product_brand","embeddable":true,"href":"https:\/\/roveyayinevi.com.tr\/index.php\/wp-json\/wp\/v2\/product_brand?post=720472"},{"taxonomy":"product_cat","embeddable":true,"href":"https:\/\/roveyayinevi.com.tr\/index.php\/wp-json\/wp\/v2\/product_cat?post=720472"},{"taxonomy":"product_tag","embeddable":true,"href":"https:\/\/roveyayinevi.com.tr\/index.php\/wp-json\/wp\/v2\/product_tag?post=720472"}],"curies":[{"name":"wp","href":"https:\/\/api.w.org\/{rel}","templated":true}]}}