{"id":720466,"date":"2025-08-27T18:36:29","date_gmt":"2025-08-27T15:36:29","guid":{"rendered":"https:\/\/roveyayinevi.com.tr\/index.php\/urun\/bursaya-gidis-ve-donus\/"},"modified":"2026-04-16T02:28:37","modified_gmt":"2026-04-15T23:28:37","slug":"bursaya-gidis-ve-donus","status":"publish","type":"product","link":"https:\/\/roveyayinevi.com.tr\/index.php\/urun\/bursaya-gidis-ve-donus\/","title":{"rendered":"Bursa&#8217;ya Gidi\u015f ve D\u00f6n\u00fc\u015f"},"content":{"rendered":"<p>93 Harbi\u2019ni izleyen \u00e7alkant\u0131l\u0131 aylarda 20 ya\u015f\u0131ndaki bir Bulgar gencin yolu Filibe\u2019den Edirne ve \u0130stanbul \u00fczerinden Bursa\u2019ya d\u00fc\u015fer. Amac\u0131 da, Bursa \u00e7ar\u015f\u0131lar\u0131nda abac\u0131 ustal\u0131\u011f\u0131 yapt\u0131\u011f\u0131 s\u0131rada aniden vefat eden babas\u0131n\u0131n miras\u0131ndan kendi pay\u0131na d\u00fc\u015feni almakt\u0131r. \u0130lk defa b\u00f6ylesine uzun bir yolculu\u011fa \u00e7\u0131kan merakl\u0131 delikanl\u0131, pek fazla s\u00fcrmeyece\u011fini tahmin etti\u011fi seyahatini ayr\u0131nt\u0131yla not etmeye karar verir. Ancak evdeki hesap \u00e7ar\u015f\u0131ya uymayacakt\u0131r: Daha sonraki y\u0131llarda Bulgar k\u00fclt\u00fcr, sanat ve edebiyat tarihi ara\u015ft\u0131rmalar\u0131yla \u00fcn yapacak olan Nikola Na\u00e7ov, memleketine ancak d\u00f6rt ay sonra d\u00f6nebilecektir. \u00c7\u00fcnk\u00fc pay\u0131na d\u00fc\u015fen ta\u015f\u0131n\u0131r ve ta\u015f\u0131nmaz miras\u0131n sat\u0131\u015f ve devir i\u015flemlerini ba\u015flatabilmesi i\u00e7in \u00f6ncelikle babas\u0131n\u0131n orta\u011f\u0131 olan ve kendisinden y\u0131llard\u0131r haber al\u0131namayan amcas\u0131n\u0131 bulmas\u0131 gerekecektir. B\u00f6ylece Filibe, Edirne, \u0130stanbul, Mudanya ve Bursa g\u00fczerg\u00e2h\u0131nda geli\u015fen hik\u00e2yenin ekseni Varna ve Pravad\u0131 y\u00f6n\u00fcne de kayacakt\u0131r.S\u00fcr\u00fckleyici \u00fcslupla aktar\u0131lan ve edebi unsurlarla bezeli bu ki\u015fisel hik\u00e2ye, ayn\u0131 zamanda 19. y\u00fczy\u0131l\u0131n ikinci yar\u0131s\u0131nda Rumeli, Marmara ve Karadeniz co\u011frafyas\u0131ndaki toplumsal, ticari, iktisadi ve dini hayat \u00fczerine bolca \u0131\u015f\u0131k tuttu\u011fundan dolay\u0131 adeta ar\u015fiv k\u0131ymetinde bir tan\u0131kl\u0131k niteli\u011fi kazanmaktad\u0131r.<\/p>\n","protected":false},"excerpt":{"rendered":"<p>93 Harbi\u2019ni izleyen \u00e7alkant\u0131l\u0131 aylarda 20 ya\u015f\u0131ndaki bir Bulgar gencin yolu Filibe\u2019den Edirne ve \u0130stanbul \u00fczerinden Bursa\u2019ya d\u00fc\u015fer. Amac\u0131 da, Bursa \u00e7ar\u015f\u0131lar\u0131nda abac\u0131 ustal\u0131\u011f\u0131 yapt\u0131\u011f\u0131 s\u0131rada<span class=\"excerpt-hellip\"> [\u2026]<\/span><\/p>\n","protected":false},"featured_media":0,"template":"","meta":{"_monsterinsights_skip_tracking":false,"_monsterinsights_sitenote_active":false,"_monsterinsights_sitenote_note":"","_monsterinsights_sitenote_category":0},"product_brand":[],"product_cat":[13055,13054],"product_tag":[],"class_list":{"0":"post-720466","1":"product","2":"type-product","3":"status-publish","5":"product_cat-gezi-rehberi","6":"product_cat-gezi-ve-rehber-kitaplari","7":"pa_cilt-ciltsiz","8":"pa_tur-kitap","9":"pa_yayinevi-yeditepe-yayinevi","10":"pa_yazar-nikola-nacov","12":"first","13":"instock","14":"sale","15":"shipping-taxable","16":"purchasable","17":"product-type-simple"},"_links":{"self":[{"href":"https:\/\/roveyayinevi.com.tr\/index.php\/wp-json\/wp\/v2\/product\/720466","targetHints":{"allow":["GET"]}}],"collection":[{"href":"https:\/\/roveyayinevi.com.tr\/index.php\/wp-json\/wp\/v2\/product"}],"about":[{"href":"https:\/\/roveyayinevi.com.tr\/index.php\/wp-json\/wp\/v2\/types\/product"}],"wp:attachment":[{"href":"https:\/\/roveyayinevi.com.tr\/index.php\/wp-json\/wp\/v2\/media?parent=720466"}],"wp:term":[{"taxonomy":"product_brand","embeddable":true,"href":"https:\/\/roveyayinevi.com.tr\/index.php\/wp-json\/wp\/v2\/product_brand?post=720466"},{"taxonomy":"product_cat","embeddable":true,"href":"https:\/\/roveyayinevi.com.tr\/index.php\/wp-json\/wp\/v2\/product_cat?post=720466"},{"taxonomy":"product_tag","embeddable":true,"href":"https:\/\/roveyayinevi.com.tr\/index.php\/wp-json\/wp\/v2\/product_tag?post=720466"}],"curies":[{"name":"wp","href":"https:\/\/api.w.org\/{rel}","templated":true}]}}