{"id":720447,"date":"2025-08-27T18:36:16","date_gmt":"2025-08-27T15:36:16","guid":{"rendered":"https:\/\/roveyayinevi.com.tr\/index.php\/urun\/bursa-cilgin-gezginin-el-kitabi-2\/"},"modified":"2026-04-16T02:28:37","modified_gmt":"2026-04-15T23:28:37","slug":"bursa-cilgin-gezginin-el-kitabi-2","status":"publish","type":"product","link":"https:\/\/roveyayinevi.com.tr\/index.php\/urun\/bursa-cilgin-gezginin-el-kitabi-2\/","title":{"rendered":"Bursa &#8211; \u00c7\u0131lg\u0131n Gezgin&#8217;in El Kitab\u0131"},"content":{"rendered":"<p>E\u011flenceli Gezi\u2019de yolculuk devam ediyor&#8230; Yeni rotam\u0131z e\u015fsiz Bursa!Harikalar Diyar\u0131 \u0130stanbul ve G\u00fczel \u00dclkem T\u00fcrkiye kitaplar\u0131yla ba\u015flad\u0131\u011f\u0131m\u0131z E\u011flenceli Gezi dizisi bu kez sizi Bursa\u2019n\u0131n en \u00f6nemli eserlerini ve e\u015fsiz g\u00fczelliklerini ke\u015ffe \u00e7\u0131kar\u0131yor. Bu gezinin ye\u015fili, beyaz\u0131 ve mavisi bol\u2026 Hep birlikte tarihe ve do\u011faya yolculu\u011fun tad\u0131n\u0131 \u00e7\u0131kartmaya haz\u0131r m\u0131s\u0131n\u0131z?Ayr\u0131ca bu gezide \u0130skender kebab\u0131n nas\u0131l ortaya \u00e7\u0131kt\u0131\u011f\u0131ndan kestane \u015fekerinin tarifine kadar pek \u00e7ok ilgin\u00e7 bilgi sizi bekliyor. \u0130ddia ediyoruz Bursa, Bursa olal\u0131 b\u00f6yle e\u011flenceli bir gezi g\u00f6rmedi. \u015eimdi okurken gezme ve \u00f6\u011frenme zaman\u0131! Herkese e\u011flenceli geziler\u2026<\/p>\n","protected":false},"excerpt":{"rendered":"<p>E\u011flenceli Gezi\u2019de yolculuk devam ediyor&#8230; Yeni rotam\u0131z e\u015fsiz Bursa!Harikalar Diyar\u0131 \u0130stanbul ve G\u00fczel \u00dclkem T\u00fcrkiye kitaplar\u0131yla ba\u015flad\u0131\u011f\u0131m\u0131z E\u011flenceli Gezi dizisi bu kez sizi Bursa\u2019n\u0131n en \u00f6nemli<span class=\"excerpt-hellip\"> [\u2026]<\/span><\/p>\n","protected":false},"featured_media":0,"template":"","meta":{"_monsterinsights_skip_tracking":false,"_monsterinsights_sitenote_active":false,"_monsterinsights_sitenote_note":"","_monsterinsights_sitenote_category":0},"product_brand":[],"product_cat":[12274,15842],"product_tag":[],"class_list":{"0":"post-720447","1":"product","2":"type-product","3":"status-publish","5":"product_cat-cocuk-ve-genclik-kitaplari","6":"product_cat-egitici-kitaplar","7":"pa_cilt-ciltsiz","8":"pa_tur-kitap","9":"pa_yayinevi-eglenceli-bilgi-yayinlari","10":"pa_yazar-metin-ozdamarlar","12":"first","13":"instock","14":"sale","15":"shipping-taxable","16":"purchasable","17":"product-type-simple"},"_links":{"self":[{"href":"https:\/\/roveyayinevi.com.tr\/index.php\/wp-json\/wp\/v2\/product\/720447","targetHints":{"allow":["GET"]}}],"collection":[{"href":"https:\/\/roveyayinevi.com.tr\/index.php\/wp-json\/wp\/v2\/product"}],"about":[{"href":"https:\/\/roveyayinevi.com.tr\/index.php\/wp-json\/wp\/v2\/types\/product"}],"wp:attachment":[{"href":"https:\/\/roveyayinevi.com.tr\/index.php\/wp-json\/wp\/v2\/media?parent=720447"}],"wp:term":[{"taxonomy":"product_brand","embeddable":true,"href":"https:\/\/roveyayinevi.com.tr\/index.php\/wp-json\/wp\/v2\/product_brand?post=720447"},{"taxonomy":"product_cat","embeddable":true,"href":"https:\/\/roveyayinevi.com.tr\/index.php\/wp-json\/wp\/v2\/product_cat?post=720447"},{"taxonomy":"product_tag","embeddable":true,"href":"https:\/\/roveyayinevi.com.tr\/index.php\/wp-json\/wp\/v2\/product_tag?post=720447"}],"curies":[{"name":"wp","href":"https:\/\/api.w.org\/{rel}","templated":true}]}}