{"id":720446,"date":"2025-08-27T18:36:15","date_gmt":"2025-08-27T15:36:15","guid":{"rendered":"https:\/\/roveyayinevi.com.tr\/index.php\/urun\/dost-mu-dusman-mi\/"},"modified":"2026-04-16T02:28:37","modified_gmt":"2026-04-15T23:28:37","slug":"dost-mu-dusman-mi","status":"publish","type":"product","link":"https:\/\/roveyayinevi.com.tr\/index.php\/urun\/dost-mu-dusman-mi\/","title":{"rendered":"Dost mu D\u00fc\u015fman m\u0131?"},"content":{"rendered":"<p>D\u00fcnyan\u0131n bir ucunda,  kal\u0131n bir kar tabakas\u0131n\u0131n alt\u0131na gizlenmi\u015f, k\u00fc\u00e7\u00fck bir evde k\u00fc\u00e7\u00fck m\u00fc k\u00fc\u00e7\u00fck bir sincap ya\u015f\u0131yordu. Ak\u0131ll\u0131 k\u00fc\u00e7\u00fck sincap her y\u0131l kendisine b\u00fct\u00fcn k\u0131\u015f yetecek kadar erzak depoluyordu. Karn\u0131n\u0131 doyuracak kadar yiyece\u011fi, evini \u0131s\u0131tacak kadar odunu vard\u0131. Ak\u0131ll\u0131 k\u00fc\u00e7\u00fck sincab\u0131n her \u015feyi vard\u0131.   Peki bir arkada\u015f\u0131 olmas\u0131n\u0131 istemez miydi? Tak Tak Tak&#8230;\u0130\u015fte\u2026 Kap\u0131da bir var! Kap\u0131n\u0131n a\u00e7\u0131lmas\u0131n\u0131 bekliyor. Sincap kap\u0131y\u0131 a\u00e7t\u0131. Ve\u2026   \u00c7ocuklar\u0131n okumaktan ve dinlemekten b\u00fcy\u00fck keyif ald\u0131\u011f\u0131 Anne Tavuk Anlat\u0131yor dizisinin yazar\u0131 Christine Beigel\u2019den e\u011flenceli bir \u00f6yk\u00fc. <\/p>\n","protected":false},"excerpt":{"rendered":"<p>D\u00fcnyan\u0131n bir ucunda, kal\u0131n bir kar tabakas\u0131n\u0131n alt\u0131na gizlenmi\u015f, k\u00fc\u00e7\u00fck bir evde k\u00fc\u00e7\u00fck m\u00fc k\u00fc\u00e7\u00fck bir sincap ya\u015f\u0131yordu. Ak\u0131ll\u0131 k\u00fc\u00e7\u00fck sincap her y\u0131l kendisine b\u00fct\u00fcn k\u0131\u015f<span class=\"excerpt-hellip\"> [\u2026]<\/span><\/p>\n","protected":false},"featured_media":0,"template":"","meta":{"_monsterinsights_skip_tracking":false,"_monsterinsights_sitenote_active":false,"_monsterinsights_sitenote_note":"","_monsterinsights_sitenote_category":0},"product_brand":[],"product_cat":[12274,12284],"product_tag":[],"class_list":{"0":"post-720446","1":"product","2":"type-product","3":"status-publish","5":"product_cat-cocuk-ve-genclik-kitaplari","6":"product_cat-hikayeler","7":"pa_cilt-ciltsiz","8":"pa_tur-kitap","9":"pa_yayinevi-1001-cicek-kitaplar","10":"pa_yazar-christine-beigel","12":"first","13":"instock","14":"sale","15":"shipping-taxable","16":"purchasable","17":"product-type-simple"},"_links":{"self":[{"href":"https:\/\/roveyayinevi.com.tr\/index.php\/wp-json\/wp\/v2\/product\/720446","targetHints":{"allow":["GET"]}}],"collection":[{"href":"https:\/\/roveyayinevi.com.tr\/index.php\/wp-json\/wp\/v2\/product"}],"about":[{"href":"https:\/\/roveyayinevi.com.tr\/index.php\/wp-json\/wp\/v2\/types\/product"}],"wp:attachment":[{"href":"https:\/\/roveyayinevi.com.tr\/index.php\/wp-json\/wp\/v2\/media?parent=720446"}],"wp:term":[{"taxonomy":"product_brand","embeddable":true,"href":"https:\/\/roveyayinevi.com.tr\/index.php\/wp-json\/wp\/v2\/product_brand?post=720446"},{"taxonomy":"product_cat","embeddable":true,"href":"https:\/\/roveyayinevi.com.tr\/index.php\/wp-json\/wp\/v2\/product_cat?post=720446"},{"taxonomy":"product_tag","embeddable":true,"href":"https:\/\/roveyayinevi.com.tr\/index.php\/wp-json\/wp\/v2\/product_tag?post=720446"}],"curies":[{"name":"wp","href":"https:\/\/api.w.org\/{rel}","templated":true}]}}