{"id":720445,"date":"2025-08-27T18:36:14","date_gmt":"2025-08-27T15:36:14","guid":{"rendered":"https:\/\/roveyayinevi.com.tr\/index.php\/urun\/kara-kapan\/"},"modified":"2026-04-16T02:28:37","modified_gmt":"2026-04-15T23:28:37","slug":"kara-kapan","status":"publish","type":"product","link":"https:\/\/roveyayinevi.com.tr\/index.php\/urun\/kara-kapan\/","title":{"rendered":"Kara Kapan"},"content":{"rendered":"<p>&#8220;Kendi hik\u00e2yemde tek bildi\u011fim X ve Y olmad\u0131\u011f\u0131m\u0131z!&#8221;Zehr-i Bal serisinin yazar\u0131 Sezgin Irmak&#8217;tan yepyeni bir kurgu&#8230; Bir psikolojik gerilim roman\u0131: Kara Kapan!Paradokslar, tak\u0131nt\u0131lar, form\u00fcller ve i\u00e7inden \u00e7\u0131k\u0131lmayan ak\u0131l almaz oyunlar&#8230;&#8221;Tek ba\u015f\u0131ma, i\u00e7inde h\u00fcr oldu\u011fumu zannetti\u011fim zihnimde koftiden bir kolektif benlikle kar\u015f\u0131la\u015f\u0131yor, ilk kez bu kadar karma\u015f\u0131k ve \u00e7\u0131k\u0131lmaz bir labirent oldu\u011funu ke\u015ffediyorum. Sanki hatalar\u0131n alt\u0131ndan kalkamad\u0131\u011f\u0131nda haz\u0131rolda uyanmay\u0131 bekleyen bir t\u00fcr sentetik ikinci ben, t\u00fcm d\u00fc\u015f\u00fcncelerimi kucaklay\u0131p mikserliyor.&#8221;Kenan i\u00e7inde uyand\u0131\u011f\u0131 bir kapana nas\u0131l geldi\u011fini anlamaya \u00e7al\u0131\u015f\u0131rken asl\u0131nda orada hi\u00e7 de yeni olmad\u0131\u011f\u0131n\u0131 ke\u015ffeder. Peki ne zaman ve neden kapana k\u0131s\u0131l\u0131 kalm\u0131\u015ft\u0131r? Etraf\u0131ndaki herkesin inand\u0131\u011f\u0131 d\u00fczen, Kenan&#8217;\u0131 hi\u00e7bir zaman tatmin etmeyince k\u0131p\u0131rdanmalar durmaz. Sorular, sorulduk\u00e7a artar; cevaplar\u0131 bulduk\u00e7a b\u00fcy\u00fck resim biraz daha b\u00fcy\u00fcr&#8230; Acaba her \u015feyi anlad\u0131\u011f\u0131nda Kenan i\u00e7in ger\u00e7eklerden memnun kalmak m\u00fcmk\u00fcn m\u00fcd\u00fcr?&#8221;Her t\u00fcrl\u00fc d\u00fc\u015fmanla sava\u015fmaya haz\u0131rd\u0131m, ta ki kendimi kar\u015f\u0131mda bulana kadar!&#8221;Kara Kapan, okurunu nefes nefese pe\u015finden ko\u015fturacak, okurunun kafas\u0131n\u0131 kar\u0131\u015ft\u0131racak iddial\u0131 bir roman&#8230; Labirentte kaybolmay\u0131 sevenlere!<\/p>\n","protected":false},"excerpt":{"rendered":"<p>&#8220;Kendi hik\u00e2yemde tek bildi\u011fim X ve Y olmad\u0131\u011f\u0131m\u0131z!&#8221;Zehr-i Bal serisinin yazar\u0131 Sezgin Irmak&#8217;tan yepyeni bir kurgu&#8230; Bir psikolojik gerilim roman\u0131: Kara Kapan!Paradokslar, tak\u0131nt\u0131lar, form\u00fcller ve i\u00e7inden<span class=\"excerpt-hellip\"> [\u2026]<\/span><\/p>\n","protected":false},"featured_media":0,"template":"","meta":{"_monsterinsights_skip_tracking":false,"_monsterinsights_sitenote_active":false,"_monsterinsights_sitenote_note":"","_monsterinsights_sitenote_category":0},"product_brand":[],"product_cat":[12291,17033],"product_tag":[],"class_list":{"0":"post-720445","1":"product","2":"type-product","3":"status-publish","5":"product_cat-edebiyat","6":"product_cat-korku-gerilim","7":"pa_cilt-ciltsiz","8":"pa_tur-kitap","9":"pa_yayinevi-portakal-kitap","10":"pa_yazar-sezgin-irmak","12":"first","13":"instock","14":"sale","15":"shipping-taxable","16":"purchasable","17":"product-type-simple"},"_links":{"self":[{"href":"https:\/\/roveyayinevi.com.tr\/index.php\/wp-json\/wp\/v2\/product\/720445","targetHints":{"allow":["GET"]}}],"collection":[{"href":"https:\/\/roveyayinevi.com.tr\/index.php\/wp-json\/wp\/v2\/product"}],"about":[{"href":"https:\/\/roveyayinevi.com.tr\/index.php\/wp-json\/wp\/v2\/types\/product"}],"wp:attachment":[{"href":"https:\/\/roveyayinevi.com.tr\/index.php\/wp-json\/wp\/v2\/media?parent=720445"}],"wp:term":[{"taxonomy":"product_brand","embeddable":true,"href":"https:\/\/roveyayinevi.com.tr\/index.php\/wp-json\/wp\/v2\/product_brand?post=720445"},{"taxonomy":"product_cat","embeddable":true,"href":"https:\/\/roveyayinevi.com.tr\/index.php\/wp-json\/wp\/v2\/product_cat?post=720445"},{"taxonomy":"product_tag","embeddable":true,"href":"https:\/\/roveyayinevi.com.tr\/index.php\/wp-json\/wp\/v2\/product_tag?post=720445"}],"curies":[{"name":"wp","href":"https:\/\/api.w.org\/{rel}","templated":true}]}}