{"id":720423,"date":"2025-08-27T18:35:50","date_gmt":"2025-08-27T15:35:50","guid":{"rendered":"https:\/\/roveyayinevi.com.tr\/index.php\/urun\/pofi-dislerim-piril-piril-ciltli\/"},"modified":"2026-04-16T02:28:36","modified_gmt":"2026-04-15T23:28:36","slug":"pofi-dislerim-piril-piril-ciltli","status":"publish","type":"product","link":"https:\/\/roveyayinevi.com.tr\/index.php\/urun\/pofi-dislerim-piril-piril-ciltli\/","title":{"rendered":"Pofi &#8211; Di\u015flerim P\u0131r\u0131l P\u0131r\u0131l (ciltli)"},"content":{"rendered":"<p>Pofi \u0130le Tam Zaman\u0131nda Serisi Sa\u011fl\u0131kl\u0131 bir ya\u015fam i\u00e7in \u00f6z bak\u0131m becerilerinin do\u011fru zamanda kazan\u0131lmas\u0131 kal\u0131c\u0131l\u0131k ad\u0131na \u00e7ok \u00f6nemlidir. \u00c7ocuklar yemek yemek, banyo yapmak, di\u015f f\u0131r\u00e7alamak, uyumak, tuvalete gitmek gibi becerileri 2 ya\u015f\u0131ndan itibaren kazanmaya ba\u015flarlar. Pofi \u0130le Tam Zaman\u0131nda Serisi, \u00e7ocuklar\u0131n bu becerileri daha e\u011flenceli bir \u015fekilde tan\u0131mas\u0131na, benimsemesine ve bu becerilerin al\u0131\u015fkanl\u0131\u011fa d\u00f6n\u00fc\u015fmesine yard\u0131mc\u0131 olur.<\/p>\n","protected":false},"excerpt":{"rendered":"<p>Pofi \u0130le Tam Zaman\u0131nda Serisi Sa\u011fl\u0131kl\u0131 bir ya\u015fam i\u00e7in \u00f6z bak\u0131m becerilerinin do\u011fru zamanda kazan\u0131lmas\u0131 kal\u0131c\u0131l\u0131k ad\u0131na \u00e7ok \u00f6nemlidir. \u00c7ocuklar yemek yemek, banyo yapmak, di\u015f f\u0131r\u00e7alamak,<span class=\"excerpt-hellip\"> [\u2026]<\/span><\/p>\n","protected":false},"featured_media":0,"template":"","meta":{"_monsterinsights_skip_tracking":false,"_monsterinsights_sitenote_active":false,"_monsterinsights_sitenote_note":"","_monsterinsights_sitenote_category":0},"product_brand":[],"product_cat":[12274,12518],"product_tag":[],"class_list":{"0":"post-720423","1":"product","2":"type-product","3":"status-publish","5":"product_cat-cocuk-ve-genclik-kitaplari","6":"product_cat-okul-oncesi-kitaplar","7":"pa_cilt-ciltli","8":"pa_tur-kitap","9":"pa_yayinevi-sincap-kitap","10":"pa_yazar-nursen-sirin","12":"first","13":"instock","14":"sale","15":"shipping-taxable","16":"purchasable","17":"product-type-simple"},"_links":{"self":[{"href":"https:\/\/roveyayinevi.com.tr\/index.php\/wp-json\/wp\/v2\/product\/720423","targetHints":{"allow":["GET"]}}],"collection":[{"href":"https:\/\/roveyayinevi.com.tr\/index.php\/wp-json\/wp\/v2\/product"}],"about":[{"href":"https:\/\/roveyayinevi.com.tr\/index.php\/wp-json\/wp\/v2\/types\/product"}],"wp:attachment":[{"href":"https:\/\/roveyayinevi.com.tr\/index.php\/wp-json\/wp\/v2\/media?parent=720423"}],"wp:term":[{"taxonomy":"product_brand","embeddable":true,"href":"https:\/\/roveyayinevi.com.tr\/index.php\/wp-json\/wp\/v2\/product_brand?post=720423"},{"taxonomy":"product_cat","embeddable":true,"href":"https:\/\/roveyayinevi.com.tr\/index.php\/wp-json\/wp\/v2\/product_cat?post=720423"},{"taxonomy":"product_tag","embeddable":true,"href":"https:\/\/roveyayinevi.com.tr\/index.php\/wp-json\/wp\/v2\/product_tag?post=720423"}],"curies":[{"name":"wp","href":"https:\/\/api.w.org\/{rel}","templated":true}]}}