{"id":720418,"date":"2025-08-27T18:35:47","date_gmt":"2025-08-27T15:35:47","guid":{"rendered":"https:\/\/roveyayinevi.com.tr\/index.php\/urun\/adim-adim-ilkokula-baslamak-okula-uyum-ve-erken-okuryazarlik-egitimi\/"},"modified":"2026-04-16T02:28:36","modified_gmt":"2026-04-15T23:28:36","slug":"adim-adim-ilkokula-baslamak-okula-uyum-ve-erken-okuryazarlik-egitimi","status":"publish","type":"product","link":"https:\/\/roveyayinevi.com.tr\/index.php\/urun\/adim-adim-ilkokula-baslamak-okula-uyum-ve-erken-okuryazarlik-egitimi\/","title":{"rendered":"Ad\u0131m Ad\u0131m \u0130lkokula Ba\u015flamak Okula Uyum Ve Erken Okuryazarl\u0131k E\u011fitimi"},"content":{"rendered":"<p>\u0130lkokula haz\u0131rl\u0131k, d\u00fc\u015f\u00fcn\u00fcld\u00fc\u011f\u00fc gibi sadece ilkokula ba\u015flamadan bir y\u0131l \u00f6nce verilen e\u011fitim ile s\u0131n\u0131rl\u0131 olmamal\u0131d\u0131r. Yap\u0131lan ara\u015ft\u0131rmalar \u00e7ocuklar\u0131n anaokuluna uzun y\u0131llar devam etmesinin, anaokuluna k\u0131sa s\u00fcreli devam eden \u00e7ocuklarla k\u0131yasland\u0131\u011f\u0131nda olumlu \u00e7\u0131kt\u0131lar yaratt\u0131\u011f\u0131n\u0131 ortaya koymaktad\u0131r. \u0130lkokula haz\u0131rbulunu\u015fluk kavram\u0131, i\u00e7inde bir\u00e7ok beceri ve bilgiyi i\u00e7eren \u00e7ok boyutlu bir kavramd\u0131r. Bu becerilerin kazan\u0131lmas\u0131 i\u00e7in \u00e7ocuklar\u0131n zamana ihtiyac\u0131 vard\u0131r. \u00c7ocuklar\u0131n erken ya\u015flardan itibaren anaokuluna g\u00f6nderilmesi bu nedenle \u00e7ok \u00f6nemlidir. \u00c7ocuk Haklar\u0131 Evrensel Beyannamesi\u2019nde de yer ald\u0131\u011f\u0131 gibi, her \u00e7ocu\u011fun olabildi\u011fince e\u015fit \u015fartlarda, e\u015fit donan\u0131mlarla ilkokula ba\u015flayabilmesi i\u00e7in anaokulu\/anas\u0131n\u0131f\u0131 e\u011fitimine ihtiya\u00e7 vard\u0131r. \u00c7ocuklar\u0131n ilkokula haz\u0131rbulunu\u015flu\u011funu etkileyen en \u00f6nemli fakt\u00f6rlerden biri de \u00f6\u011fretmenlerdir. \u00c7\u00fcnk\u00fc anaokulunda\/anas\u0131n\u0131f\u0131nda \u00e7ocuklara verilen e\u011fitimin niteli\u011finin aratt\u0131r\u0131labilmesi i\u00e7in e\u011fitimcilerin ilkokula haz\u0131rbulunu\u015fluk kavram\u0131n\u0131 daha geni\u015f bir perspektiften ele almas\u0131 gerekmektedir. Ayr\u0131ca, \u00fcniversitelerde yeti\u015fmekte olan Okul \u00d6ncesi ve \u00c7ocuk Geli\u015fimi \u00f6\u011fretmen adaylar\u0131n\u0131n bu bak\u0131\u015f a\u00e7\u0131s\u0131na sahip olmas\u0131 son derece \u00f6nemlidir. <\/p>\n","protected":false},"excerpt":{"rendered":"<p>\u0130lkokula haz\u0131rl\u0131k, d\u00fc\u015f\u00fcn\u00fcld\u00fc\u011f\u00fc gibi sadece ilkokula ba\u015flamadan bir y\u0131l \u00f6nce verilen e\u011fitim ile s\u0131n\u0131rl\u0131 olmamal\u0131d\u0131r. Yap\u0131lan ara\u015ft\u0131rmalar \u00e7ocuklar\u0131n anaokuluna uzun y\u0131llar devam etmesinin, anaokuluna k\u0131sa s\u00fcreli<span class=\"excerpt-hellip\"> [\u2026]<\/span><\/p>\n","protected":false},"featured_media":0,"template":"","meta":{"_monsterinsights_skip_tracking":false,"_monsterinsights_sitenote_active":false,"_monsterinsights_sitenote_note":"","_monsterinsights_sitenote_category":0},"product_brand":[],"product_cat":[12573,12566],"product_tag":[],"class_list":{"0":"post-720418","1":"product","2":"type-product","3":"status-publish","5":"product_cat-akademik-kitaplar","6":"product_cat-egitim","7":"pa_cilt-ciltsiz","8":"pa_tur-kitap","9":"pa_yayinevi-ani-yayincilik","10":"pa_yazar-ozgul-polat","12":"first","13":"instock","14":"sale","15":"shipping-taxable","16":"purchasable","17":"product-type-simple"},"_links":{"self":[{"href":"https:\/\/roveyayinevi.com.tr\/index.php\/wp-json\/wp\/v2\/product\/720418","targetHints":{"allow":["GET"]}}],"collection":[{"href":"https:\/\/roveyayinevi.com.tr\/index.php\/wp-json\/wp\/v2\/product"}],"about":[{"href":"https:\/\/roveyayinevi.com.tr\/index.php\/wp-json\/wp\/v2\/types\/product"}],"wp:attachment":[{"href":"https:\/\/roveyayinevi.com.tr\/index.php\/wp-json\/wp\/v2\/media?parent=720418"}],"wp:term":[{"taxonomy":"product_brand","embeddable":true,"href":"https:\/\/roveyayinevi.com.tr\/index.php\/wp-json\/wp\/v2\/product_brand?post=720418"},{"taxonomy":"product_cat","embeddable":true,"href":"https:\/\/roveyayinevi.com.tr\/index.php\/wp-json\/wp\/v2\/product_cat?post=720418"},{"taxonomy":"product_tag","embeddable":true,"href":"https:\/\/roveyayinevi.com.tr\/index.php\/wp-json\/wp\/v2\/product_tag?post=720418"}],"curies":[{"name":"wp","href":"https:\/\/api.w.org\/{rel}","templated":true}]}}